521
CXUS53 KLMK 011317
CF6SDF
PRELIMINARY LOCAL CLIMATOLOGICAL DATA (WS FORM: F-6)
STATION: LOUISVILLE KY
MONTH: AUGUST
YEAR: 2020
LATITUDE: 38 10 N
LONGITUDE: 85 44 W
TEMPERATURE IN F: :PCPN: SNOW: WIND :SUNSHINE: SKY :PK WND
================================================================================
1 2 3 4 5 6A 6B 7 8 9 10 11 12 13 14 15 16 17 18
12Z AVG MX 2MIN
DY MAX MIN AVG DEP HDD CDD WTR SNW DPTH SPD SPD DIR MIN PSBL S-S WX SPD DR
================================================================================
1 84 70 77 -2 0 12 0.70 0.0 0 9.3 22 220 M M 8 13 29 220
2 84 66 75 -4 0 10 0.11 0.0 0 7.4 17 270 M M 7 1 23 260
3 84 70 77 -2 0 12 0.02 0.0 0 4.7 14 280 M M 7 3 21 300
4 82 66 74 -5 0 9 0.00 0.0 0 6.6 15 320 M M 7 1 20 320
5 81 61 71 -8 0 6 0.00 0.0 0 5.7 14 360 M M 5 17 10
6 84 65 75 -4 0 10 0.00 0.0 0 6.7 14 10 M M 5 17 20
7 85 65 75 -4 0 10 0.00 0.0 0 5.0 13 350 M M 3 17 350
8 89 64 77 -2 0 12 0.00 0.0 0 2.5 10 310 M M 1 14 290
9 90 68 79 0 0 14 T 0.0 0 5.6 25 270 M M 5 32 270
10 89 72 81 2 0 16 T 0.0 0 8.1 26 350 M M 7 3 33 310
11 90 71 81 2 0 16 0.00 0.0 0 5.7 14 170 M M 7 18 160
12 87 76 82 3 0 17 0.00 0.0 0 3.1 10 20 M M 8 14 40
13 89 74 82 3 0 17 1.41 0.0 0 4.1 17 270 M M 9 13 25 70
14 82 70 76 -3 0 11 1.01 0.0 0 5.4 16 340 M M 9 13 24 50
15 89 72 81 2 0 16 0.00 0.0 0 5.7 12 340 M M 5 17 10
16 87 72 80 1 0 15 0.00 0.0 0 7.4 18 330 M M 3 25 320
17 89 68 79 0 0 14 0.00 0.0 0 5.2 14 280 M M 5 8 18 260
18 89 67 78 -1 0 13 T 0.0 0 6.6 25 350 M M 6 138 33 350
19 83 66 75 -3 0 10 0.00 0.0 0 8.1 15 70 M M 5 8 22 40
20 85 61 73 -5 0 8 0.00 0.0 0 6.2 13 20 M M 4 21 30
21 84 69 77 -1 0 12 0.42 0.0 0 3.0 14 100 M M 10 3 18 80
22 86 69 78 0 0 13 1.28 0.0 0 2.4 31 70 M M 7 13 42 60
23 88 69 79 1 0 14 T 0.0 0 3.3 15 20 M M 7 123 19 20
24 90 71 81 3 0 16 0.00 0.0 0 4.8 13 280 M M 2 17 210
25 93 73 83 5 0 18 0.00 0.0 0 3.7 10 220 M M 3 15 240
26 90 75 83 5 0 18 0.00 0.0 0 6.7 14 210 M M 3 19 210
27 88 77 83 6 0 18 T 0.0 0 5.9 15 210 M M 9 3 19 200
28 87 73 80 3 0 15 0.51 0.0 0 8.6 22 160 M M 10 138 27 150
29 88 73 81 4 0 16 T 0.0 0 7.9 16 310 M M 9 1 22 300
30 82 66 74 -3 0 9 T 0.0 0 6.6 13 70 M M 7 17 60
31 85 69 77 1 0 12 0.10 0.0 0 4.6 12 90 M M 8 13 16 100
================================================================================
SM 2683 2148 0 409 5.56 0.0 176.6 M 191
================================================================================
AV 86.6 69.3 5.7 FASTST M M 6 MAX(MPH)
MISC ----> # 31 70 # 42 60
================================================================================
NOTES:
# LAST OF SEVERAL OCCURRENCES
COLUMN 17 PEAK WIND IN M.P.H.
PRELIMINARY LOCAL CLIMATOLOGICAL DATA (WS FORM: F-6) , PAGE 2
STATION: LOUISVILLE KY
MONTH: AUGUST
YEAR: 2020
LATITUDE: 38 10 N
LONGITUDE: 85 44 W
[TEMPERATURE DATA] [PRECIPITATION DATA] SYMBOLS USED IN COLUMN 16
AVERAGE MONTHLY: 77.9 TOTAL FOR MONTH: 5.56 1 = FOG OR MIST
DPTR FM NORMAL: -0.5 DPTR FM NORMAL: 2.23 2 = FOG REDUCING VISIBILITY
HIGHEST: 93 ON 25 GRTST 24HR 1.41 ON 13-13 TO 1/4 MILE OR LESS
LOWEST: 61 ON 20, 5 3 = THUNDER
SNOW, ICE PELLETS, HAIL 4 = ICE PELLETS
TOTAL MONTH: 0.0 INCH 5 = HAIL
GRTST 24HR 0.0 6 = FREEZING RAIN OR DRIZZLE
GRTST DEPTH: 0 7 = DUSTSTORM OR SANDSTORM:
VSBY 1/2 MILE OR LESS
8 = SMOKE OR HAZE
[NO. OF DAYS WITH] [WEATHER - DAYS WITH] 9 = BLOWING SNOW
X = TORNADO
MAX 32 OR BELOW: 0 0.01 INCH OR MORE: 9
MAX 90 OR ABOVE: 5 0.10 INCH OR MORE: 8
MIN 32 OR BELOW: 0 0.50 INCH OR MORE: 5
MIN 0 OR BELOW: 0 1.00 INCH OR MORE: 3
[HDD (BASE 65) ]
TOTAL THIS MO. 0 CLEAR (SCALE 0-3) 3
DPTR FM NORMAL 0 PTCLDY (SCALE 4-7) 19
TOTAL FM JUL 1 0 CLOUDY (SCALE 8-10) 9
DPTR FM NORMAL 0
[CDD (BASE 65) ]
TOTAL THIS MO. 409
DPTR FM NORMAL -7 [PRESSURE DATA]
TOTAL FM JAN 1 1482 HIGHEST SLP 30.19 ON 8
DPTR FM NORMAL 125 LOWEST SLP 29.67 ON 29
[REMARKS]
#FINAL-08-20#