000
CXUS55 KPSR 221504
CF6SDL
PRELIMINARY LOCAL CLIMATOLOGICAL DATA (WS FORM: F-6)
STATION: SCOTTSDALE AZ
MONTH: FEBRUARY
YEAR: 2021
LATITUDE: 33 37 N
LONGITUDE: 111 54 W
TEMPERATURE IN F: :PCPN: SNOW: WIND :SUNSHINE: SKY :PK WND
================================================================================
1 2 3 4 5 6A 6B 7 8 9 10 11 12 13 14 15 16 17 18
12Z AVG MX 2MIN
DY MAX MIN AVG DEP HDD CDD WTR SNW DPTH SPD SPD DIR MIN PSBL S-S WX SPD DR
================================================================================
1 71 51 61 5 4 0 0.00 M M 1.7 12 40 M M 0 15 40
2 82 55 69 13 0 4 0.00 M M 1.8 8 150 M M 1 11 160
3 79 61 70 14 0 5 T M M 2.9 13 250 M M 6 17 250
4 72 52 62 6 3 0 0.00 M M 4.2 14 250 M M 0 20 250
5 67 45 56 0 9 0 0.00 M M 2.2 10 250 M M 0 18 90
6 71 41 56 0 9 0 0.00 M M 2.2 10 260 M M 0 12 260
7 71 42 57 1 8 0 0.00 M M 2.1 8 240 M M 0 11 180
8 74 44 59 3 6 0 0.00 M M 1.6 8 180 M M 0 10 190
9 72 45 59 3 6 0 0.00 M M 1.9 10 150 M M 0 17 340
10 73 52 63 7 2 0 0.00 M M 2.2 9 140 M M 0 12 220
11 74 44 59 2 6 0 0.00 M M 2.0 8 40 M M 0 12 210
12 71 54 63 6 2 0 0.00 M M 3.9 15 250 M M 1 20 260
13 69 48 59 2 6 0 0.00 M M 7.7 24 240 M M 1 36 260
14 65 49 57 0 8 0 0.00 M M 3.4 14 270 M M 3 17 280
15 64 42 53 -4 12 0 0.00 M M 3.0 12 230 M M 0 16 260
16 68 51 60 3 5 0 0.00 M M 6.5 18 250 M M 5 29 280
17 66 41 54 -3 11 0 0.00 M M 5.7 20 30 M M 1 27 30
18 65 43 54 -4 11 0 0.00 M M 4.8 17 40 M M 0 22 40
19 70 40 55 -3 10 0 0.00 M M 1.7 8 270 M M 0 11 270
20 75 43 59 1 6 0 0.00 M M 6.4 22 250 M M 0 33 280
21 70 48 59 1 6 0 0.00 M M 5.2 15 40 M M 0 19 30
22 77 41 59 1 6 0 0.00 M M 2.1 8 10 M M 0 11 230
23 77 46 62 3 3 0 0.00 M M 2.4 10 230 M M 0 16 220
24 77 48 63 4 2 0 0.00 M M 2.7 13 230 M M 0 16 250
25 68 46 57 -2 8 0 0.00 M M 3.7 16 220 M M 0 19 220
26 69 42 56 -3 9 0 0.00 M M 1.9 9 240 M M 0 12 240
27 70 41 56 -4 9 0 0.00 M M 4.4 14 250 M M 0 18 260
28 63 45 54 -6 11 0 0.00 M M 10.2 22 20 M M 0 28 360
================================================================================
SM 1990 1300 178 9 T M 100.5 M 18
================================================================================
AV 71.1 46.4 3.6 FASTST M M 1 MAX(MPH)
MISC ----> 24 240 36 260
================================================================================
NOTES:
# LAST OF SEVERAL OCCURRENCES
COLUMN 17 PEAK WIND IN M.P.H.
PRELIMINARY LOCAL CLIMATOLOGICAL DATA (WS FORM: F-6) , PAGE 2
STATION: SCOTTSDALE AZ
MONTH: FEBRUARY
YEAR: 2021
LATITUDE: 33 37 N
LONGITUDE: 111 54 W
[TEMPERATURE DATA] [PRECIPITATION DATA] SYMBOLS USED IN COLUMN 16
AVERAGE MONTHLY: 58.8 TOTAL FOR MONTH: T 1 = FOG OR MIST
DPTR FM NORMAL: 1.5 DPTR FM NORMAL: -1.24 2 = FOG REDUCING VISIBILITY
HIGHEST: 82 ON 2 GRTST 24HR T ON 3- 3 TO 1/4 MILE OR LESS
LOWEST: 40 ON 19 3 = THUNDER
SNOW, ICE PELLETS, HAIL 4 = ICE PELLETS
TOTAL MONTH: M 5 = HAIL
GRTST 24HR M ON M 6 = FREEZING RAIN OR DRIZZLE
GRTST DEPTH: M ON M 7 = DUSTSTORM OR SANDSTORM:
VSBY 1/2 MILE OR LESS
8 = SMOKE OR HAZE
[NO. OF DAYS WITH] [WEATHER - DAYS WITH] 9 = BLOWING SNOW
X = TORNADO
MAX 32 OR BELOW: 0 0.01 INCH OR MORE: 0
MAX 90 OR ABOVE: 0 0.10 INCH OR MORE: 0
MIN 32 OR BELOW: 0 0.50 INCH OR MORE: 0
MIN 0 OR BELOW: 0 1.00 INCH OR MORE: 0
[HDD (BASE 65) ]
TOTAL THIS MO. 178 CLEAR (SCALE 0-3) 26
DPTR FM NORMAL -42 PTCLDY (SCALE 4-7) 2
TOTAL FM JUL 1 950 CLOUDY (SCALE 8-10) 0
DPTR FM NORMAL -68
[CDD (BASE 65) ]
TOTAL THIS MO. 9
DPTR FM NORMAL 3 [PRESSURE DATA]
TOTAL FM JAN 1 11 HIGHEST SLP 30.29 ON 18
DPTR FM NORMAL 10 LOWEST SLP 29.55 ON 13
[REMARKS]
#FINAL-02-21#