000
CXUS56 KSGX 011145
CF6SDM
PRELIMINARY LOCAL CLIMATOLOGICAL DATA (WS FORM: F-6)
STATION: SAN DIEGO/BROWN
MONTH: FEBRUARY
YEAR: 2024
LATITUDE: 32 34 N
LONGITUDE: 116 59 W
TEMPERATURE IN F: :PCPN: SNOW: WIND :SUNSHINE: SKY :PK WND
================================================================================
1 2 3 4 5 6A 6B 7 8 9 10 11 12 13 14 15 16 17 18
12Z AVG MX 2MIN
DY MAX MIN AVG DEP HDD CDD WTR SNW DPTH SPD SPD DIR MIN PSBL S-S WX SPD DR
================================================================================
1 58 42 50 -6 15 0 1.03 M M 10.7 25 130 M M 7 18 31 130
2 60 50 55 -1 10 0 0.19 M M 6.1 17 250 M M 6 1 22 250
3 61 46 54 -2 11 0 T M M 2.7 12 280 M M 5 8 17 280
4 63 48 56 0 9 0 T M M 11.3 23 170 M M 4 28 180
5 63 52 58 2 7 0 0.87 M M 9.2 22 190 M M 10 1 30 190
6 58 48 53 -3 12 0 1.19 M M 8.5 17 250 M M 9 13 25 250
7 58 48 53 -3 12 0 0.26 M M 8.2 21 190 M M 8 13 27 190
8 56 46 51 -5 14 0 0.28 M M 8.1 22 230 M M 6 1 28 200
9 56 47 52 -4 13 0 0.34 M M 6.5 15 240 M M 8 18 19 240
10 61 42 52 -4 13 0 0.00 M M 4.9 14 280 M M 3 19 290
11 66 41 54 -2 11 0 0.00 M M 5.9 13 270 M M 0 18 17 280
12 65 37 51 -5 14 0 0.00 M M 4.4 15 270 M M 0 18 18 280
13 64 39 52 -4 13 0 0.00 M M 4.8 14 280 M M 1 18 18 270
14 62 40 51 -5 14 0 0.00 M M 4.6 14 270 M M 0 18 19 280
15 64 48 56 0 9 0 0.00 M M 5.3 15 280 M M 4 21 270
16 65 45 55 -1 10 0 0.00 M M 3.6 12 280 M M 5 18 16 280
17 62 46 54 -2 11 0 0.00 M M 2.2 12 280 M M 8 18 14 290
18 67 46 57 1 8 0 0.00 M M 3.8 13 280 M M 4 18 15 270
19 66 47 57 1 8 0 T M M 6.8 14 150 M M 7 18 20 200
20 65 55 60 4 5 0 M M M 6.5 16 220 M M 9 18 21 220
21 64 48 56 0 9 0 0.58 M M 4.9 14 280 M M 5 1 19 280
22 66 44 55 -1 10 0 0.00 M M 5.2 16 270 M M 1 18 21 270
23 80 46 63 7 2 0 0.00 M M 6.6 20 110 M M 0 18 24 110
24 74 51 63 7 2 0 0.00 M M 4.0 9 280 M M 0 18 12 280
25 65 48 57 1 8 0 0.00 M M 3.1 10 270 M M 1 18 13 270
26 62 52 57 1 8 0 0.00 M M 3.3 9 270 M M 4 18 12 270
27 69 50 60 4 5 0 0.00 M M 3.2 13 270 M M 5 18 17 320
28 65 47 56 0 9 0 0.00 M M 4.0 14 270 M M 4 18 18 270
29 64 55 60 4 5 0 0.00 M M 3.2 8 250 M M 9 8 M M
================================================================================
SM 1849 1354 277 0 4.74 M 161.6 M 133
================================================================================
AV 63.8 46.7 5.6 FASTST M M 5 MAX(MPH)
MISC ----> 25 130 31 130
================================================================================
NOTES:
# LAST OF SEVERAL OCCURRENCES
COLUMN 17 PEAK WIND IN M.P.H.
PRELIMINARY LOCAL CLIMATOLOGICAL DATA (WS FORM: F-6) , PAGE 2
STATION: SAN DIEGO/BROWN
MONTH: FEBRUARY
YEAR: 2024
LATITUDE: 32 34 N
LONGITUDE: 116 59 W
[TEMPERATURE DATA] [PRECIPITATION DATA] SYMBOLS USED IN COLUMN 16
AVERAGE MONTHLY: 55.2 TOTAL FOR MONTH: 4.74 1 = FOG OR MIST
DPTR FM NORMAL: -0.6 DPTR FM NORMAL: 2.35 2 = FOG REDUCING VISIBILITY
HIGHEST: 80 ON 23 GRTST 24HR 2.05 ON 5- 6 TO 1/4 MILE OR LESS
LOWEST: 37 ON 12 3 = THUNDER
SNOW, ICE PELLETS, HAIL 4 = ICE PELLETS
TOTAL MONTH: M 5 = HAIL
GRTST 24HR M ON M 6 = FREEZING RAIN OR DRIZZLE
GRTST DEPTH: M ON M 7 = DUSTSTORM OR SANDSTORM:
VSBY 1/2 MILE OR LESS
8 = SMOKE OR HAZE
[NO. OF DAYS WITH] [WEATHER - DAYS WITH] 9 = BLOWING SNOW
X = TORNADO
MAX 32 OR BELOW: 0 0.01 INCH OR MORE: 8
MAX 90 OR ABOVE: 0 0.10 INCH OR MORE: 8
MIN 32 OR BELOW: 0 0.50 INCH OR MORE: 4
MIN 0 OR BELOW: 0 1.00 INCH OR MORE: 2
[HDD (BASE 65) ]
TOTAL THIS MO. 277 CLEAR (SCALE 0-3) 8
DPTR FM NORMAL 15 PTCLDY (SCALE 4-7) 16
TOTAL FM JUL 1 920 CLOUDY (SCALE 8-10) 5
DPTR FM NORMAL -182
[CDD (BASE 65) ]
TOTAL THIS MO. 0
DPTR FM NORMAL -4 [PRESSURE DATA]
TOTAL FM JAN 1 0 HIGHEST SLP 30.23 ON 22
DPTR FM NORMAL -8 LOWEST SLP 29.67 ON 6
[REMARKS]
#FINAL-02-24#