000
CXUS56 KSGX 011145
CF6SDM
PRELIMINARY LOCAL CLIMATOLOGICAL DATA (WS FORM: F-6)
STATION: SAN DIEGO/BROWN
MONTH: DECEMBER
YEAR: 2023
LATITUDE: 32 34 N
LONGITUDE: 116 59 W
TEMPERATURE IN F: :PCPN: SNOW: WIND :SUNSHINE: SKY :PK WND
================================================================================
1 2 3 4 5 6A 6B 7 8 9 10 11 12 13 14 15 16 17 18
12Z AVG MX 2MIN
DY MAX MIN AVG DEP HDD CDD WTR SNW DPTH SPD SPD DIR MIN PSBL S-S WX SPD DR
================================================================================
1 65 45 55 -1 10 0 T M M 5.8 13 270 M M 3 18 16 280
2 67 41 54 -2 11 0 0.00 M M 4.7 9 280 M M 0 18 12 280
3 68 42 55 -1 10 0 0.00 M M 4.3 12 280 M M 0 18 14 270
4 73 43 58 2 7 0 0.00 M M 4.2 10 130 M M 0 18 13 280
5 82 48 65 9 0 0 0.00 M M 3.4 12 270 M M 0 8 14 270
6 74 48 61 5 4 0 0.00 M M 3.5 12 270 M M 2 128 16 290
7 66 46 56 0 9 0 0.00 M M 3.5 10 270 M M 5 128 14 270
8 68 42 55 0 10 0 0.00 M M 4.3 10 270 M M 0 18 14 280
9 73 42 58 3 7 0 0.00 M M 9.5 24 120 M M 0 8 30 120
10 80 44 62 7 3 0 0.00 M M 6.2 18 120 M M 0 8 23 120
11 73 42 58 3 7 0 0.00 M M 3.8 10 290 M M 0 18 14 300
12 69 38 54 -1 11 0 0.00 M M 5.1 12 230 M M 0 128 16 250
13 66 43 55 0 10 0 0.00 M M 3.9 10 270 M M 2 18 13 260
14 74 42 58 3 7 0 0.00 M M 5.9 17 150 M M 0 18 21 150
15 83 47 65 10 0 0 0.00 M M 9.5 21 120 M M 0 8 26 120
16 81 49 65 10 0 0 0.00 M M 4.0 14 280 M M 0 8 18 280
17 76 45 61 6 4 0 0.00 M M 3.8 12 270 M M 0 8 14 270
18 76 45 61 6 4 0 0.00 M M 3.4 17 130 M M 2 8 22 130
19 72 50 61 6 4 0 0.00 M M 4.1 12 270 M M 5 18 14 290
20 72 48 60 5 5 0 0.03 M M 7.4 22 200 M M 5 18 30 170
21 74 53 64 9 1 0 T M M 10.3 24 220 M M 4 13 30 230
22 64 48 56 1 9 0 0.46 M M 6.7 21 100 M M 4 13 27 220
23 67 47 57 2 8 0 0.01 M M 5.1 14 260 M M 5 18 16 250
24 67 46 57 2 8 0 0.00 M M 4.0 12 280 M M 3 1 19 90
25 67 44 56 1 9 0 0.00 M M 4.5 12 270 M M 0 18 15 280
26 69 43 56 1 9 0 0.00 M M 4.1 12 280 M M 1 128 14 270
27 65 46 56 1 9 0 0.00 M M 3.4 10 280 M M 3 128 14 280
28 66 46 56 1 9 0 0.00 M M 4.0 14 270 M M 3 18 18 260
29 65 45 55 0 10 0 0.00 M M 2.7 9 250 M M 3 128 11 250
30 62 49 56 1 9 0 0.21 0.0 0 5.5 10 270 M M 8 18 16 250
31 62 47 55 0 10 0 0.05 0.0 0 4.3 9 120 M M 6 1 12 140
================================================================================
SM 2186 1404 214 0 0.76 0.0 154.9 M 64
================================================================================
AV 70.5 45.3 5.0 FASTST M M 2 MAX(MPH)
MISC ----> # 24 120 # 30 120
================================================================================
NOTES:
# LAST OF SEVERAL OCCURRENCES
COLUMN 17 PEAK WIND IN M.P.H.
PRELIMINARY LOCAL CLIMATOLOGICAL DATA (WS FORM: F-6) , PAGE 2
STATION: SAN DIEGO/BROWN
MONTH: DECEMBER
YEAR: 2023
LATITUDE: 32 34 N
LONGITUDE: 116 59 W
[TEMPERATURE DATA] [PRECIPITATION DATA] SYMBOLS USED IN COLUMN 16
AVERAGE MONTHLY: 57.9 TOTAL FOR MONTH: 0.76 1 = FOG OR MIST
DPTR FM NORMAL: 2.6 DPTR FM NORMAL: -1.06 2 = FOG REDUCING VISIBILITY
HIGHEST: 83 ON 15 GRTST 24HR 0.46 ON 22-22 TO 1/4 MILE OR LESS
LOWEST: 38 ON 12 3 = THUNDER
SNOW, ICE PELLETS, HAIL 4 = ICE PELLETS
TOTAL MONTH: 0.0 INCH 5 = HAIL
GRTST 24HR 0.0 6 = FREEZING RAIN OR DRIZZLE
GRTST DEPTH: 0 7 = DUSTSTORM OR SANDSTORM:
VSBY 1/2 MILE OR LESS
8 = SMOKE OR HAZE
[NO. OF DAYS WITH] [WEATHER - DAYS WITH] 9 = BLOWING SNOW
X = TORNADO
MAX 32 OR BELOW: 0 0.01 INCH OR MORE: 5
MAX 90 OR ABOVE: 0 0.10 INCH OR MORE: 2
MIN 32 OR BELOW: 0 0.50 INCH OR MORE: 0
MIN 0 OR BELOW: 0 1.00 INCH OR MORE: 0
[HDD (BASE 65) ]
TOTAL THIS MO. 214 CLEAR (SCALE 0-3) 21
DPTR FM NORMAL -90 PTCLDY (SCALE 4-7) 10
TOTAL FM JUL 1 326 CLOUDY (SCALE 8-10) 0
DPTR FM NORMAL -198
[CDD (BASE 65) ]
TOTAL THIS MO. 0
DPTR FM NORMAL -2 [PRESSURE DATA]
TOTAL FM JAN 1 713 HIGHEST SLP 30.24 ON 3
DPTR FM NORMAL -21 LOWEST SLP 29.82 ON 21
[REMARKS]
#FINAL-12-23#