000
CXUS52 KMLB 010625
CF6SFB
PRELIMINARY LOCAL CLIMATOLOGICAL DATA (WS FORM: F-6)
STATION: SANFORD
MONTH: SEPTEMBER
YEAR: 2023
LATITUDE: 28 46 N
LONGITUDE: 81 15 W
TEMPERATURE IN F: :PCPN: SNOW: WIND :SUNSHINE: SKY :PK WND
================================================================================
1 2 3 4 5 6A 6B 7 8 9 10 11 12 13 14 15 16 17 18
12Z AVG MX 2MIN
DY MAX MIN AVG DEP HDD CDD WTR SNW DPTH SPD SPD DIR MIN PSBL S-S WX SPD DR
================================================================================
1 91 77 84 1 0 19 T 0.0 0 5.8 20 130 M M 5 13 26 130
2 89 74 82 -1 0 17 T 0.0 0 7.2 18 70 M M 5 23 60
3 90 73 82 -1 0 17 0.00 0.0 0 7.4 17 70 M M 1 25 70
4 90 70 80 -3 0 15 0.00 0.0 0 6.8 16 100 M M 1 25 110
5 91 69 80 -2 0 15 0.00 0.0 0 4.2 14 90 M M 1 19 60
6 94 73 84 2 0 19 0.00 0.0 0 4.8 13 120 M M 1 17 110
7 93 73 83 1 0 18 0.00 0.0 0 5.2 14 110 M M 1 18 110
8 85 70 78 -4 0 13 0.65 0.0 0 5.8 24 340 M M 3 13 35 310
9 90 68 79 -3 0 14 0.00 0.0 0 4.4 12 160 M M 0 18 140
10 94 74 84 2 0 19 0.00 0.0 0 5.1 15 140 M M 0 19 120
11 94 72 83 1 0 18 1.68 0.0 0 6.0 30 230 M M 1 13 48 210
12 92 73 83 1 0 18 0.13 0.0 0 4.5 20 80 M M 2 13 24 110
13 92 75 84 2 0 19 0.79 0.0 0 3.7 20 30 M M 3 13 27 30
14 93 75 84 2 0 19 0.05 0.0 0 4.1 18 260 M M 2 13 26 260
15 92 75 84 2 0 19 T 0.0 0 4.2 18 70 M M 3 24 360
16 88 75 82 0 0 17 0.19 0.0 0 6.3 17 110 M M 4 1 24 110
17 92 75 84 3 0 19 0.00 0.0 0 5.5 15 310 M M 1 21 310
18 90 73 82 1 0 17 0.00 0.0 0 6.7 15 70 M M 1 22 10
19 87 71 79 -2 0 14 0.00 0.0 0 7.1 15 100 M M 4 20 60
20 91 70 81 0 0 16 0.10 0.0 0 7.9 20 130 M M 6 3 26 140
21 89 70 80 -1 0 15 0.04 0.0 0 6.2 17 30 M M 1 13 26 40
22 86 69 78 -3 0 13 T 0.0 0 7.1 24 360 M M 1 32 10
23 86 64 75 -6 0 10 0.00 0.0 0 5.0 14 80 M M 0 19 100
24 87 65 76 -4 0 11 0.00 0.0 0 3.5 14 120 M M 0 20 140
25 92 72 82 2 0 17 0.10 0.0 0 4.6 26 160 M M 2 13 37 150
26 90 73 82 2 0 17 3.86 0.0 0 6.5 44 290 M M 2 123 66 290
27 89 73 81 1 0 16 0.28 0.0 0 4.5 20 40 M M 7 138 28 30
28 86 73 80 0 0 15 0.73 0.0 0 7.3 17 360 M M 9 13 25 40
29 86 74 80 0 0 15 0.00 0.0 0 8.1 20 10 M M 7 1 24 10
30 87 75 81 2 0 16 0.04 0.0 0 8.4 17 60 M M 8 1 26 60
================================================================================
SM 2696 2163 0 487 8.64 0.0 173.9 M 82
================================================================================
AV 89.9 72.1 5.8 FASTST M M 3 MAX(MPH)
MISC ----> 44 290 66 290
================================================================================
NOTES:
# LAST OF SEVERAL OCCURRENCES
COLUMN 17 PEAK WIND IN M.P.H.
PRELIMINARY LOCAL CLIMATOLOGICAL DATA (WS FORM: F-6) , PAGE 2
STATION: SANFORD
MONTH: SEPTEMBER
YEAR: 2023
LATITUDE: 28 46 N
LONGITUDE: 81 15 W
[TEMPERATURE DATA] [PRECIPITATION DATA] SYMBOLS USED IN COLUMN 16
AVERAGE MONTHLY: 81.0 TOTAL FOR MONTH: 8.64 1 = FOG OR MIST
DPTR FM NORMAL: -0.4 DPTR FM NORMAL: 2.40 2 = FOG REDUCING VISIBILITY
HIGHEST: 94 ON 11,10 GRTST 24HR 4.11 ON 26-27 TO 1/4 MILE OR LESS
LOWEST: 64 ON 23 3 = THUNDER
SNOW, ICE PELLETS, HAIL 4 = ICE PELLETS
TOTAL MONTH: 0.0 INCH 5 = HAIL
GRTST 24HR 0.0 6 = FREEZING RAIN OR DRIZZLE
GRTST DEPTH: 0 7 = DUSTSTORM OR SANDSTORM:
VSBY 1/2 MILE OR LESS
8 = SMOKE OR HAZE
[NO. OF DAYS WITH] [WEATHER - DAYS WITH] 9 = BLOWING SNOW
X = TORNADO
MAX 32 OR BELOW: 0 0.01 INCH OR MORE: 13
MAX 90 OR ABOVE: 18 0.10 INCH OR MORE: 10
MIN 32 OR BELOW: 0 0.50 INCH OR MORE: 5
MIN 0 OR BELOW: 0 1.00 INCH OR MORE: 2
[HDD (BASE 65) ]
TOTAL THIS MO. 0 CLEAR (SCALE 0-3) 20
DPTR FM NORMAL 0 PTCLDY (SCALE 4-7) 9
TOTAL FM JUL 1 0 CLOUDY (SCALE 8-10) 1
DPTR FM NORMAL 0
[CDD (BASE 65) ]
TOTAL THIS MO. 487
DPTR FM NORMAL -5 [PRESSURE DATA]
TOTAL FM JAN 1 3414 HIGHEST SLP M ON M
DPTR FM NORMAL 408 LOWEST SLP 29.82 ON 17
[REMARKS]
#FINAL-09-23#