561
CXUS56 KMTR 021812
CF6SFD
PRELIMINARY LOCAL CLIMATOLOGICAL DATA (WS FORM: F-6)
STATION: SAN FRANCISCO DWTN CA
MONTH: MAY
YEAR: 2020
LATITUDE: 37 46 N
LONGITUDE: 122 26 W
TEMPERATURE IN F: :PCPN: SNOW: WIND :SUNSHINE: SKY :PK WND
================================================================================
1 2 3 4 5 6A 6B 7 8 9 10 11 12 13 14 15 16 17 18
12Z AVG MX 2MIN
DY MAX MIN AVG DEP HDD CDD WTR SNW DPTH SPD SPD DIR MIN PSBL S-S WX SPD DR
================================================================================
1 65 50 58 1 7 0 0.00 M 0 M M M M M M M M
2 65 52 59 2 6 0 0.00 M 0 M M M M M M M M
3 62 50 56 -1 9 0 0.00 M 0 M M M M M M M M
4 68 49 59 2 6 0 0.00 M 0 M M M M M M M M
5 63 51 57 0 8 0 0.00 M 0 M M M M M M M M
6 71 52 62 5 3 0 0.00 0.0 0 M M M M M M M M
7 76 53 65 8 0 0 0.00 M 0 M M M M M M M M
8 76 51 64 7 1 0 0.00 M 0 M M M M M M M M
9 60 51 56 -1 9 0 0.00 M 0 M M M M M M M M
10 62 54 58 1 7 0 0.00 M M M M M M M M M M
11 68 53 61 4 4 0 0.03 M M M M M M M M M M
12 62 55 59 2 6 0 0.08 M 0 M M M M M M M M
13 64 52 58 1 7 0 0.02 M 0 M M M M M M M M
14 61 56 59 1 6 0 0.08 M 0 M M M M M M M M
15 65 54 60 2 5 0 0.01 M 0 M M M M M M M M
16 69 55 62 4 3 0 0.00 M 0 M M M M M M M M
17 69 57 63 5 2 0 0.24 0.0 0 M M M M M M M M
18 63 55 59 1 6 0 0.12 0.0 0 M M M M M M M M
19 63 54 59 1 6 0 0.00 M 0 M M M M M M M M
20 65 53 59 1 6 0 0.00 M 0 M M M M M M M M
21 67 53 60 2 5 0 0.00 M 0 M M M M M M M M
22 66 52 59 1 6 0 0.00 M 0 M M M M M M M M
23 70 52 61 3 4 0 0.00 M 0 M M M M M M M M
24 72 53 63 5 2 0 0.00 0.0 0 M M M M M M M M
25 81 55 68 10 0 3 0.00 0.0 0 M M M M M M M M
26 81 56 69 11 0 4 0.00 M 0 M M M M M M M M
27 72 54 63 5 2 0 0.00 M 0 M M M M M M M M
28 62 53 58 0 7 0 0.00 M 0 M M M M M M M M
29 66 54 60 1 5 0 0.00 M 0 M M M M M M M M
30 69 57 63 4 2 0 0.01 M 0 M M M M M M M M
31 62 56 59 0 6 0 0.00 M 0 M M M M M M M M
================================================================================
SM 2085 1652 146 7 0.59 0.0 M M M
================================================================================
AV 67.3 53.3 M FASTST M M M MAX(MPH)
MISC ----> M M M M
================================================================================
NOTES:
# LAST OF SEVERAL OCCURRENCES
COLUMN 17 PEAK WIND IN M.P.H.
PRELIMINARY LOCAL CLIMATOLOGICAL DATA (WS FORM: F-6) , PAGE 2
STATION: SAN FRANCISCO DWTN CA
MONTH: MAY
YEAR: 2020
LATITUDE: 37 46 N
LONGITUDE: 122 26 W
[TEMPERATURE DATA] [PRECIPITATION DATA] SYMBOLS USED IN COLUMN 16
AVERAGE MONTHLY: 60.3 TOTAL FOR MONTH: 0.59 1 = FOG OR MIST
DPTR FM NORMAL: 2.7 DPTR FM NORMAL: -0.11 2 = FOG REDUCING VISIBILITY
HIGHEST: 81 ON 26,25 GRTST 24HR 11.00 ON 5- 5 TO 1/4 MILE OR LESS
LOWEST: 49 ON 4 3 = THUNDER
SNOW, ICE PELLETS, HAIL 4 = ICE PELLETS
TOTAL MONTH: 0.0 INCH 5 = HAIL
GRTST 24HR 0.0 6 = FREEZING RAIN OR DRIZZLE
GRTST DEPTH: 0 7 = DUSTSTORM OR SANDSTORM:
VSBY 1/2 MILE OR LESS
8 = SMOKE OR HAZE
[NO. OF DAYS WITH] [WEATHER - DAYS WITH] 9 = BLOWING SNOW
X = TORNADO
MAX 32 OR BELOW: 0 0.01 INCH OR MORE: 8
MAX 90 OR ABOVE: 0 0.10 INCH OR MORE: 2
MIN 32 OR BELOW: 0 0.50 INCH OR MORE: 0
MIN 0 OR BELOW: 0 1.00 INCH OR MORE: 0
[HDD (BASE 65) ]
TOTAL THIS MO. 146 CLEAR (SCALE 0-3) 0
DPTR FM NORMAL -90 PTCLDY (SCALE 4-7) 0
TOTAL FM JUL 1 2248 CLOUDY (SCALE 8-10) 31
DPTR FM NORMAL -586
[CDD (BASE 65) ]
TOTAL THIS MO. 7
DPTR FM NORMAL -1 [PRESSURE DATA]
TOTAL FM JAN 1 7 HIGHEST SLP M ON M
DPTR FM NORMAL -10 LOWEST SLP M ON M
[REMARKS]
#FINAL-05-20#