000
CXUS54 KHGX 011603
CF6SGR
PRELIMINARY LOCAL CLIMATOLOGICAL DATA (WS FORM: F-6)
STATION: SUGAR LAND/HULL FLD
MONTH: JANUARY
YEAR: 2021
LATITUDE: 29 37 N
LONGITUDE: 95 39 W
TEMPERATURE IN F: :PCPN: SNOW: WIND :SUNSHINE: SKY :PK WND
================================================================================
1 2 3 4 5 6A 6B 7 8 9 10 11 12 13 14 15 16 17 18
12Z AVG MX 2MIN
DY MAX MIN AVG DEP HDD CDD WTR SNW DPTH SPD SPD DIR MIN PSBL S-S WX SPD DR
================================================================================
1 55 40 48 -4 17 0 0.00 0.0 0 9.7 18 270 M M 0 25 270
2 58 38 48 -4 17 0 0.00 0.0 0 5.6 16 320 M M 1 23 320
3 70 38 54 2 11 0 0.00 0.0 0 6.1 16 210 M M 0 21 230
4 76 45 61 9 4 0 0.00 0.0 0 3.2 16 230 M M 2 12 20 230
5 73 48 61 9 4 0 0.00 0.0 0 6.5 14 140 M M 2 18 80
6 76 50 63 11 2 0 0.58 0.0 0 10.4 30 170 M M 6 13 35 170
7 61 44 53 1 12 0 0.00 0.0 0 11.1 21 330 M M 0 27 310
8 55 40 48 -4 17 0 0.00 0.0 0 6.9 16 10 M M 3 21 10
9 57 35 46 -6 19 0 0.00 0.0 0 4.7 12 70 M M 2 14 70
10 50 37 44 -8 21 0 1.24 0.0 0 13.4 25 60 M M 10 1 31 20
11 45 35 40 -12 25 0 0.00 0.0 0 9.9 17 350 M M 9 1 23 340
12 51 30 41 -11 24 0 0.00 0.0 0 1.9 7 270 M M 5 18 9 270
13 61 34 48 -4 17 0 0.00 0.0 0 5.6 14 220 M M 1 1 17 220
14 72 39 56 4 9 0 0.00 0.0 0 8.5 21 230 M M 0 1 26 240
15 63 39 51 -1 14 0 0.00 0.0 0 9.7 26 340 M M 0 36 340
16 62 37 50 -2 15 0 0.00 0.0 0 5.8 16 280 M M 4 18 20 280
17 69 36 53 1 12 0 0.00 0.0 0 3.6 13 330 M M 1 16 350
18 74 40 57 5 8 0 T 0.0 0 7.9 24 150 M M 5 27 140
19 79 58 69 17 0 4 0.00 0.0 0 8.8 20 140 M M 6 23 140
20 67 61 64 12 1 0 0.00 0.0 0 7.0 13 40 M M 10 18 14 40
21 70 59 65 13 0 0 0.20 0.0 0 3.3 10 290 M M 10 1 13 280
22 72 58 65 13 0 0 0.01 0.0 0 4.0 9 50 M M 7 12 11 60
23 66 58 62 10 3 0 0.04 0.0 0 8.2 17 100 M M 10 12 22 110
24 80 62 71 18 0 6 0.02 0.0 0 11.2 23 170 M M 10 1 29 170
25 80 62 71 18 0 6 0.02 0.0 0 10.8 24 160 M M 9 1 32 170
26 79 56 68 15 0 3 0.00 0.0 0 4.5 13 50 M M 6 15 50
27 69 49 59 6 6 0 0.00 0.0 0 13.8 25 10 M M 3 32 360
28 62 43 53 0 12 0 0.00 0.0 0 7.0 15 40 M M 0 19 30
29 69 41 55 2 10 0 0.00 0.0 0 7.2 17 150 M M 1 24 160
30 76 58 67 14 0 2 T 0.0 0 11.0 24 200 M M 10 31 210
31 70 50 60 7 5 0 0.00 0.0 0 12.1 23 330 M M 2 30 320
================================================================================
SM 2067 1420 285 21 2.11 0.0 239.4 M 135
================================================================================
AV 66.7 45.8 7.7 FASTST M M 4 MAX(MPH)
MISC ----> 30 170 36 340
================================================================================
NOTES:
# LAST OF SEVERAL OCCURRENCES
COLUMN 17 PEAK WIND IN M.P.H.
PRELIMINARY LOCAL CLIMATOLOGICAL DATA (WS FORM: F-6) , PAGE 2
STATION: SUGAR LAND/HULL FLD
MONTH: JANUARY
YEAR: 2021
LATITUDE: 29 37 N
LONGITUDE: 95 39 W
[TEMPERATURE DATA] [PRECIPITATION DATA] SYMBOLS USED IN COLUMN 16
AVERAGE MONTHLY: 56.2 TOTAL FOR MONTH: 2.11 1 = FOG OR MIST
DPTR FM NORMAL: 3.8 DPTR FM NORMAL: -1.49 2 = FOG REDUCING VISIBILITY
HIGHEST: 80 ON 25,24 GRTST 24HR 1.24 ON 10-10 TO 1/4 MILE OR LESS
LOWEST: 30 ON 12 3 = THUNDER
SNOW, ICE PELLETS, HAIL 4 = ICE PELLETS
TOTAL MONTH: 0.0 INCH 5 = HAIL
GRTST 24HR 0.0 6 = FREEZING RAIN OR DRIZZLE
GRTST DEPTH: 0 7 = DUSTSTORM OR SANDSTORM:
VSBY 1/2 MILE OR LESS
8 = SMOKE OR HAZE
[NO. OF DAYS WITH] [WEATHER - DAYS WITH] 9 = BLOWING SNOW
X = TORNADO
MAX 32 OR BELOW: 0 0.01 INCH OR MORE: 7
MAX 90 OR ABOVE: 0 0.10 INCH OR MORE: 3
MIN 32 OR BELOW: 1 0.50 INCH OR MORE: 2
MIN 0 OR BELOW: 0 1.00 INCH OR MORE: 1
[HDD (BASE 65) ]
TOTAL THIS MO. 285 CLEAR (SCALE 0-3) 14
DPTR FM NORMAL -118 PTCLDY (SCALE 4-7) 9
TOTAL FM JUL 1 678 CLOUDY (SCALE 8-10) 8
DPTR FM NORMAL -274
[CDD (BASE 65) ]
TOTAL THIS MO. 21
DPTR FM NORMAL 9 [PRESSURE DATA]
TOTAL FM JAN 1 21 HIGHEST SLP 30.59 ON 28
DPTR FM NORMAL 9 LOWEST SLP 29.68 ON 25
[REMARKS]
#FINAL-01-21#