000
CXUS54 KHGX 251637
CF6SGR
PRELIMINARY LOCAL CLIMATOLOGICAL DATA (WS FORM: F-6)
STATION: SUGAR LAND/HULL FLD
MONTH: SEPTEMBER
YEAR: 2020
LATITUDE: 29 37 N
LONGITUDE: 95 39 W
TEMPERATURE IN F: :PCPN: SNOW: WIND :SUNSHINE: SKY :PK WND
================================================================================
1 2 3 4 5 6A 6B 7 8 9 10 11 12 13 14 15 16 17 18
12Z AVG MX 2MIN
DY MAX MIN AVG DEP HDD CDD WTR SNW DPTH SPD SPD DIR MIN PSBL S-S WX SPD DR
================================================================================
1 96 82 89 6 0 24 0.00 0.0 0 12.8 23 180 M M 8 30 180
2 98 81 90 7 0 25 0.00 0.0 0 11.1 21 180 M M 5 29 180
3 97 81 89 6 0 24 0.00 0.0 0 6.9 15 150 M M 2 3 18 150
4 93 77 85 2 0 20 0.27 0.0 0 5.9 18 340 M M 2 13 22 180
5 93 77 85 2 0 20 0.16 0.0 0 5.8 23 30 M M 2 13 28 20
6 95 74 85 3 0 20 0.09 0.0 0 3.8 24 60 M M 1 3 33 50
7 92 73 83 1 0 18 0.00 0.0 0 4.3 22 140 M M 0 138 31 130
8 86 74 80 -2 0 15 0.20 0.0 0 7.5 21 180 M M 2 138 28 170
9 91 78 85 3 0 20 0.03 0.0 0 7.4 24 140 M M 2 38 28 130
10 90 69 80 -2 0 15 0.00 0.0 0 7.8 18 70 M M 6 3 23 30
11 90 71 81 -1 0 16 T 0.0 0 7.2 15 300 M M 8 3 20 310
12 95 72 84 3 0 19 0.00 0.0 0 6.7 15 30 M M 2 18 360
13 95 77 86 5 0 21 0.34 0.0 0 8.1 22 360 M M 5 3 25 10
14 92 77 85 4 0 20 0.00 0.0 0 10.8 18 10 M M 3 27 10
15 95 77 86 5 0 21 T 0.0 0 8.8 17 340 M M 1 30 10
16 94 75 85 4 0 20 0.03 0.0 0 4.4 17 350 M M 1 3 22 350
17 92 77 85 5 0 20 T 0.0 0 8.3 21 10 M M 3 24 10
18 91 76 84 4 0 19 0.00 0.0 0 12.0 20 30 M M 0 25 20
19 88 71 80 0 0 15 0.00 0.0 0 14.1 21 30 M M 2 27 40
20 78 67 73 -7 0 8 1.21 0.0 0 14.4 22 30 M M 6 1 30 20
21 76 70 73 -7 0 8 3.48 0.0 0 17.7 24 30 M M 10 13 30 30
22 81 75 78 -1 0 13 2.72 0.0 0 10.1 17 20 M M 10 1 21 30
23 82 71 77 -2 0 12 0.04 0.0 0 10.2 21 330 M M 10 1 26 340
24 76 69 73 -6 0 8 0.00 0.0 0 5.5 12 360 M M 10 22 80
25 85 66 76 -3 0 11 0.00 0.0 0 1.6 9 150 M M 4 11 150
26 89 63 76 -2 0 11 0.00 0.0 0 5.0 12 160 M M 1 1 14 160
27 92 73 83 5 0 18 0.00 0.0 0 9.8 15 190 M M 2 23 200
28 79 67 73 -5 0 8 0.08 0.0 0 11.4 24 360 M M 8 1 31 360
29 81 55 68 -10 0 3 0.00 0.0 0 5.9 17 350 M M 0 22 40
30 86 53 70 -8 0 5 0.00 0.0 0 3.0 13 220 M M 0 16 220
================================================================================
SM 2668 2168 0 477 8.65 0.0 248.3 M 116
================================================================================
AV 88.9 72.3 8.3 FASTST M M 4 MAX(MPH)
MISC ----> # 24 60 33 50
================================================================================
NOTES:
# LAST OF SEVERAL OCCURRENCES
COLUMN 17 PEAK WIND IN M.P.H.
PRELIMINARY LOCAL CLIMATOLOGICAL DATA (WS FORM: F-6) , PAGE 2
STATION: SUGAR LAND/HULL FLD
MONTH: SEPTEMBER
YEAR: 2020
LATITUDE: 29 37 N
LONGITUDE: 95 39 W
[TEMPERATURE DATA] [PRECIPITATION DATA] SYMBOLS USED IN COLUMN 16
AVERAGE MONTHLY: 80.6 TOTAL FOR MONTH: 8.65 1 = FOG OR MIST
DPTR FM NORMAL: 0.0 DPTR FM NORMAL: 4.23 2 = FOG REDUCING VISIBILITY
HIGHEST: 98 ON 2 GRTST 24HR 3.48 ON 21-21 TO 1/4 MILE OR LESS
LOWEST: 53 ON 30 3 = THUNDER
SNOW, ICE PELLETS, HAIL 4 = ICE PELLETS
TOTAL MONTH: 0.0 INCH 5 = HAIL
GRTST 24HR 0.0 6 = FREEZING RAIN OR DRIZZLE
GRTST DEPTH: 0 7 = DUSTSTORM OR SANDSTORM:
VSBY 1/2 MILE OR LESS
8 = SMOKE OR HAZE
[NO. OF DAYS WITH] [WEATHER - DAYS WITH] 9 = BLOWING SNOW
X = TORNADO
MAX 32 OR BELOW: 0 0.01 INCH OR MORE: 12
MAX 90 OR ABOVE: 18 0.10 INCH OR MORE: 7
MIN 32 OR BELOW: 0 0.50 INCH OR MORE: 3
MIN 0 OR BELOW: 0 1.00 INCH OR MORE: 3
[HDD (BASE 65) ]
TOTAL THIS MO. 0 CLEAR (SCALE 0-3) 17
DPTR FM NORMAL 0 PTCLDY (SCALE 4-7) 8
TOTAL FM JUL 1 0 CLOUDY (SCALE 8-10) 5
DPTR FM NORMAL 0
[CDD (BASE 65) ]
TOTAL THIS MO. 477
DPTR FM NORMAL 9 [PRESSURE DATA]
TOTAL FM JAN 1 3175 HIGHEST SLP M ON M
DPTR FM NORMAL 167 LOWEST SLP 29.75 ON 23
[REMARKS]
#FINAL-09-20#