000
CXUS55 KBYZ 011000
CF6SHR
PRELIMINARY LOCAL CLIMATOLOGICAL DATA (WS FORM: F-6)
STATION: SHERIDAN WY
MONTH: SEPTEMBER
YEAR: 2021
LATITUDE: 44 46 N
LONGITUDE: 106 58 W
TEMPERATURE IN F: :PCPN: SNOW: WIND :SUNSHINE: SKY :PK WND
================================================================================
1 2 3 4 5 6A 6B 7 8 9 10 11 12 13 14 15 16 17 18
12Z AVG MX 2MIN
DY MAX MIN AVG DEP HDD CDD WTR SNW DPTH SPD SPD DIR MIN PSBL S-S WX SPD DR
================================================================================
1 74 52 63 -1 2 0 0.00 M M 6.6 22 300 M M 0 28 300
2 79 44 62 -2 3 0 0.00 M M 5.3 13 350 M M 2 19 20
3 71 44 58 -6 7 0 T M M 7.0 17 320 M M 3 22 320
4 82 38 60 -4 5 0 0.00 M M 2.7 8 190 M M 0 14 120
5 92 43 68 5 0 3 0.00 M M 3.9 15 350 M M 0 19 330
6 94 48 71 8 0 6 0.00 M M 6.5 20 350 M M 1 8 29 360
7 88 46 67 5 0 2 0.00 M M 4.6 18 330 M M 0 22 340
8 88 45 67 5 0 2 0.00 M M 3.4 13 140 M M 0 17 140
9 91 48 70 8 0 5 0.00 M M 3.5 12 320 M M 0 14 310
10 95 50 73 12 0 8 0.00 M M 4.3 15 300 M M 0 17 330
11 85 55 70 9 0 5 0.00 M M 6.0 17 320 M M 1 8 24 320
12 87 48 68 7 0 3 0.00 M M 3.5 12 30 M M 1 14 40
13 80 50 65 5 0 0 0.02 M M 10.7 37 320 M M 3 47 320
14 78 44 61 1 4 0 0.00 M M 2.4 9 280 M M 0 12 20
15 91 45 68 8 0 3 0.00 M M 2.9 12 340 M M 0 18 340
16 75 39 57 -2 8 0 0.00 M M 10.4 29 320 M M 2 37 330
17 88 34 61 2 4 0 0.00 M M 3.5 13 140 M M 0 17 160
18 94 50 72 14 0 7 0.00 M M 9.5 40 230 M M 0 51 250
19 72 46 59 1 6 0 0.17 M M 9.0 25 330 M M 4 1 30 320
20 63 41 52 -5 13 0 T M M 11.9 30 320 M M 6 38 290
21 72 34 53 -4 12 0 0.00 M M 4.4 18 150 M M 0 24 150
22 87 38 63 7 2 0 0.00 M M 5.8 17 150 M M 0 22 140
23 79 48 64 8 1 0 0.00 M M 7.1 18 300 M M 2 24 300
24 75 42 59 3 6 0 0.00 M M 3.9 14 330 M M 1 16 330
25 89 39 64 9 1 0 0.00 M M 2.8 10 270 M M 0 13 120
26 92 48 70 15 0 5 0.00 M M 3.8 14 340 M M 0 19 280
27 92 44 68 14 0 3 0.00 M M 2.9 9 190 M M 0 12 10
28 91 41 66 12 0 1 0.00 M M 10.5 37 320 M M 2 42 320
29 58 33 46 -7 19 0 T M M 11.5 26 290 M M 7 36 310
30 70 27 49 -4 16 0 0.00 M M 3.1 12 120 M M 0 15 150
================================================================================
SM 2472 1304 109 53 0.19 M 173.4 M 35
================================================================================
AV 82.4 43.5 5.8 FASTST M M 1 MAX(MPH)
MISC ----> 40 230 51 250
================================================================================
NOTES:
# LAST OF SEVERAL OCCURRENCES
COLUMN 17 PEAK WIND IN M.P.H.
PRELIMINARY LOCAL CLIMATOLOGICAL DATA (WS FORM: F-6) , PAGE 2
STATION: SHERIDAN WY
MONTH: SEPTEMBER
YEAR: 2021
LATITUDE: 44 46 N
LONGITUDE: 106 58 W
[TEMPERATURE DATA] [PRECIPITATION DATA] SYMBOLS USED IN COLUMN 16
AVERAGE MONTHLY: 62.9 TOTAL FOR MONTH: 0.19 1 = FOG OR MIST
DPTR FM NORMAL: 3.8 DPTR FM NORMAL: -1.28 2 = FOG REDUCING VISIBILITY
HIGHEST: 95 ON 10 GRTST 24HR 0.17 ON 19-19 TO 1/4 MILE OR LESS
LOWEST: 27 ON 30 3 = THUNDER
SNOW, ICE PELLETS, HAIL 4 = ICE PELLETS
TOTAL MONTH: M 5 = HAIL
GRTST 24HR M ON M 6 = FREEZING RAIN OR DRIZZLE
GRTST DEPTH: M ON M 7 = DUSTSTORM OR SANDSTORM:
VSBY 1/2 MILE OR LESS
8 = SMOKE OR HAZE
[NO. OF DAYS WITH] [WEATHER - DAYS WITH] 9 = BLOWING SNOW
X = TORNADO
MAX 32 OR BELOW: 0 0.01 INCH OR MORE: 2
MAX 90 OR ABOVE: 9 0.10 INCH OR MORE: 1
MIN 32 OR BELOW: 1 0.50 INCH OR MORE: 0
MIN 0 OR BELOW: 0 1.00 INCH OR MORE: 0
[HDD (BASE 65) ]
TOTAL THIS MO. 109 CLEAR (SCALE 0-3) 26
DPTR FM NORMAL -103 PTCLDY (SCALE 4-7) 4
TOTAL FM JUL 1 149 CLOUDY (SCALE 8-10) 0
DPTR FM NORMAL -122
[CDD (BASE 65) ]
TOTAL THIS MO. 53
DPTR FM NORMAL 19 [PRESSURE DATA]
TOTAL FM JAN 1 690 HIGHEST SLP 30.48 ON 21
DPTR FM NORMAL 250 LOWEST SLP 29.44 ON 28
[REMARKS]
#FINAL-09-21#