000
CXUS54 KSHV 011400
CF6SHV
PRELIMINARY LOCAL CLIMATOLOGICAL DATA (WS FORM: F-6)
STATION: SHREVEPORT
MONTH: JANUARY
YEAR: 2022
LATITUDE: 32 28 N
LONGITUDE: 93 49 W
TEMPERATURE IN F: :PCPN: SNOW: WIND :SUNSHINE: SKY :PK WND
================================================================================
1 2 3 4 5 6A 6B 7 8 9 10 11 12 13 14 15 16 17 18
12Z AVG MX 2MIN
DY MAX MIN AVG DEP HDD CDD WTR SNW DPTH SPD SPD DIR MIN PSBL S-S WX SPD DR
================================================================================
1 82 50 66 18 0 1 0.05 0.0 0 12.4 25 330 M M 9 33 190
2 50 27 39 -9 26 0 0.04 T 0 14.8 24 310 M M 7 456 30 300
3 50 24 37 -11 28 0 0.00 0.0 0 3.5 17 340 M M 0 24 350
4 61 29 45 -3 20 0 0.00 0.0 0 7.2 20 180 M M 3 24 180
5 69 41 55 8 10 0 T 0.0 0 5.4 10 110 M M 5 18 15 110
6 60 35 48 1 17 0 T 0.0 0 9.6 20 350 M M 8 25 30
7 49 29 39 -8 26 0 0.00 0.0 0 8.3 15 130 M M 5 22 140
8 67 42 55 8 10 0 0.60 0.0 0 9.9 21 260 M M 10 138 26 260
9 74 48 61 14 4 0 0.13 0.0 0 14.5 24 40 M M 9 3 33 30
10 57 33 45 -2 20 0 0.00 0.0 0 8.1 20 40 M M 5 27 50
11 61 29 45 -2 20 0 0.00 0.0 0 1.1 9 210 M M 2 12 200
12 65 37 51 3 14 0 0.00 0.0 0 3.8 13 260 M M 5 16 270
13 74 40 57 9 8 0 0.00 0.0 0 5.1 15 300 M M 2 18 320
14 71 40 56 8 9 0 0.00 0.0 0 4.4 13 120 M M 7 17 110
15 60 31 46 -2 19 0 T T 0 18.7 30 310 M M 10 41 300
16 52 32 42 -6 23 0 T T 0 11.6 23 300 M M 4 29 310
17 63 35 49 1 16 0 0.00 0.0 0 4.3 12 290 M M 0 14 290
18 70 33 52 4 13 0 0.00 0.0 0 10.0 23 180 M M 3 35 170
19 76 45 61 13 4 0 0.25 0.0 0 11.6 29 240 M M 7 13 39 250
20 45 31 38 -10 27 0 T 0.0 0 14.5 22 10 M M 9 1 28 10
21 44 27 36 -12 29 0 0.00 0.0 0 9.1 17 40 M M 3 22 20
22 47 22 35 -13 30 0 0.00 0.0 0 4.8 10 330 M M 0 14 10
23 64 24 44 -4 21 0 0.00 0.0 0 5.2 16 270 M M 1 8 22 280
24 57 37 47 -1 18 0 0.33 0.0 0 5.9 12 200 M M 7 1 14 200
25 61 39 50 2 15 0 T 0.0 0 9.5 22 50 M M 5 18 26 50
26 51 30 41 -7 24 0 0.00 0.0 0 8.9 16 70 M M 1 8 22 60
27 53 33 43 -5 22 0 0.00 0.0 0 4.4 12 20 M M 7 16 30
28 57 35 46 -3 19 0 0.00 0.0 0 9.6 25 340 M M 3 31 320
29 61 25 43 -6 22 0 0.00 0.0 0 6.0 15 240 M M 0 19 240
30 73 42 58 9 7 0 0.00 0.0 0 8.9 16 240 M M 1 23 260
31 72 42 57 8 8 0 0.00 0.0 0 5.1 17 140 M M 5 22 140
================================================================================
SM 1896 1067 529 1 1.40 T 256.2 M 143
================================================================================
AV 61.2 34.4 8.3 FASTST M M 5 MAX(MPH)
MISC ----> 30 310 41 300
================================================================================
NOTES:
# LAST OF SEVERAL OCCURRENCES
COLUMN 17 PEAK WIND IN M.P.H.
PRELIMINARY LOCAL CLIMATOLOGICAL DATA (WS FORM: F-6) , PAGE 2
STATION: SHREVEPORT
MONTH: JANUARY
YEAR: 2022
LATITUDE: 32 28 N
LONGITUDE: 93 49 W
[TEMPERATURE DATA] [PRECIPITATION DATA] SYMBOLS USED IN COLUMN 16
AVERAGE MONTHLY: 47.8 TOTAL FOR MONTH: 1.40 1 = FOG OR MIST
DPTR FM NORMAL: -0.1 DPTR FM NORMAL: -3.00 2 = FOG REDUCING VISIBILITY
HIGHEST: 82 ON 1 GRTST 24HR 0.60 ON 8- 8 TO 1/4 MILE OR LESS
LOWEST: 22 ON 22 3 = THUNDER
SNOW, ICE PELLETS, HAIL 4 = ICE PELLETS
TOTAL MONTH: T 5 = HAIL
GRTST 24HR T ON 2- 2 6 = FREEZING RAIN OR DRIZZLE
GRTST DEPTH: 0 7 = DUSTSTORM OR SANDSTORM:
VSBY 1/2 MILE OR LESS
8 = SMOKE OR HAZE
[NO. OF DAYS WITH] [WEATHER - DAYS WITH] 9 = BLOWING SNOW
X = TORNADO
MAX 32 OR BELOW: 0 0.01 INCH OR MORE: 6
MAX 90 OR ABOVE: 0 0.10 INCH OR MORE: 4
MIN 32 OR BELOW: 13 0.50 INCH OR MORE: 1
MIN 0 OR BELOW: 0 1.00 INCH OR MORE: 0
[HDD (BASE 65) ]
TOTAL THIS MO. 529 CLEAR (SCALE 0-3) 10
DPTR FM NORMAL -8 PTCLDY (SCALE 4-7) 16
TOTAL FM JUL 1 986 CLOUDY (SCALE 8-10) 5
DPTR FM NORMAL -394
[CDD (BASE 65) ]
TOTAL THIS MO. 1
DPTR FM NORMAL -4 [PRESSURE DATA]
TOTAL FM JAN 1 1 HIGHEST SLP 30.67 ON 10
DPTR FM NORMAL -4 LOWEST SLP 29.56 ON 1
[REMARKS]
#FINAL-01-22#