726
CXUS54 KSHV 091026
CF6SHV
PRELIMINARY LOCAL CLIMATOLOGICAL DATA (WS FORM: F-6)
STATION: SHREVEPORT
MONTH: JUNE
YEAR: 2020
LATITUDE: 32 28 N
LONGITUDE: 93 49 W
TEMPERATURE IN F: :PCPN: SNOW: WIND :SUNSHINE: SKY :PK WND
================================================================================
1 2 3 4 5 6A 6B 7 8 9 10 11 12 13 14 15 16 17 18
12Z AVG MX 2MIN
DY MAX MIN AVG DEP HDD CDD WTR SNW DPTH SPD SPD DIR MIN PSBL S-S WX SPD DR
================================================================================
1 86 65 76 -1 0 11 0.00 0.0 0 4.6 13 130 M M 7 16 130
2 87 70 79 2 0 14 T 0.0 0 2.1 8 130 M M 7 11 170
3 92 70 81 3 0 16 T 0.0 0 4.5 20 180 M M 6 25 190
4 91 71 81 3 0 16 0.00 0.0 0 6.9 13 210 M M 3 16 220
5 95 74 85 7 0 20 0.00 0.0 0 5.5 23 100 M M 4 32 110
6 93 71 82 4 0 17 0.00 0.0 0 6.9 15 80 M M 3 20 80
7 92 74 83 5 0 18 0.06 0.0 0 11.0 23 40 M M 3 29 30
8 92 75 84 6 0 19 0.04 0.0 0 10.4 22 320 M M 6 31 310
9 94 73 84 5 0 19 0.23 0.0 0 11.7 25 190 M M 4 13 33 190
10 85 65 75 -4 0 10 0.00 0.0 0 10.4 21 300 M M 3 28 290
11 88 61 75 -4 0 10 0.00 0.0 0 5.1 14 50 M M 0 27 130
12 90 62 76 -3 0 11 0.00 0.0 0 5.8 16 90 M M 2 21 100
13 91 67 79 -1 0 14 0.00 0.0 0 4.0 15 70 M M 1 21 30
14 93 65 79 -1 0 14 0.00 0.0 0 4.0 13 70 M M 2 20 50
15 91 72 82 2 0 17 0.03 0.0 0 3.0 22 110 M M 3 3 29 110
16 93 70 82 2 0 17 0.00 0.0 0 4.6 12 90 M M 4 1 16 100
17 92 67 80 0 0 15 0.00 0.0 0 4.6 13 230 M M 3 17 210
18 92 72 82 2 0 17 0.00 0.0 0 6.5 14 170 M M 3 21 200
19 94 70 82 2 0 17 0.00 0.0 0 7.4 16 160 M M 4 8 21 170
20 91 72 82 1 0 17 T 0.0 0 8.7 17 250 M M 5 8 22 250
21 91 75 83 2 0 18 0.02 0.0 0 7.9 20 180 M M 6 38 25 180
22 88 75 82 1 0 17 T 0.0 0 8.4 24 190 M M 8 3 31 190
23 91 71 81 0 0 16 1.32 0.0 0 6.3 26 150 M M 8 138 33 150
24 90 72 81 0 0 16 0.40 0.0 0 5.2 23 60 M M 7 138 27 60
25 83 74 79 -2 0 14 0.89 0.0 0 7.0 16 140 M M 8 13 20 140
26 88 75 82 0 0 17 0.35 0.0 0 7.9 18 180 M M 10 18 24 170
27 91 77 84 2 0 19 T 0.0 0 8.1 16 190 M M 6 18 20 200
28 93 76 85 3 0 20 T 0.0 0 9.9 21 180 M M 8 3 29 170
29 90 78 84 2 0 19 T 0.0 0 11.1 21 180 M M 9 25 170
30 91 80 86 4 0 21 0.00 0.0 0 10.4 21 190 M M 8 27 190
================================================================================
SM 2718 2139 0 486 3.34 0.0 209.9 M 151
================================================================================
AV 90.6 71.3 7.0 FASTST M M 5 MAX(MPH)
MISC ----> # 26 150 # 33 190
================================================================================
NOTES:
# LAST OF SEVERAL OCCURRENCES
COLUMN 17 PEAK WIND IN M.P.H.
PRELIMINARY LOCAL CLIMATOLOGICAL DATA (WS FORM: F-6) , PAGE 2
STATION: SHREVEPORT
MONTH: JUNE
YEAR: 2020
LATITUDE: 32 28 N
LONGITUDE: 93 49 W
[TEMPERATURE DATA] [PRECIPITATION DATA] SYMBOLS USED IN COLUMN 16
AVERAGE MONTHLY: 81.0 TOTAL FOR MONTH: 3.34 1 = FOG OR MIST
DPTR FM NORMAL: 1.1 DPTR FM NORMAL: -2.06 2 = FOG REDUCING VISIBILITY
HIGHEST: 95 ON 5 GRTST 24HR 1.32 ON 23-23 TO 1/4 MILE OR LESS
LOWEST: 61 ON 11 3 = THUNDER
SNOW, ICE PELLETS, HAIL 4 = ICE PELLETS
TOTAL MONTH: 0.0 INCH 5 = HAIL
GRTST 24HR 0.0 6 = FREEZING RAIN OR DRIZZLE
GRTST DEPTH: 0 7 = DUSTSTORM OR SANDSTORM:
VSBY 1/2 MILE OR LESS
8 = SMOKE OR HAZE
[NO. OF DAYS WITH] [WEATHER - DAYS WITH] 9 = BLOWING SNOW
X = TORNADO
MAX 32 OR BELOW: 0 0.01 INCH OR MORE: 9
MAX 90 OR ABOVE: 23 0.10 INCH OR MORE: 5
MIN 32 OR BELOW: 0 0.50 INCH OR MORE: 2
MIN 0 OR BELOW: 0 1.00 INCH OR MORE: 1
[HDD (BASE 65) ]
TOTAL THIS MO. 0 CLEAR (SCALE 0-3) 9
DPTR FM NORMAL 0 PTCLDY (SCALE 4-7) 17
TOTAL FM JUL 1 1864 CLOUDY (SCALE 8-10) 4
DPTR FM NORMAL -362
[CDD (BASE 65) ]
TOTAL THIS MO. 486
DPTR FM NORMAL 42 [PRESSURE DATA]
TOTAL FM JAN 1 933 HIGHEST SLP 30.28 ON 12
DPTR FM NORMAL 91 LOWEST SLP 29.54 ON 8
[REMARKS]
#FINAL-06-20#