000
CXUS56 KMTR 010900
CF6SJC
PRELIMINARY LOCAL CLIMATOLOGICAL DATA (WS FORM: F-6)
STATION: SAN JOSE AIRPORT
MONTH: AUGUST
YEAR: 2021
LATITUDE: 37 21 N
LONGITUDE: 121 55 W
TEMPERATURE IN F: :PCPN: SNOW: WIND :SUNSHINE: SKY :PK WND
================================================================================
1 2 3 4 5 6A 6B 7 8 9 10 11 12 13 14 15 16 17 18
12Z AVG MX 2MIN
DY MAX MIN AVG DEP HDD CDD WTR SNW DPTH SPD SPD DIR MIN PSBL S-S WX SPD DR
================================================================================
1 78 59 69 -1 0 4 0.00 M M 7.3 17 320 M M 3 20 340
2 79 56 68 -2 0 3 0.00 M M 6.8 16 310 M M 3 19 20
3 81 57 69 -1 0 4 0.00 M M 7.0 15 330 M M 3 17 330
4 76 58 67 -3 0 2 0.00 M M 7.4 18 330 M M 4 23 340
5 77 59 68 -2 0 3 0.00 M M 8.2 18 320 M M 6 24 310
6 85 59 72 2 0 7 0.00 M M 5.7 17 320 M M 9 22 330
7 83 60 72 2 0 7 0.00 M M 6.3 15 320 M M 6 18 340
8 82 58 70 0 0 5 0.00 M M 7.3 16 330 M M 3 21 300
9 82 57 70 0 0 5 0.00 M M 8.1 17 330 M M 1 21 320
10 86 58 72 2 0 7 0.00 M M 6.2 15 320 M M 1 18 320
11 83 62 73 3 0 8 0.00 M M 6.5 15 310 M M 1 19 290
12 83 62 73 3 0 8 0.00 M M 7.2 16 320 M M 4 19 340
13 80 60 70 0 0 5 0.00 M M 7.0 16 320 M M 4 20 300
14 81 62 72 2 0 7 0.00 M M 6.5 15 320 M M 3 19 320
15 81 61 71 1 0 6 0.00 M M 6.3 14 310 M M 5 17 310
16 83 61 72 2 0 7 0.00 M M 6.6 15 330 M M 1 18 19 340
17 82 60 71 1 0 6 0.00 M M 8.3 21 160 M M 3 25 160
18 78 59 69 -1 0 4 0.00 M M 8.5 17 150 M M 7 8 22 150
19 78 58 68 -2 0 3 0.00 M M 6.1 15 320 M M 8 20 310
20 76 59 68 -2 0 3 0.00 M M 6.2 14 160 M M 8 18 17 330
21 77 60 69 -1 0 4 0.00 M M 9.9 20 220 M M 3 24 210
22 79 59 69 -1 0 4 0.00 M M 7.8 16 330 M M 5 21 330
23 81 55 68 -2 0 3 0.00 M M 7.8 16 330 M M 3 20 330
24 79 57 68 -2 0 3 0.00 M M 7.2 18 310 M M 1 22 330
25 76 56 66 -4 0 1 0.00 M M 6.6 15 320 M M 3 20 350
26 84 56 70 0 0 5 0.00 M M 4.1 13 320 M M 1 8 16 300
27 92 59 76 6 0 11 0.00 M M 4.3 17 320 M M 4 8 21 320
28 96 64 80 10 0 15 0.00 M M 4.8 16 320 M M 5 8 18 320
29 88 63 76 6 0 11 0.00 M M 6.2 14 310 M M 2 18 17 320
30 84 61 73 3 0 8 0.00 M M 4.8 13 320 M M 2 18 16 320
31 83 58 71 1 0 6 0.00 M M 9.0 16 160 M M 1 21 150
================================================================================
SM 2533 1833 0 175 0.00 M 212.0 M 113
================================================================================
AV 81.7 59.1 6.8 FASTST M M 4 MAX(MPH)
MISC ----> 21 160 25 160
================================================================================
NOTES:
# LAST OF SEVERAL OCCURRENCES
COLUMN 17 PEAK WIND IN M.P.H.
PRELIMINARY LOCAL CLIMATOLOGICAL DATA (WS FORM: F-6) , PAGE 2
STATION: SAN JOSE AIRPORT
MONTH: AUGUST
YEAR: 2021
LATITUDE: 37 21 N
LONGITUDE: 121 55 W
[TEMPERATURE DATA] [PRECIPITATION DATA] SYMBOLS USED IN COLUMN 16
AVERAGE MONTHLY: 70.4 TOTAL FOR MONTH: 0.00 1 = FOG OR MIST
DPTR FM NORMAL: 0.4 DPTR FM NORMAL: -0.05 2 = FOG REDUCING VISIBILITY
HIGHEST: 96 ON 28 GRTST 24HR 0.00 ON 1- 1 TO 1/4 MILE OR LESS
LOWEST: 55 ON 23 3 = THUNDER
SNOW, ICE PELLETS, HAIL 4 = ICE PELLETS
TOTAL MONTH: M 5 = HAIL
GRTST 24HR M ON M 6 = FREEZING RAIN OR DRIZZLE
GRTST DEPTH: M ON M 7 = DUSTSTORM OR SANDSTORM:
VSBY 1/2 MILE OR LESS
8 = SMOKE OR HAZE
[NO. OF DAYS WITH] [WEATHER - DAYS WITH] 9 = BLOWING SNOW
X = TORNADO
MAX 32 OR BELOW: 0 0.01 INCH OR MORE: 0
MAX 90 OR ABOVE: 2 0.10 INCH OR MORE: 0
MIN 32 OR BELOW: 0 0.50 INCH OR MORE: 0
MIN 0 OR BELOW: 0 1.00 INCH OR MORE: 0
[HDD (BASE 65) ]
TOTAL THIS MO. 0 CLEAR (SCALE 0-3) 16
DPTR FM NORMAL -2 PTCLDY (SCALE 4-7) 14
TOTAL FM JUL 1 1 CLOUDY (SCALE 8-10) 1
DPTR FM NORMAL -3
[CDD (BASE 65) ]
TOTAL THIS MO. 175
DPTR FM NORMAL 18 [PRESSURE DATA]
TOTAL FM JAN 1 428 HIGHEST SLP M ON M
DPTR FM NORMAL -15 LOWEST SLP 29.67 ON 27
[REMARKS]
#FINAL-08-21#