000
CXUS56 KMTR 010900
CF6SJC
PRELIMINARY LOCAL CLIMATOLOGICAL DATA (WS FORM: F-6)
STATION: SAN JOSE AIRPORT
MONTH: SEPTEMBER
YEAR: 2023
LATITUDE: 37 21 N
LONGITUDE: 121 55 W
TEMPERATURE IN F: :PCPN: SNOW: WIND :SUNSHINE: SKY :PK WND
================================================================================
1 2 3 4 5 6A 6B 7 8 9 10 11 12 13 14 15 16 17 18
12Z AVG MX 2MIN
DY MAX MIN AVG DEP HDD CDD WTR SNW DPTH SPD SPD DIR MIN PSBL S-S WX SPD DR
================================================================================
1 77 61 69 -1 0 4 0.00 M M 8.6 20 340 M M 6 24 350
2 74 61 68 -2 0 3 T M M 4.2 13 180 M M 7 18 220
3 78 65 72 2 0 7 0.00 M M 8.1 18 330 M M 6 25 340
4 79 61 70 0 0 5 0.00 M M 6.6 22 340 M M 3 27 340
5 84 58 71 1 0 6 0.00 M M 5.7 16 330 M M 0 21 340
6 83 59 71 1 0 6 0.00 M M 8.3 16 330 M M 1 25 320
7 81 63 72 2 0 7 0.00 M M 5.4 15 320 M M 4 19 310
8 87 59 73 3 0 8 0.00 M M 5.7 16 330 M M 1 8 20 340
9 85 58 72 2 0 7 0.00 M M 5.0 16 310 M M 3 20 310
10 85 58 72 2 0 7 0.00 M M 5.2 15 320 M M 3 18 330
11 84 56 70 0 0 5 0.00 M M 5.7 18 340 M M 2 8 26 360
12 82 60 71 2 0 6 0.00 M M 6.2 15 330 M M 2 8 19 320
13 85 57 71 2 0 6 0.00 M M 6.6 13 310 M M 0 17 340
14 83 59 71 2 0 6 0.00 M M 7.8 16 150 M M 1 22 160
15 80 62 71 2 0 6 0.00 M M 7.6 15 320 M M 5 18 320
16 77 64 71 2 0 6 0.00 M M 6.6 18 330 M M 7 28 340
17 78 63 71 2 0 6 0.00 M M 7.2 20 340 M M 5 25 340
18 79 58 69 0 0 4 0.00 M M 6.3 17 340 M M 2 23 360
19 80 59 70 1 0 5 0.00 M M 5.0 16 320 M M 1 8 22 350
20 80 60 70 1 0 5 0.00 M M 8.4 18 140 M M 1 8 22 140
21 81 56 69 1 0 4 0.00 M M 7.6 15 140 M M 1 8 23 220
22 80 55 68 0 0 3 0.00 M M 5.9 18 330 M M 1 8 23 330
23 76 54 65 -3 0 0 0.00 M M 6.5 16 330 M M 2 21 300
24 77 57 67 -1 0 2 0.00 M M 5.8 18 330 M M 4 8 23 340
25 82 55 69 1 0 4 0.00 M M 6.5 17 340 M M 3 8 22 320
26 79 63 71 3 0 6 T M M 8.7 18 320 M M 5 24 310
27 M 54 M M M M 0.00 M M 6.5 21 330 M M 1 25 350
28 82 53 68 0 0 3 0.00 M M 5.5 16 340 M M 1 21 330
29 78 57 68 0 0 3 T M M 6.1 18 330 M M 4 23 340
30 69 59 64 -3 1 0 0.08 M M 4.4 14 300 M M 9 1 17 310
================================================================================
SM 2325 1764 1 140 0.08 M 193.7 M 91
================================================================================
AV 80.2 58.8 6.5 FASTST M M 3 MAX(MPH)
MISC ----> 22 340 28 340
================================================================================
NOTES:
# LAST OF SEVERAL OCCURRENCES
COLUMN 17 PEAK WIND IN M.P.H.
PRELIMINARY LOCAL CLIMATOLOGICAL DATA (WS FORM: F-6) , PAGE 2
STATION: SAN JOSE AIRPORT
MONTH: SEPTEMBER
YEAR: 2023
LATITUDE: 37 21 N
LONGITUDE: 121 55 W
[TEMPERATURE DATA] [PRECIPITATION DATA] SYMBOLS USED IN COLUMN 16
AVERAGE MONTHLY: 69.5 TOTAL FOR MONTH: 0.08 1 = FOG OR MIST
DPTR FM NORMAL: 0.5 DPTR FM NORMAL: 0.01 2 = FOG REDUCING VISIBILITY
HIGHEST: 87 ON 8 GRTST 24HR 0.08 ON 29-30 TO 1/4 MILE OR LESS
LOWEST: 53 ON 28 3 = THUNDER
SNOW, ICE PELLETS, HAIL 4 = ICE PELLETS
TOTAL MONTH: M 5 = HAIL
GRTST 24HR M ON M 6 = FREEZING RAIN OR DRIZZLE
GRTST DEPTH: M ON M 7 = DUSTSTORM OR SANDSTORM:
VSBY 1/2 MILE OR LESS
8 = SMOKE OR HAZE
[NO. OF DAYS WITH] [WEATHER - DAYS WITH] 9 = BLOWING SNOW
X = TORNADO
MAX 32 OR BELOW: 0 0.01 INCH OR MORE: 1
MAX 90 OR ABOVE: 0 0.10 INCH OR MORE: 0
MIN 32 OR BELOW: 0 0.50 INCH OR MORE: 0
MIN 0 OR BELOW: 0 1.00 INCH OR MORE: 0
[HDD (BASE 65) ]
TOTAL THIS MO. 1 CLEAR (SCALE 0-3) 17
DPTR FM NORMAL -11 PTCLDY (SCALE 4-7) 12
TOTAL FM JUL 1 8 CLOUDY (SCALE 8-10) 1
DPTR FM NORMAL -6
[CDD (BASE 65) ]
TOTAL THIS MO. 140
DPTR FM NORMAL 10 [PRESSURE DATA]
TOTAL FM JAN 1 656 HIGHEST SLP M ON M
DPTR FM NORMAL 83 LOWEST SLP 29.77 ON 1
[REMARKS]
#FINAL-09-23#