000
CXUS54 KSJT 011000
CF6SJT
PRELIMINARY LOCAL CLIMATOLOGICAL DATA (WS FORM: F-6)
STATION: SAN ANGELO
MONTH: JULY
YEAR: 2022
LATITUDE: 31 21 N
LONGITUDE: 100 30 W
TEMPERATURE IN F: :PCPN: SNOW: WIND :SUNSHINE: SKY :PK WND
================================================================================
1 2 3 4 5 6A 6B 7 8 9 10 11 12 13 14 15 16 17 18
12Z AVG MX 2MIN
DY MAX MIN AVG DEP HDD CDD WTR SNW DPTH SPD SPD DIR MIN PSBL S-S WX SPD DR
================================================================================
1 104 73 89 5 0 24 0.00 0.0 0 8.0 20 100 M M 0 33 90
2 99 76 88 4 0 23 T 0.0 0 8.5 25 80 M M 0 3 35 80
3 97 73 85 1 0 20 0.00 0.0 0 8.4 22 180 M M 2 35 190
4 101 77 89 5 0 24 0.00 0.0 0 10.0 20 190 M M 0 27 180
5 102 78 90 6 0 25 0.00 0.0 0 10.5 18 170 M M 0 26 150
6 105 78 92 8 0 27 0.00 0.0 0 10.7 17 190 M M 0 29 200
7 105 79 92 8 0 27 0.00 0.0 0 9.3 18 190 M M 0 26 190
8 106 76 91 7 0 26 0.00 0.0 0 6.7 15 230 M M 0 21 180
9 106 75 91 7 0 26 T 0.0 0 8.5 25 40 M M 1 38 37 40
10 107 74 91 7 0 26 0.00 0.0 0 4.9 16 30 M M 0 22 70
11 110 71 91 7 0 26 0.00 0.0 0 6.3 17 70 M M 0 23 40
12 105 75 90 5 0 25 T 0.0 0 6.7 30 100 M M 1 38 42 80
13 105 70 88 3 0 23 0.00 0.0 0 5.4 17 120 M M 0 24 80
14 103 69 86 1 0 21 0.01 0.0 0 5.8 32 20 M M 1 3 39 20
15 101 61 81 -4 0 16 0.00 0.0 0 5.1 17 120 M M 1 24 100
16 100 71 86 1 0 21 0.00 0.0 0 5.4 14 70 M M 1 22 70
17 103 77 90 5 0 25 0.00 0.0 0 9.2 17 200 M M 1 26 210
18 107 76 92 7 0 27 0.00 0.0 0 7.7 16 220 M M 0 23 190
19 108 80 94 9 0 29 0.00 0.0 0 10.8 21 130 M M 0 29 110
20 105 80 93 8 0 28 0.00 0.0 0 10.0 16 180 M M 0 26 100
21 101 79 90 5 0 25 0.00 0.0 0 8.9 20 90 M M 0 28 80
22 103 79 91 6 0 26 0.00 0.0 0 8.9 17 140 M M 0 24 140
23 102 78 90 5 0 25 0.00 0.0 0 10.0 18 180 M M 1 27 170
24 102 78 90 4 0 25 0.00 0.0 0 10.4 18 150 M M 0 28 130
25 103 78 91 5 0 26 0.00 0.0 0 11.3 18 180 M M 0 28 170
26 103 78 91 5 0 26 0.00 0.0 0 11.5 18 190 M M 0 28 200
27 104 79 92 6 0 27 0.00 0.0 0 10.5 17 140 M M 1 29 200
28 102 77 90 4 0 25 0.00 0.0 0 9.5 17 200 M M 1 25 180
29 102 79 91 5 0 26 0.00 0.0 0 9.1 16 110 M M 2 23 160
30 103 79 91 5 0 26 0.00 0.0 0 10.0 18 210 M M 0 25 210
31 103 79 91 5 0 26 0.00 0.0 0 11.1 20 200 M M 0 29 190
================================================================================
SM 3207 2352 0 772 0.01 0.0 269.1 M 13
================================================================================
AV103.5 75.9 8.7 FASTST M M 0 MAX(MPH)
MISC ----> 32 20 42 80
================================================================================
NOTES:
# LAST OF SEVERAL OCCURRENCES
COLUMN 17 PEAK WIND IN M.P.H.
PRELIMINARY LOCAL CLIMATOLOGICAL DATA (WS FORM: F-6) , PAGE 2
STATION: SAN ANGELO
MONTH: JULY
YEAR: 2022
LATITUDE: 31 21 N
LONGITUDE: 100 30 W
[TEMPERATURE DATA] [PRECIPITATION DATA] SYMBOLS USED IN COLUMN 16
AVERAGE MONTHLY: 89.7 TOTAL FOR MONTH: 0.01 1 = FOG OR MIST
DPTR FM NORMAL: 4.9 DPTR FM NORMAL: -1.09 2 = FOG REDUCING VISIBILITY
HIGHEST: 110 ON 11 GRTST 24HR 0.01 ON 14-14 TO 1/4 MILE OR LESS
LOWEST: 61 ON 15 3 = THUNDER
SNOW, ICE PELLETS, HAIL 4 = ICE PELLETS
TOTAL MONTH: 0.0 INCH 5 = HAIL
GRTST 24HR 0.0 6 = FREEZING RAIN OR DRIZZLE
GRTST DEPTH: 0 7 = DUSTSTORM OR SANDSTORM:
VSBY 1/2 MILE OR LESS
8 = SMOKE OR HAZE
[NO. OF DAYS WITH] [WEATHER - DAYS WITH] 9 = BLOWING SNOW
X = TORNADO
MAX 32 OR BELOW: 0 0.01 INCH OR MORE: 1
MAX 90 OR ABOVE: 31 0.10 INCH OR MORE: 0
MIN 32 OR BELOW: 0 0.50 INCH OR MORE: 0
MIN 0 OR BELOW: 0 1.00 INCH OR MORE: 0
[HDD (BASE 65) ]
TOTAL THIS MO. 0 CLEAR (SCALE 0-3) 31
DPTR FM NORMAL 0 PTCLDY (SCALE 4-7) 0
TOTAL FM JUL 1 0 CLOUDY (SCALE 8-10) 0
DPTR FM NORMAL 0
[CDD (BASE 65) ]
TOTAL THIS MO. 772
DPTR FM NORMAL 157 [PRESSURE DATA]
TOTAL FM JAN 1 2218 HIGHEST SLP 30.08 ON 15
DPTR FM NORMAL 557 LOWEST SLP 29.70 ON 11
[REMARKS]
#FINAL-07-22#