169
CDUS43 KICT 150630
CLISLN


CLIMATE REPORT
NATIONAL WEATHER SERVICE WICHITA KS
130 AM CDT SUN APR 15 2018


...................................

...THE SALINA KS CLIMATE SUMMARY FOR APRIL 14 2018...

CLIMATE NORMAL PERIOD 1981 TO 2010
CLIMATE RECORD PERIOD 1894 TO 2018


WEATHER ITEM   OBSERVED TIME   RECORD YEAR NORMAL DEPARTURE LAST
                VALUE   (LST)  VALUE       VALUE  FROM      YEAR
                                                  NORMAL
..................................................................
TEMPERATURE (F)
 YESTERDAY
  MAXIMUM         37   1216 AM  93    2002  67    -30       81
  MINIMUM         29   1159 PM  22    1928  43    -14       60
  AVERAGE         33                        55    -22       71

PRECIPITATION (IN)
  YESTERDAY        T             1.96 1999   0.10  -0.10     0.00
  MONTH TO DATE    0.03                      1.31  -1.28     1.65
  SINCE MAR 1      0.78                      3.70  -2.92     5.27
  SINCE JAN 1      1.26                      5.50  -4.24     7.37

DEGREE DAYS
 HEATING
  YESTERDAY       32                        11     21        0
  MONTH TO DATE  285                       181    104      115
  SINCE MAR 1    815                       790     25      575
  SINCE JUL 1   4380                      4631   -251     3243

 COOLING
  YESTERDAY        0                         1     -1        6
  MONTH TO DATE    7                         6      1       17
  SINCE MAR 1      7                         8     -1       28
  SINCE JAN 1      7                         8     -1       28
..................................................................


WIND (MPH)
  HIGHEST WIND SPEED    43   HIGHEST WIND DIRECTION    NW (330)
  HIGHEST GUST SPEED    50   HIGHEST GUST DIRECTION    NW (300)
  AVERAGE WIND SPEED    30.0


SKY COVER
  POSSIBLE SUNSHINE  MM
  AVERAGE SKY COVER 1.0


WEATHER CONDITIONS
 THE FOLLOWING WEATHER WAS RECORDED YESTERDAY.
  LIGHT SNOW
  FOG


RELATIVE HUMIDITY (PERCENT)
 HIGHEST    96           200 AM
 LOWEST     69          1100 PM
 AVERAGE    83

..........................................................


THE SALINA KS CLIMATE NORMALS FOR TODAY
                         NORMAL    RECORD    YEAR
 MAXIMUM TEMPERATURE (F)   67        94      2006
 MINIMUM TEMPERATURE (F)   43        21      2014


SUNRISE AND SUNSET
APRIL 15 2018.........SUNRISE   654 AM CDT   SUNSET   808 PM CDT
APRIL 16 2018.........SUNRISE   653 AM CDT   SUNSET   809 PM CDT


-  INDICATES NEGATIVE NUMBERS.
R  INDICATES RECORD WAS SET OR TIED.
MM INDICATES DATA IS MISSING.
T  INDICATES TRACE AMOUNT.




$$
