889
CDUS43 KICT 080633
CLISLN


CLIMATE REPORT
NATIONAL WEATHER SERVICE WICHITA KS
130 AM CDT SUN APR 8 2018


...................................

...THE SALINA KS CLIMATE SUMMARY FOR APRIL 7 2018...

CLIMATE NORMAL PERIOD 1981 TO 2010
CLIMATE RECORD PERIOD 1894 TO 2018


WEATHER ITEM   OBSERVED TIME   RECORD YEAR NORMAL DEPARTURE LAST
                VALUE   (LST)  VALUE       VALUE  FROM      YEAR
                                                  NORMAL
..................................................................
TEMPERATURE (F)
 YESTERDAY
  MAXIMUM         43    619 PM  87    1908  64    -21       70
                                      1981
  MINIMUM         15R   638 AM  15    2018  40    -25       36
  AVERAGE         29                        52    -23       53

PRECIPITATION (IN)
  YESTERDAY        0.00          0.86 1976   0.09  -0.09     0.00
  MONTH TO DATE    T                         0.64  -0.64     1.64
  SINCE MAR 1      0.75                      3.03  -2.28     5.26
  SINCE JAN 1      1.23                      4.83  -3.60     7.36

DEGREE DAYS
 HEATING
  YESTERDAY       36                        13     23       12
  MONTH TO DATE  185                        97     88       89
  SINCE MAR 1    715                       706      9      549
  SINCE JUL 1   4280                      4547   -267     3217

 COOLING
  YESTERDAY        0                         0      0        0
  MONTH TO DATE    0                         0      0        0
  SINCE MAR 1      0                         2     -2       11
  SINCE JAN 1      0                         2     -2       11
..................................................................


WIND (MPH)
  HIGHEST WIND SPEED    13   HIGHEST WIND DIRECTION    NW (330)
  HIGHEST GUST SPEED    15   HIGHEST GUST DIRECTION    NW (330)
  AVERAGE WIND SPEED     5.7


SKY COVER
  POSSIBLE SUNSHINE  MM
  AVERAGE SKY COVER 0.0


WEATHER CONDITIONS
 THE FOLLOWING WEATHER WAS RECORDED YESTERDAY.
  NO SIGNIFICANT WEATHER WAS OBSERVED.


RELATIVE HUMIDITY (PERCENT)
 HIGHEST    88           400 AM
 LOWEST     29           500 PM
 AVERAGE    59

..........................................................


THE SALINA KS CLIMATE NORMALS FOR TODAY
                         NORMAL    RECORD    YEAR
 MAXIMUM TEMPERATURE (F)   65        91      1905
 MINIMUM TEMPERATURE (F)   41        20      1909


SUNRISE AND SUNSET
APRIL  8 2018.........SUNRISE   705 AM CDT   SUNSET   801 PM CDT
APRIL  9 2018.........SUNRISE   703 AM CDT   SUNSET   802 PM CDT


-  INDICATES NEGATIVE NUMBERS.
R  INDICATES RECORD WAS SET OR TIED.
MM INDICATES DATA IS MISSING.
T  INDICATES TRACE AMOUNT.




$$
