907
CDUS43 KICT 040631
CLISLN


CLIMATE REPORT
NATIONAL WEATHER SERVICE WICHITA KS
130 AM CDT FRI MAY 4 2018


...................................

...THE SALINA KS CLIMATE SUMMARY FOR MAY 3 2018...

CLIMATE NORMAL PERIOD 1981 TO 2010
CLIMATE RECORD PERIOD 1894 TO 2018


WEATHER ITEM   OBSERVED TIME   RECORD YEAR NORMAL DEPARTURE LAST
                VALUE   (LST)  VALUE       VALUE  FROM      YEAR
                                                  NORMAL
..................................................................
TEMPERATURE (F)
 YESTERDAY
  MAXIMUM         84    206 PM  91    1959  73     11       66
                                      1950
  MINIMUM         57    433 AM  29    1976  49      8       49
  AVERAGE         71                        61     10       58

PRECIPITATION (IN)
  YESTERDAY        0.12          1.63 1923   0.13  -0.01     0.27
  MONTH TO DATE    0.72                      0.37   0.35     0.28
  SINCE MAR 1      2.67                      5.81  -3.14     7.55
  SINCE JAN 1      3.15                      7.61  -4.46     9.65

DEGREE DAYS
 HEATING
  YESTERDAY        0                         6     -6        7
  MONTH TO DATE    0                        18    -18       22
  SINCE MAR 1   1003                       945     58      731
  SINCE JUL 1   4568                      4786   -218     3399

 COOLING
  YESTERDAY        6                         1      5        0
  MONTH TO DATE   24                         3     21        0
  SINCE MAR 1     44                        28     16       51
  SINCE JAN 1     44                        28     16       51
..................................................................


WIND (MPH)
  HIGHEST WIND SPEED    35   HIGHEST WIND DIRECTION     W (290)
  HIGHEST GUST SPEED    41   HIGHEST GUST DIRECTION     W (290)
  AVERAGE WIND SPEED    12.1


SKY COVER
  POSSIBLE SUNSHINE  MM
  AVERAGE SKY COVER 0.3


WEATHER CONDITIONS
 THE FOLLOWING WEATHER WAS RECORDED YESTERDAY.
  THUNDERSTORM
  HEAVY RAIN
  LIGHT RAIN
  FOG


RELATIVE HUMIDITY (PERCENT)
 HIGHEST   100           200 AM
 LOWEST     43           200 PM
 AVERAGE    72

..........................................................


THE SALINA KS CLIMATE NORMALS FOR TODAY
                         NORMAL    RECORD    YEAR
 MAXIMUM TEMPERATURE (F)   73        96      2014
 MINIMUM TEMPERATURE (F)   50        24      1907


SUNRISE AND SUNSET
MAY  4 2018...........SUNRISE   629 AM CDT   SUNSET   826 PM CDT
MAY  5 2018...........SUNRISE   628 AM CDT   SUNSET   827 PM CDT


-  INDICATES NEGATIVE NUMBERS.
R  INDICATES RECORD WAS SET OR TIED.
MM INDICATES DATA IS MISSING.
T  INDICATES TRACE AMOUNT.




$$
