000
CDUS43 KICT 080700
CLISLN


CLIMATE REPORT
NATIONAL WEATHER SERVICE WICHITA KS
100 AM CST THU MAR 8 2018


...................................

...THE SALINA KS CLIMATE SUMMARY FOR MARCH 7 2018...

CLIMATE NORMAL PERIOD 1981 TO 2010
CLIMATE RECORD PERIOD 1894 TO 2018


WEATHER ITEM   OBSERVED TIME   RECORD YEAR NORMAL DEPARTURE LAST
                VALUE   (LST)  VALUE       VALUE  FROM      YEAR
                                                  NORMAL
..................................................................
TEMPERATURE (F)
 YESTERDAY
  MAXIMUM         54    430 PM  78    2016  54      0       66
  MINIMUM         22    713 AM  -4    1920  31     -9       28
  AVERAGE         38                        42     -4       47

PRECIPITATION (IN)
  YESTERDAY        0.00          0.43 1969   0.07  -0.07     0.00
  MONTH TO DATE    T                         0.43  -0.43     0.00
  SINCE MAR 1      T                         0.43  -0.43     0.00
  SINCE JAN 1      0.48                      2.23  -1.75     2.10

DEGREE DAYS
 HEATING
  YESTERDAY       27                        23      4       18
  MONTH TO DATE  108                       166    -58       92
  SINCE MAR 1    108                       166    -58       92
  SINCE JUL 1   3673                      4007   -334     2760

 COOLING
  YESTERDAY        0                         0      0        0
  MONTH TO DATE    0                         0      0        0
  SINCE MAR 1      0                         0      0        0
  SINCE JAN 1      0                         0      0        0
..................................................................


WIND (MPH)
  HIGHEST WIND SPEED    25   HIGHEST WIND DIRECTION    NW (320)
  HIGHEST GUST SPEED    32   HIGHEST GUST DIRECTION    NW (300)
  AVERAGE WIND SPEED    12.7


SKY COVER
  POSSIBLE SUNSHINE  MM
  AVERAGE SKY COVER 0.2


WEATHER CONDITIONS
 THE FOLLOWING WEATHER WAS RECORDED YESTERDAY.
  NO SIGNIFICANT WEATHER WAS OBSERVED.


RELATIVE HUMIDITY (PERCENT)
 HIGHEST    84           700 AM
 LOWEST     19           400 PM
 AVERAGE    52

..........................................................


THE SALINA KS CLIMATE NORMALS FOR TODAY
                         NORMAL    RECORD    YEAR
 MAXIMUM TEMPERATURE (F)   54        78      1970
 MINIMUM TEMPERATURE (F)   32        -1      1967


SUNRISE AND SUNSET
MARCH  8 2018.........SUNRISE   653 AM CST   SUNSET   631 PM CST
MARCH  9 2018.........SUNRISE   651 AM CST   SUNSET   632 PM CST


-  INDICATES NEGATIVE NUMBERS.
R  INDICATES RECORD WAS SET OR TIED.
MM INDICATES DATA IS MISSING.
T  INDICATES TRACE AMOUNT.




$$
