000
CDUS43 KICT 140636
CLISLN


CLIMATE REPORT
NATIONAL WEATHER SERVICE WICHITA KS
135 AM CDT SAT APR 14 2018


...................................

...THE SALINA KS CLIMATE SUMMARY FOR APRIL 13 2018...

CLIMATE NORMAL PERIOD 1981 TO 2010
CLIMATE RECORD PERIOD 1894 TO 2018


WEATHER ITEM   OBSERVED TIME   RECORD YEAR NORMAL DEPARTURE LAST
                VALUE   (LST)  VALUE       VALUE  FROM      YEAR
                                                  NORMAL
..................................................................
TEMPERATURE (F)
 YESTERDAY
  MAXIMUM         75    145 PM  93    2006  66      9       76
  MINIMUM         37   1159 PM  18    1907  42     -5       59
  AVERAGE         56                        54      2       68

PRECIPITATION (IN)
  YESTERDAY        0.00          1.43 1955   0.10  -0.10     0.01
  MONTH TO DATE    0.03                      1.21  -1.18     1.65
  SINCE MAR 1      0.78                      3.60  -2.82     5.27
  SINCE JAN 1      1.26                      5.40  -4.14     7.37

DEGREE DAYS
 HEATING
  YESTERDAY        9                        11     -2        0
  MONTH TO DATE  253                       170     83      115
  SINCE MAR 1    783                       779      4      575
  SINCE JUL 1   4348                      4620   -272     3243

 COOLING
  YESTERDAY        0                         1     -1        3
  MONTH TO DATE    7                         5      2       11
  SINCE MAR 1      7                         7      0       22
  SINCE JAN 1      7                         7      0       22
..................................................................


WIND (MPH)
  HIGHEST WIND SPEED    31   HIGHEST WIND DIRECTION     S (180)
  HIGHEST GUST SPEED    46   HIGHEST GUST DIRECTION     S (170)
  AVERAGE WIND SPEED    20.0


SKY COVER
  POSSIBLE SUNSHINE  MM
  AVERAGE SKY COVER 0.3


WEATHER CONDITIONS
 THE FOLLOWING WEATHER WAS RECORDED YESTERDAY.
  NO SIGNIFICANT WEATHER WAS OBSERVED.


RELATIVE HUMIDITY (PERCENT)
 HIGHEST    73           300 AM
 LOWEST     41           100 PM
 AVERAGE    57

..........................................................


THE SALINA KS CLIMATE NORMALS FOR TODAY
                         NORMAL    RECORD    YEAR
 MAXIMUM TEMPERATURE (F)   67        93      2002
 MINIMUM TEMPERATURE (F)   43        22      1928


SUNRISE AND SUNSET
APRIL 14 2018.........SUNRISE   656 AM CDT   SUNSET   807 PM CDT
APRIL 15 2018.........SUNRISE   654 AM CDT   SUNSET   808 PM CDT


-  INDICATES NEGATIVE NUMBERS.
R  INDICATES RECORD WAS SET OR TIED.
MM INDICATES DATA IS MISSING.
T  INDICATES TRACE AMOUNT.




$$
