000
CDUS43 KICT 190712
CLISLN


CLIMATE REPORT
NATIONAL WEATHER SERVICE WICHITA KS
210 AM CDT SAT MAY 19 2018


...................................

...THE SALINA KS CLIMATE SUMMARY FOR MAY 18 2018...

CLIMATE NORMAL PERIOD 1981 TO 2010
CLIMATE RECORD PERIOD 1894 TO 2018


WEATHER ITEM   OBSERVED TIME   RECORD YEAR NORMAL DEPARTURE LAST
                VALUE   (LST)  VALUE       VALUE  FROM      YEAR
                                                  NORMAL
..................................................................
TEMPERATURE (F)
 YESTERDAY
  MAXIMUM         88    333 PM  98    1998  77     11       75
                                      1956
  MINIMUM         64   1110 PM  41    2002  55      9       55
                                      1976
  AVERAGE         76                        66     10       65

PRECIPITATION (IN)
  YESTERDAY        0.48          1.48 2017   0.16   0.32     1.48
  MONTH TO DATE    1.32                      2.53  -1.21     2.42
  SINCE MAR 1      3.27                      7.97  -4.70     9.69
  SINCE JAN 1      3.75                      9.77  -6.02    11.79

DEGREE DAYS
 HEATING
  YESTERDAY        0                         3     -3        0
  MONTH TO DATE    0                        76    -76       39
  SINCE MAR 1   1003                      1003      0      748
  SINCE JUL 1   4568                      4844   -276     3416

 COOLING
  YESTERDAY       11                         3      8        0
  MONTH TO DATE  156                        40    116       75
  SINCE MAR 1    176                        65    111      126
  SINCE JAN 1    176                        65    111      126
..................................................................


WIND (MPH)
  HIGHEST WIND SPEED    32   HIGHEST WIND DIRECTION    SW (240)
  HIGHEST GUST SPEED    41   HIGHEST GUST DIRECTION     W (250)
  AVERAGE WIND SPEED    13.3


SKY COVER
  POSSIBLE SUNSHINE  MM
  AVERAGE SKY COVER 0.2


WEATHER CONDITIONS
 THE FOLLOWING WEATHER WAS RECORDED YESTERDAY.
  THUNDERSTORM
  HEAVY RAIN
  RAIN
  LIGHT RAIN
  FOG


RELATIVE HUMIDITY (PERCENT)
 HIGHEST    84           600 AM
 LOWEST     34           400 PM
 AVERAGE    59

..........................................................


THE SALINA KS CLIMATE NORMALS FOR TODAY
                         NORMAL    RECORD    YEAR
 MAXIMUM TEMPERATURE (F)   77       101      1933
 MINIMUM TEMPERATURE (F)   55        32      1894


SUNRISE AND SUNSET
MAY 19 2018...........SUNRISE   615 AM CDT   SUNSET   840 PM CDT
MAY 20 2018...........SUNRISE   614 AM CDT   SUNSET   841 PM CDT


-  INDICATES NEGATIVE NUMBERS.
R  INDICATES RECORD WAS SET OR TIED.
MM INDICATES DATA IS MISSING.
T  INDICATES TRACE AMOUNT.

$$
