966
CDUS43 KICT 130652
CLISLN


CLIMATE REPORT
NATIONAL WEATHER SERVICE WICHITA KS
151 AM CDT FRI APR 13 2018


...................................

...THE SALINA KS CLIMATE SUMMARY FOR APRIL 12 2018...

CLIMATE NORMAL PERIOD 1981 TO 2010
CLIMATE RECORD PERIOD 1894 TO 2018


WEATHER ITEM   OBSERVED TIME   RECORD YEAR NORMAL DEPARTURE LAST
                VALUE   (LST)  VALUE       VALUE  FROM      YEAR
                                                  NORMAL
..................................................................
TEMPERATURE (F)
 YESTERDAY
  MAXIMUM         90    355 PM  91    2014  66     24       77
  MINIMUM         50    544 AM  19    1997  42      8       47
  AVERAGE         70                        54     16       62

PRECIPITATION (IN)
  YESTERDAY        0.00          1.43 1985   0.10  -0.10     0.00
  MONTH TO DATE    0.03                      1.11  -1.08     1.64
  SINCE MAR 1      0.78                      3.50  -2.72     5.26
  SINCE JAN 1      1.26                      5.30  -4.04     7.36

DEGREE DAYS
 HEATING
  YESTERDAY        0                        12    -12        3
  MONTH TO DATE  244                       159     85      115
  SINCE MAR 1    774                       768      6      575
  SINCE JUL 1   4339                      4609   -270     3243

 COOLING
  YESTERDAY        5                         1      4        0
  MONTH TO DATE    7                         4      3        8
  SINCE MAR 1      7                         6      1       19
  SINCE JAN 1      7                         6      1       19
..................................................................


WIND (MPH)
  HIGHEST WIND SPEED    32   HIGHEST WIND DIRECTION     S (170)
  HIGHEST GUST SPEED    47   HIGHEST GUST DIRECTION     S (170)
  AVERAGE WIND SPEED    16.8


SKY COVER
  POSSIBLE SUNSHINE  MM
  AVERAGE SKY COVER 0.0


WEATHER CONDITIONS
 THE FOLLOWING WEATHER WAS RECORDED YESTERDAY.
  NO SIGNIFICANT WEATHER WAS OBSERVED.


RELATIVE HUMIDITY (PERCENT)
 HIGHEST    83           600 AM
 LOWEST     29           300 PM
 AVERAGE    56

..........................................................


THE SALINA KS CLIMATE NORMALS FOR TODAY
                         NORMAL    RECORD    YEAR
 MAXIMUM TEMPERATURE (F)   66        93      2006
 MINIMUM TEMPERATURE (F)   42        18      1907


SUNRISE AND SUNSET
APRIL 13 2018.........SUNRISE   657 AM CDT   SUNSET   806 PM CDT
APRIL 14 2018.........SUNRISE   656 AM CDT   SUNSET   807 PM CDT


-  INDICATES NEGATIVE NUMBERS.
R  INDICATES RECORD WAS SET OR TIED.
MM INDICATES DATA IS MISSING.
T  INDICATES TRACE AMOUNT.




$$
