000
CDUS43 KICT 100632
CLISLN


CLIMATE REPORT
NATIONAL WEATHER SERVICE WICHITA KS
131 AM CDT TUE APR 10 2018


...................................

...THE SALINA KS CLIMATE SUMMARY FOR APRIL 9 2018...

CLIMATE NORMAL PERIOD 1981 TO 2010
CLIMATE RECORD PERIOD 1894 TO 2018


WEATHER ITEM   OBSERVED TIME   RECORD YEAR NORMAL DEPARTURE LAST
                VALUE   (LST)  VALUE       VALUE  FROM      YEAR
                                                  NORMAL
..................................................................
TEMPERATURE (F)
 YESTERDAY
  MAXIMUM         54    442 PM  95    1930  65    -11       82
  MINIMUM         30   1122 PM  21    1916  41    -11       56
  AVERAGE         42                        53    -11       69

PRECIPITATION (IN)
  YESTERDAY        T             0.99 1978   0.09  -0.09     0.00
  MONTH TO DATE    0.03                      0.82  -0.79     1.64
  SINCE MAR 1      0.78                      3.21  -2.43     5.26
  SINCE JAN 1      1.26                      5.01  -3.75     7.36

DEGREE DAYS
 HEATING
  YESTERDAY       23                        13     10        0
  MONTH TO DATE  230                       123    107       89
  SINCE MAR 1    760                       732     28      549
  SINCE JUL 1   4325                      4573   -248     3217

 COOLING
  YESTERDAY        0                         1     -1        4
  MONTH TO DATE    0                         1     -1        8
  SINCE MAR 1      0                         3     -3       19
  SINCE JAN 1      0                         3     -3       19
..................................................................


WIND (MPH)
  HIGHEST WIND SPEED    23   HIGHEST WIND DIRECTION     N (350)
  HIGHEST GUST SPEED    27   HIGHEST GUST DIRECTION     N (340)
  AVERAGE WIND SPEED    11.5


SKY COVER
  POSSIBLE SUNSHINE  MM
  AVERAGE SKY COVER 0.6


WEATHER CONDITIONS
 THE FOLLOWING WEATHER WAS RECORDED YESTERDAY.
  LIGHT RAIN


RELATIVE HUMIDITY (PERCENT)
 HIGHEST    86          1200 AM
 LOWEST     41           400 PM
 AVERAGE    64

..........................................................


THE SALINA KS CLIMATE NORMALS FOR TODAY
                         NORMAL    RECORD    YEAR
 MAXIMUM TEMPERATURE (F)   65        92      1930
 MINIMUM TEMPERATURE (F)   41        24      1989


SUNRISE AND SUNSET
APRIL 10 2018.........SUNRISE   702 AM CDT   SUNSET   803 PM CDT
APRIL 11 2018.........SUNRISE   700 AM CDT   SUNSET   804 PM CDT


-  INDICATES NEGATIVE NUMBERS.
R  INDICATES RECORD WAS SET OR TIED.
MM INDICATES DATA IS MISSING.
T  INDICATES TRACE AMOUNT.




$$
