000
CDUS43 KICT 080621
CLISLN


CLIMATE REPORT
NATIONAL WEATHER SERVICE WICHITA KS
120 AM CDT TUE MAY 8 2018


...................................

...THE SALINA KS CLIMATE SUMMARY FOR MAY 7 2018...

CLIMATE NORMAL PERIOD 1981 TO 2010
CLIMATE RECORD PERIOD 1894 TO 2018


WEATHER ITEM   OBSERVED TIME   RECORD YEAR NORMAL DEPARTURE LAST
                VALUE   (LST)  VALUE       VALUE  FROM      YEAR
                                                  NORMAL
..................................................................
TEMPERATURE (F)
 YESTERDAY
  MAXIMUM         89    459 PM  99    1895  74     15       87
  MINIMUM         54    530 AM  35    1951  51      3       52
  AVERAGE         72                        62     10       70

PRECIPITATION (IN)
  YESTERDAY        0.00          2.30 1995   0.14  -0.14     0.00
  MONTH TO DATE    0.72                      0.90  -0.18     0.28
  SINCE MAR 1      2.67                      6.34  -3.67     7.55
  SINCE JAN 1      3.15                      8.14  -4.99     9.65

DEGREE DAYS
 HEATING
  YESTERDAY        0                         5     -5        0
  MONTH TO DATE    0                        38    -38       32
  SINCE MAR 1   1003                       965     38      741
  SINCE JUL 1   4568                      4806   -238     3409

 COOLING
  YESTERDAY        7                         2      5        5
  MONTH TO DATE   41                        11     30        7
  SINCE MAR 1     61                        36     25       58
  SINCE JAN 1     61                        36     25       58
..................................................................


WIND (MPH)
  HIGHEST WIND SPEED    18   HIGHEST WIND DIRECTION    SE (150)
  HIGHEST GUST SPEED    24   HIGHEST GUST DIRECTION    SE (130)
  AVERAGE WIND SPEED     9.2


SKY COVER
  POSSIBLE SUNSHINE  MM
  AVERAGE SKY COVER 0.0


WEATHER CONDITIONS
 THE FOLLOWING WEATHER WAS RECORDED YESTERDAY.
  NO SIGNIFICANT WEATHER WAS OBSERVED.


RELATIVE HUMIDITY (PERCENT)
 HIGHEST    83           600 AM
 LOWEST     24           300 PM
 AVERAGE    54

..........................................................


THE SALINA KS CLIMATE NORMALS FOR TODAY
                         NORMAL    RECORD    YEAR
 MAXIMUM TEMPERATURE (F)   74        96      1895
 MINIMUM TEMPERATURE (F)   51        32      1917


SUNRISE AND SUNSET
MAY  8 2018...........SUNRISE   625 AM CDT   SUNSET   830 PM CDT
MAY  9 2018...........SUNRISE   624 AM CDT   SUNSET   831 PM CDT


-  INDICATES NEGATIVE NUMBERS.
R  INDICATES RECORD WAS SET OR TIED.
MM INDICATES DATA IS MISSING.
T  INDICATES TRACE AMOUNT.




$$
