000
CDUS43 KICT 110630
CLISLN


CLIMATE REPORT
NATIONAL WEATHER SERVICE WICHITA KS
129 AM CDT WED APR 11 2018


...................................

...THE SALINA KS CLIMATE SUMMARY FOR APRIL 10 2018...

CLIMATE NORMAL PERIOD 1981 TO 2010
CLIMATE RECORD PERIOD 1894 TO 2018


WEATHER ITEM   OBSERVED TIME   RECORD YEAR NORMAL DEPARTURE LAST
                VALUE   (LST)  VALUE       VALUE  FROM      YEAR
                                                  NORMAL
..................................................................
TEMPERATURE (F)
 YESTERDAY
  MAXIMUM         78    557 PM  92    1930  65     13       65
  MINIMUM         24R   446 AM  24    1989  41    -17       42
  AVERAGE         51                        53     -2       54

PRECIPITATION (IN)
  YESTERDAY        0.00          2.36 1947   0.10  -0.10     0.00
  MONTH TO DATE    0.03                      0.92  -0.89     1.64
  SINCE MAR 1      0.78                      3.31  -2.53     5.26
  SINCE JAN 1      1.26                      5.11  -3.85     7.36

DEGREE DAYS
 HEATING
  YESTERDAY       14                        12      2       11
  MONTH TO DATE  244                       135    109      100
  SINCE MAR 1    774                       744     30      560
  SINCE JUL 1   4339                      4585   -246     3228

 COOLING
  YESTERDAY        0                         1     -1        0
  MONTH TO DATE    0                         2     -2        8
  SINCE MAR 1      0                         4     -4       19
  SINCE JAN 1      0                         4     -4       19
..................................................................


WIND (MPH)
  HIGHEST WIND SPEED    31   HIGHEST WIND DIRECTION    SW (220)
  HIGHEST GUST SPEED    39   HIGHEST GUST DIRECTION     S (200)
  AVERAGE WIND SPEED    10.4


SKY COVER
  POSSIBLE SUNSHINE  MM
  AVERAGE SKY COVER 0.3


WEATHER CONDITIONS
 THE FOLLOWING WEATHER WAS RECORDED YESTERDAY.
  NO SIGNIFICANT WEATHER WAS OBSERVED.


RELATIVE HUMIDITY (PERCENT)
 HIGHEST    88           500 AM
 LOWEST     17           600 PM
 AVERAGE    53

..........................................................


THE SALINA KS CLIMATE NORMALS FOR TODAY
                         NORMAL    RECORD    YEAR
 MAXIMUM TEMPERATURE (F)   66        89      1930
 MINIMUM TEMPERATURE (F)   42        23      1989


SUNRISE AND SUNSET
APRIL 11 2018.........SUNRISE   700 AM CDT   SUNSET   804 PM CDT
APRIL 12 2018.........SUNRISE   659 AM CDT   SUNSET   805 PM CDT


-  INDICATES NEGATIVE NUMBERS.
R  INDICATES RECORD WAS SET OR TIED.
MM INDICATES DATA IS MISSING.
T  INDICATES TRACE AMOUNT.




$$
