000
CDUS43 KICT 250635
CLISLN

CLIMATE REPORT
NATIONAL WEATHER SERVICE WICHITA KS
134 AM CDT WED APR 25 2018


...................................

...THE SALINA KS CLIMATE SUMMARY FOR APRIL 24 2018...

CLIMATE NORMAL PERIOD 1981 TO 2010
CLIMATE RECORD PERIOD 1894 TO 2018


WEATHER ITEM   OBSERVED TIME   RECORD YEAR NORMAL DEPARTURE LAST
                VALUE   (LST)  VALUE       VALUE  FROM      YEAR
                                                  NORMAL
..................................................................
TEMPERATURE (F)
 YESTERDAY
  MAXIMUM         73   1212 PM  96    1989  70      3       78
  MINIMUM         41    556 AM  23    2013  46     -5       49
  AVERAGE         57                        58     -1       64

PRECIPITATION (IN)
  YESTERDAY        0.12          1.17 2007   0.11   0.01     0.00
  MONTH TO DATE    0.84                      2.36  -1.52     2.39
  SINCE MAR 1      1.59                      4.75  -3.16     6.01
  SINCE JAN 1      2.07                      6.55  -4.48     8.11

DEGREE DAYS
 HEATING
  YESTERDAY        8                         8      0        1
  MONTH TO DATE  432                       275    157      157
  SINCE MAR 1    962                       884     78      617
  SINCE JUL 1   4527                      4725   -198     3285

 COOLING
  YESTERDAY        0                         1     -1        0
  MONTH TO DATE    7                        16     -9       40
  SINCE MAR 1      7                        18    -11       51
  SINCE JAN 1      7                        18    -11       51
..................................................................


WIND (MPH)
  HIGHEST WIND SPEED    29   HIGHEST WIND DIRECTION    NW (330)
  HIGHEST GUST SPEED    33   HIGHEST GUST DIRECTION     N (340)
  AVERAGE WIND SPEED    11.6


SKY COVER
  POSSIBLE SUNSHINE  MM
  AVERAGE SKY COVER 0.4


WEATHER CONDITIONS
 THE FOLLOWING WEATHER WAS RECORDED YESTERDAY.
  RAIN
  LIGHT RAIN
  FOG


RELATIVE HUMIDITY (PERCENT)
 HIGHEST    86           600 AM
 LOWEST     33          1200 PM
 AVERAGE    60

..........................................................


THE SALINA KS CLIMATE NORMALS FOR TODAY
                         NORMAL    RECORD    YEAR
 MAXIMUM TEMPERATURE (F)   70        94      1989
 MINIMUM TEMPERATURE (F)   47        31      2013


SUNRISE AND SUNSET
APRIL 25 2018.........SUNRISE   640 AM CDT   SUNSET   817 PM CDT
APRIL 26 2018.........SUNRISE   639 AM CDT   SUNSET   818 PM CDT


-  INDICATES NEGATIVE NUMBERS.
R  INDICATES RECORD WAS SET OR TIED.
MM INDICATES DATA IS MISSING.
T  INDICATES TRACE AMOUNT.




$$
