000
CDUS43 KICT 210623
CLISLN


CLIMATE REPORT
NATIONAL WEATHER SERVICE WICHITA KS
123 AM CDT SAT APR 21 2018


...................................

...THE SALINA KS CLIMATE SUMMARY FOR APRIL 20 2018...

CLIMATE NORMAL PERIOD 1981 TO 2010
CLIMATE RECORD PERIOD 1894 TO 2018


WEATHER ITEM   OBSERVED TIME   RECORD YEAR NORMAL DEPARTURE LAST
                VALUE   (LST)  VALUE       VALUE  FROM      YEAR
                                                  NORMAL
..................................................................
TEMPERATURE (F)
 YESTERDAY
  MAXIMUM         66    253 PM  98    1902  69     -3       72
  MINIMUM         36    140 AM  21    1953  45     -9       53
  AVERAGE         51                        57     -6       63

PRECIPITATION (IN)
  YESTERDAY        T             3.25 1976   0.10  -0.10     0.00
  MONTH TO DATE    0.03                      1.93  -1.90     2.18
  SINCE MAR 1      0.78                      4.32  -3.54     5.80
  SINCE JAN 1      1.26                      6.12  -4.86     7.90

DEGREE DAYS
 HEATING
  YESTERDAY       14                         9      5        2
  MONTH TO DATE  393                       241    152      125
  SINCE MAR 1    923                       850     73      585
  SINCE JUL 1   4488                      4691   -203     3253

 COOLING
  YESTERDAY        0                         1     -1        0
  MONTH TO DATE    7                        12     -5       40
  SINCE MAR 1      7                        14     -7       51
  SINCE JAN 1      7                        14     -7       51
..................................................................


WIND (MPH)
  HIGHEST WIND SPEED    24   HIGHEST WIND DIRECTION    SE (140)
  HIGHEST GUST SPEED    30   HIGHEST GUST DIRECTION    SE (120)
  AVERAGE WIND SPEED    13.4


SKY COVER
  POSSIBLE SUNSHINE  MM
  AVERAGE SKY COVER 0.3


WEATHER CONDITIONS
 THE FOLLOWING WEATHER WAS RECORDED YESTERDAY.
  LIGHT RAIN


RELATIVE HUMIDITY (PERCENT)
 HIGHEST    70           300 AM
 LOWEST     27           600 PM
 AVERAGE    49

..........................................................


THE SALINA KS CLIMATE NORMALS FOR TODAY
                         NORMAL    RECORD    YEAR
 MAXIMUM TEMPERATURE (F)   69        94      1989
 MINIMUM TEMPERATURE (F)   45        21      1966


SUNRISE AND SUNSET
APRIL 21 2018.........SUNRISE   646 AM CDT   SUNSET   813 PM CDT
APRIL 22 2018.........SUNRISE   644 AM CDT   SUNSET   814 PM CDT


-  INDICATES NEGATIVE NUMBERS.
R  INDICATES RECORD WAS SET OR TIED.
MM INDICATES DATA IS MISSING.
T  INDICATES TRACE AMOUNT.




$$
