000
CDUS43 KICT 110623
CLISLN


CLIMATE REPORT
NATIONAL WEATHER SERVICE WICHITA KS
123 AM CDT SUN MAR 11 2018


...................................

...THE SALINA KS CLIMATE SUMMARY FOR MARCH 10 2018...

CLIMATE NORMAL PERIOD 1981 TO 2010
CLIMATE RECORD PERIOD 1894 TO 2018


WEATHER ITEM   OBSERVED TIME   RECORD YEAR NORMAL DEPARTURE LAST
                VALUE   (LST)  VALUE       VALUE  FROM      YEAR
                                                  NORMAL
..................................................................
TEMPERATURE (F)
 YESTERDAY
  MAXIMUM         69    348 PM  86    1989  55     14       42
  MINIMUM         32    524 AM   3    1998  32      0       26
  AVERAGE         51                        44      7       34

PRECIPITATION (IN)
  YESTERDAY        0.00          1.64 1973   0.07  -0.07     0.00
  MONTH TO DATE    T                         0.64  -0.64     0.00
  SINCE MAR 1      T                         0.64  -0.64     0.00
  SINCE JAN 1      0.48                      2.44  -1.96     2.10

DEGREE DAYS
 HEATING
  YESTERDAY       14                        21     -7       31
  MONTH TO DATE  165                       231    -66      148
  SINCE MAR 1    165                       231    -66      148
  SINCE JUL 1   3730                      4072   -342     2816

 COOLING
  YESTERDAY        0                         0      0        0
  MONTH TO DATE    0                         0      0        0
  SINCE MAR 1      0                         0      0        0
  SINCE JAN 1      0                         0      0        0
..................................................................


WIND (MPH)
  HIGHEST WIND SPEED    32   HIGHEST WIND DIRECTION     N (350)
  HIGHEST GUST SPEED    38   HIGHEST GUST DIRECTION     N (350)
  AVERAGE WIND SPEED     7.8


SKY COVER
  POSSIBLE SUNSHINE  MM
  AVERAGE SKY COVER 0.1


WEATHER CONDITIONS
 THE FOLLOWING WEATHER WAS RECORDED YESTERDAY.
  NO SIGNIFICANT WEATHER WAS OBSERVED.


RELATIVE HUMIDITY (PERCENT)
 HIGHEST    75           700 AM
 LOWEST     24           400 PM
 AVERAGE    50

..........................................................


THE SALINA KS CLIMATE NORMALS FOR TODAY
                         NORMAL    RECORD    YEAR
 MAXIMUM TEMPERATURE (F)   55        86      1972
 MINIMUM TEMPERATURE (F)   33         1      1998


SUNRISE AND SUNSET
MARCH 11 2018.........SUNRISE   748 AM CDT   SUNSET   734 PM CDT
MARCH 12 2018.........SUNRISE   746 AM CDT   SUNSET   735 PM CDT


-  INDICATES NEGATIVE NUMBERS.
R  INDICATES RECORD WAS SET OR TIED.
MM INDICATES DATA IS MISSING.
T  INDICATES TRACE AMOUNT.




$$
