000
CDUS43 KICT 100626
CLISLN


CLIMATE REPORT
NATIONAL WEATHER SERVICE WICHITA KS
1225 AM CST SAT MAR 10 2018


...................................

...THE SALINA KS CLIMATE SUMMARY FOR MARCH 9 2018...

CLIMATE NORMAL PERIOD 1981 TO 2010
CLIMATE RECORD PERIOD 1894 TO 2018


WEATHER ITEM   OBSERVED TIME   RECORD YEAR NORMAL DEPARTURE LAST
                VALUE   (LST)  VALUE       VALUE  FROM      YEAR
                                                  NORMAL
..................................................................
TEMPERATURE (F)
 YESTERDAY
  MAXIMUM         73    251 PM  80    1986  55     18       75
  MINIMUM         29    712 AM  -3    1912  32     -3       35
  AVERAGE         51                        43      8       55

PRECIPITATION (IN)
  YESTERDAY        0.00          1.39 1938   0.08  -0.08     0.00
  MONTH TO DATE    T                         0.57  -0.57     0.00
  SINCE MAR 1      T                         0.57  -0.57     0.00
  SINCE JAN 1      0.48                      2.37  -1.89     2.10

DEGREE DAYS
 HEATING
  YESTERDAY       14                        22     -8       10
  MONTH TO DATE  151                       210    -59      117
  SINCE MAR 1    151                       210    -59      117
  SINCE JUL 1   3716                      4051   -335     2785

 COOLING
  YESTERDAY        0                         0      0        0
  MONTH TO DATE    0                         0      0        0
  SINCE MAR 1      0                         0      0        0
  SINCE JAN 1      0                         0      0        0
..................................................................


WIND (MPH)
  HIGHEST WIND SPEED    23   HIGHEST WIND DIRECTION    NW (330)
  HIGHEST GUST SPEED    28   HIGHEST GUST DIRECTION    NW (330)
  AVERAGE WIND SPEED     7.8


SKY COVER
  POSSIBLE SUNSHINE  MM
  AVERAGE SKY COVER 0.0


WEATHER CONDITIONS
 THE FOLLOWING WEATHER WAS RECORDED YESTERDAY.
  NO SIGNIFICANT WEATHER WAS OBSERVED.


RELATIVE HUMIDITY (PERCENT)
 HIGHEST    78           800 AM
 LOWEST     18           400 PM
 AVERAGE    48

..........................................................


THE SALINA KS CLIMATE NORMALS FOR TODAY
                         NORMAL    RECORD    YEAR
 MAXIMUM TEMPERATURE (F)   55        86      1989
 MINIMUM TEMPERATURE (F)   32         3      1998


SUNRISE AND SUNSET
MARCH 10 2018.........SUNRISE   649 AM CST   SUNSET   633 PM CST
MARCH 11 2018.........SUNRISE   748 AM CDT   SUNSET   734 PM CDT


-  INDICATES NEGATIVE NUMBERS.
R  INDICATES RECORD WAS SET OR TIED.
MM INDICATES DATA IS MISSING.
T  INDICATES TRACE AMOUNT.




$$
