000
CDUS43 KICT 170645
CLISLN


CLIMATE REPORT
NATIONAL WEATHER SERVICE WICHITA KS
144 AM CDT THU MAY 17 2018


...................................

...THE SALINA KS CLIMATE SUMMARY FOR MAY 16 2018...

CLIMATE NORMAL PERIOD 1981 TO 2010
CLIMATE RECORD PERIOD 1894 TO 2018


WEATHER ITEM   OBSERVED TIME   RECORD YEAR NORMAL DEPARTURE LAST
                VALUE   (LST)  VALUE       VALUE  FROM      YEAR
                                                  NORMAL
..................................................................
TEMPERATURE (F)
 YESTERDAY
  MAXIMUM         86    450 PM  96    2001  76     10       88
  MINIMUM         57    533 AM  32    1907  54      3       70
  AVERAGE         72                        65      7       79

PRECIPITATION (IN)
  YESTERDAY        0.00          2.21 1995   0.16  -0.16     0.01
  MONTH TO DATE    0.84                      2.21  -1.37     0.87
  SINCE MAR 1      2.79                      7.65  -4.86     8.14
  SINCE JAN 1      3.27                      9.45  -6.18    10.24

DEGREE DAYS
 HEATING
  YESTERDAY        0                         3     -3        0
  MONTH TO DATE    0                        70    -70       39
  SINCE MAR 1   1003                       997      6      748
  SINCE JUL 1   4568                      4838   -270     3416

 COOLING
  YESTERDAY        7                         3      4       14
  MONTH TO DATE  135                        34    101       69
  SINCE MAR 1    155                        59     96      120
  SINCE JAN 1    155                        59     96      120
..................................................................


WIND (MPH)
  HIGHEST WIND SPEED    12   HIGHEST WIND DIRECTION     E (90)
  HIGHEST GUST SPEED    16   HIGHEST GUST DIRECTION    NE (40)
  AVERAGE WIND SPEED     4.0


SKY COVER
  POSSIBLE SUNSHINE  MM
  AVERAGE SKY COVER 0.0


WEATHER CONDITIONS
 THE FOLLOWING WEATHER WAS RECORDED YESTERDAY.
  FOG


RELATIVE HUMIDITY (PERCENT)
 HIGHEST    93           400 AM
 LOWEST     37           400 PM
 AVERAGE    65

..........................................................


THE SALINA KS CLIMATE NORMALS FOR TODAY
                         NORMAL    RECORD    YEAR
 MAXIMUM TEMPERATURE (F)   77        97      1996
 MINIMUM TEMPERATURE (F)   54        36      1925


SUNRISE AND SUNSET
MAY 17 2018...........SUNRISE   617 AM CDT   SUNSET   838 PM CDT
MAY 18 2018...........SUNRISE   616 AM CDT   SUNSET   839 PM CDT


-  INDICATES NEGATIVE NUMBERS.
R  INDICATES RECORD WAS SET OR TIED.
MM INDICATES DATA IS MISSING.
T  INDICATES TRACE AMOUNT.




$$
