000
CDUS43 KICT 180631
CLISLN


CLIMATE REPORT
NATIONAL WEATHER SERVICE WICHITA KS
131 AM CDT WED APR 18 2018


...................................

...THE SALINA KS CLIMATE SUMMARY FOR APRIL 17 2018...

CLIMATE NORMAL PERIOD 1981 TO 2010
CLIMATE RECORD PERIOD 1894 TO 2018


WEATHER ITEM   OBSERVED TIME   RECORD YEAR NORMAL DEPARTURE LAST
                VALUE   (LST)  VALUE       VALUE  FROM      YEAR
                                                  NORMAL
..................................................................
TEMPERATURE (F)
 YESTERDAY
  MAXIMUM         84    449 PM  92    1926  68     16       78
  MINIMUM         42    638 AM  17    1907  44     -2       47
  AVERAGE         63                        56      7       63

PRECIPITATION (IN)
  YESTERDAY        0.00          3.21 1979   0.11  -0.11     0.00
  MONTH TO DATE    0.03                      1.62  -1.59     1.81
  SINCE MAR 1      0.78                      4.01  -3.23     5.43
  SINCE JAN 1      1.26                      5.81  -4.55     7.53

DEGREE DAYS
 HEATING
  YESTERDAY        2                        10     -8        2
  MONTH TO DATE  342                       212    130      123
  SINCE MAR 1    872                       821     51      583
  SINCE JUL 1   4437                      4662   -225     3251

 COOLING
  YESTERDAY        0                         1     -1        0
  MONTH TO DATE    7                         9     -2       26
  SINCE MAR 1      7                        11     -4       37
  SINCE JAN 1      7                        11     -4       37
..................................................................


WIND (MPH)
  HIGHEST WIND SPEED    52   HIGHEST WIND DIRECTION    NW (310)
  HIGHEST GUST SPEED    66   HIGHEST GUST DIRECTION    NW (310)
  AVERAGE WIND SPEED    16.1


SKY COVER
  POSSIBLE SUNSHINE  MM
  AVERAGE SKY COVER 0.1


WEATHER CONDITIONS
 THE FOLLOWING WEATHER WAS RECORDED YESTERDAY.
  HAZE


RELATIVE HUMIDITY (PERCENT)
 HIGHEST    62           400 AM
 LOWEST     22           500 PM
 AVERAGE    42

..........................................................


THE SALINA KS CLIMATE NORMALS FOR TODAY
                         NORMAL    RECORD    YEAR
 MAXIMUM TEMPERATURE (F)   68        94      1994
 MINIMUM TEMPERATURE (F)   44        27      1953


SUNRISE AND SUNSET
APRIL 18 2018.........SUNRISE   650 AM CDT   SUNSET   811 PM CDT
APRIL 19 2018.........SUNRISE   649 AM CDT   SUNSET   811 PM CDT


-  INDICATES NEGATIVE NUMBERS.
R  INDICATES RECORD WAS SET OR TIED.
MM INDICATES DATA IS MISSING.
T  INDICATES TRACE AMOUNT.




$$
