000
CDUS43 KICT 270633
CLISLN


CLIMATE REPORT
NATIONAL WEATHER SERVICE WICHITA KS
133 AM CDT FRI APR 27 2018


...................................

...THE SALINA KS CLIMATE SUMMARY FOR APRIL 26 2018...

CLIMATE NORMAL PERIOD 1981 TO 2010
CLIMATE RECORD PERIOD 1894 TO 2018


WEATHER ITEM   OBSERVED TIME   RECORD YEAR NORMAL DEPARTURE LAST
                VALUE   (LST)  VALUE       VALUE  FROM      YEAR
                                                  NORMAL
..................................................................
TEMPERATURE (F)
 YESTERDAY
  MAXIMUM         74    427 PM  99    1989  70      4       55
  MINIMUM         35    612 AM  20    1907  47    -12       39
  AVERAGE         55                        59     -4       47

PRECIPITATION (IN)
  YESTERDAY        0.00          2.89 1985   0.11  -0.11     0.00
  MONTH TO DATE    1.20                      2.59  -1.39     2.39
  SINCE MAR 1      1.95                      4.98  -3.03     6.01
  SINCE JAN 1      2.43                      6.78  -4.35     8.11

DEGREE DAYS
 HEATING
  YESTERDAY       10                         8      2       18
  MONTH TO DATE  462                       291    171      183
  SINCE MAR 1    992                       900     92      643
  SINCE JUL 1   4557                      4741   -184     3311

 COOLING
  YESTERDAY        0                         1     -1        0
  MONTH TO DATE    7                        18    -11       40
  SINCE MAR 1      7                        20    -13       51
  SINCE JAN 1      7                        20    -13       51
..................................................................


WIND (MPH)
  HIGHEST WIND SPEED    24   HIGHEST WIND DIRECTION     N (340)
  HIGHEST GUST SPEED    28   HIGHEST GUST DIRECTION     N (340)
  AVERAGE WIND SPEED     7.2


SKY COVER
  POSSIBLE SUNSHINE  MM
  AVERAGE SKY COVER 0.0


WEATHER CONDITIONS
 THE FOLLOWING WEATHER WAS RECORDED YESTERDAY.
  FOG


RELATIVE HUMIDITY (PERCENT)
 HIGHEST   100           100 AM
 LOWEST     33           400 PM
 AVERAGE    67

..........................................................


THE SALINA KS CLIMATE NORMALS FOR TODAY
                         NORMAL    RECORD    YEAR
 MAXIMUM TEMPERATURE (F)   71        94      1989
 MINIMUM TEMPERATURE (F)   47        29      1910


SUNRISE AND SUNSET
APRIL 27 2018.........SUNRISE   638 AM CDT   SUNSET   819 PM CDT
APRIL 28 2018.........SUNRISE   637 AM CDT   SUNSET   820 PM CDT


-  INDICATES NEGATIVE NUMBERS.
R  INDICATES RECORD WAS SET OR TIED.
MM INDICATES DATA IS MISSING.
T  INDICATES TRACE AMOUNT.




$$
