608
CDUS43 KICT 060636
CLISLN


CLIMATE REPORT
NATIONAL WEATHER SERVICE WICHITA KS
135 AM CDT SUN MAY 6 2018


...................................

...THE SALINA KS CLIMATE SUMMARY FOR MAY 5 2018...

CLIMATE NORMAL PERIOD 1981 TO 2010
CLIMATE RECORD PERIOD 1894 TO 2018


WEATHER ITEM   OBSERVED TIME   RECORD YEAR NORMAL DEPARTURE LAST
                VALUE   (LST)  VALUE       VALUE  FROM      YEAR
                                                  NORMAL
..................................................................
TEMPERATURE (F)
 YESTERDAY
  MAXIMUM         86    358 PM 104    1909  73     13       78
  MINIMUM         49    554 AM  30    1917  50     -1       45
  AVERAGE         68                        62      6       62

PRECIPITATION (IN)
  YESTERDAY        0.00          4.37 2007   0.13  -0.13     0.00
  MONTH TO DATE    0.72                      0.63   0.09     0.28
  SINCE MAR 1      2.67                      6.07  -3.40     7.55
  SINCE JAN 1      3.15                      7.87  -4.72     9.65

DEGREE DAYS
 HEATING
  YESTERDAY        0                         5     -5        3
  MONTH TO DATE    0                        28    -28       32
  SINCE MAR 1   1003                       955     48      741
  SINCE JUL 1   4568                      4796   -228     3409

 COOLING
  YESTERDAY        3                         2      1        0
  MONTH TO DATE   27                         7     20        0
  SINCE MAR 1     47                        32     15       51
  SINCE JAN 1     47                        32     15       51
..................................................................


WIND (MPH)
  HIGHEST WIND SPEED    16   HIGHEST WIND DIRECTION    SW (220)
  HIGHEST GUST SPEED    23   HIGHEST GUST DIRECTION     W (250)
  AVERAGE WIND SPEED     7.5


SKY COVER
  POSSIBLE SUNSHINE  MM
  AVERAGE SKY COVER 0.0


WEATHER CONDITIONS
 THE FOLLOWING WEATHER WAS RECORDED YESTERDAY.
  NO SIGNIFICANT WEATHER WAS OBSERVED.


RELATIVE HUMIDITY (PERCENT)
 HIGHEST    86           600 AM
 LOWEST     21           200 PM
 AVERAGE    54

..........................................................


THE SALINA KS CLIMATE NORMALS FOR TODAY
                         NORMAL    RECORD    YEAR
 MAXIMUM TEMPERATURE (F)   73       101      2014
 MINIMUM TEMPERATURE (F)   51        31      1944


SUNRISE AND SUNSET
MAY  6 2018...........SUNRISE   627 AM CDT   SUNSET   828 PM CDT
MAY  7 2018...........SUNRISE   626 AM CDT   SUNSET   829 PM CDT


-  INDICATES NEGATIVE NUMBERS.
R  INDICATES RECORD WAS SET OR TIED.
MM INDICATES DATA IS MISSING.
T  INDICATES TRACE AMOUNT.




$$
