256
CDUS43 KICT 030625
CLISLN


CLIMATE REPORT
NATIONAL WEATHER SERVICE WICHITA KS
124 AM CDT THU MAY 3 2018


...................................

...THE SALINA KS CLIMATE SUMMARY FOR MAY 2 2018...

CLIMATE NORMAL PERIOD 1981 TO 2010
CLIMATE RECORD PERIOD 1894 TO 2018


WEATHER ITEM   OBSERVED TIME   RECORD YEAR NORMAL DEPARTURE LAST
                VALUE   (LST)  VALUE       VALUE  FROM      YEAR
                                                  NORMAL
..................................................................
TEMPERATURE (F)
 YESTERDAY
  MAXIMUM         84    125 PM  94    1902  72     12       69
  MINIMUM         61   1144 PM  24    1905  49     12       50
  AVERAGE         73                        61     12       60

PRECIPITATION (IN)
  YESTERDAY        0.60          0.82 1979   0.12   0.48      T
  MONTH TO DATE    0.60                      0.24   0.36     0.01
  SINCE MAR 1      2.55                      5.68  -3.13     7.28
  SINCE JAN 1      3.03                      7.48  -4.45     9.38

DEGREE DAYS
 HEATING
  YESTERDAY        0                         6     -6        5
  MONTH TO DATE    0                        12    -12       15
  SINCE MAR 1   1003                       939     64      724
  SINCE JUL 1   4568                      4780   -212     3392

 COOLING
  YESTERDAY        8                         1      7        0
  MONTH TO DATE   18                         2     16        0
  SINCE MAR 1     38                        27     11       51
  SINCE JAN 1     38                        27     11       51
..................................................................


WIND (MPH)
  HIGHEST WIND SPEED    38   HIGHEST WIND DIRECTION     W (280)
  HIGHEST GUST SPEED    45   HIGHEST GUST DIRECTION     W (280)
  AVERAGE WIND SPEED    13.7


SKY COVER
  POSSIBLE SUNSHINE  MM
  AVERAGE SKY COVER 0.4


WEATHER CONDITIONS
 THE FOLLOWING WEATHER WAS RECORDED YESTERDAY.
  THUNDERSTORM
  HEAVY RAIN
  RAIN
  LIGHT RAIN
  FOG


RELATIVE HUMIDITY (PERCENT)
 HIGHEST    93           800 PM
 LOWEST     58          1100 AM
 AVERAGE    76

..........................................................


THE SALINA KS CLIMATE NORMALS FOR TODAY
                         NORMAL    RECORD    YEAR
 MAXIMUM TEMPERATURE (F)   73        91      1959
                                             1950
 MINIMUM TEMPERATURE (F)   49        29      1976


SUNRISE AND SUNSET
MAY  3 2018...........SUNRISE   631 AM CDT   SUNSET   825 PM CDT
MAY  4 2018...........SUNRISE   629 AM CDT   SUNSET   826 PM CDT


-  INDICATES NEGATIVE NUMBERS.
R  INDICATES RECORD WAS SET OR TIED.
MM INDICATES DATA IS MISSING.
T  INDICATES TRACE AMOUNT.




$$
