000
CDUS43 KICT 090624
CLISLN


CLIMATE REPORT
NATIONAL WEATHER SERVICE WICHITA KS
122 AM CDT MON APR 9 2018


...................................

...THE SALINA KS CLIMATE SUMMARY FOR APRIL 8 2018...

CLIMATE NORMAL PERIOD 1981 TO 2010
CLIMATE RECORD PERIOD 1894 TO 2018


WEATHER ITEM   OBSERVED TIME   RECORD YEAR NORMAL DEPARTURE LAST
                VALUE   (LST)  VALUE       VALUE  FROM      YEAR
                                                  NORMAL
..................................................................
TEMPERATURE (F)
 YESTERDAY
  MAXIMUM         53    604 PM  91    1905  65    -12       81
  MINIMUM         32   1204 AM  20    1909  41     -9       56
  AVERAGE         43                        53    -10       69

PRECIPITATION (IN)
  YESTERDAY        0.03          0.80 1961   0.09  -0.06     0.00
  MONTH TO DATE    0.03                      0.73  -0.70     1.64
  SINCE MAR 1      0.78                      3.12  -2.34     5.26
  SINCE JAN 1      1.26                      4.92  -3.66     7.36

DEGREE DAYS
 HEATING
  YESTERDAY       22                        13      9        0
  MONTH TO DATE  207                       110     97       89
  SINCE MAR 1    737                       719     18      549
  SINCE JUL 1   4302                      4560   -258     3217

 COOLING
  YESTERDAY        0                         0      0        4
  MONTH TO DATE    0                         0      0        4
  SINCE MAR 1      0                         2     -2       15
  SINCE JAN 1      0                         2     -2       15
..................................................................


WIND (MPH)
  HIGHEST WIND SPEED    26   HIGHEST WIND DIRECTION     S (170)
  HIGHEST GUST SPEED    33   HIGHEST GUST DIRECTION     S (170)
  AVERAGE WIND SPEED    12.9


SKY COVER
  POSSIBLE SUNSHINE  MM
  AVERAGE SKY COVER 0.5


WEATHER CONDITIONS
 THE FOLLOWING WEATHER WAS RECORDED YESTERDAY.
  LIGHT RAIN
  LIGHT SNOW


RELATIVE HUMIDITY (PERCENT)
 HIGHEST    92           900 PM
 LOWEST     44           300 AM
 AVERAGE    68

..........................................................


THE SALINA KS CLIMATE NORMALS FOR TODAY
                         NORMAL    RECORD    YEAR
 MAXIMUM TEMPERATURE (F)   65        95      1930
 MINIMUM TEMPERATURE (F)   41        21      1916


SUNRISE AND SUNSET
APRIL  9 2018.........SUNRISE   703 AM CDT   SUNSET   802 PM CDT
APRIL 10 2018.........SUNRISE   702 AM CDT   SUNSET   803 PM CDT


-  INDICATES NEGATIVE NUMBERS.
R  INDICATES RECORD WAS SET OR TIED.
MM INDICATES DATA IS MISSING.
T  INDICATES TRACE AMOUNT.




$$
