108
CXUS53 KICT 011041
CLMSLN

CLIMATE REPORT
NATIONAL WEATHER SERVICE WICHITA KS
434 AM CST THU MAR 1 2018

...................................

...THE SALINA KS CLIMATE SUMMARY FOR THE MONTH OF FEBRUARY 2018...

CLIMATE NORMAL PERIOD 1981 TO 2010
CLIMATE RECORD PERIOD 1894 TO 2018

WEATHER         OBSERVED          NORMAL  DEPART  LAST YEAR`S
                 VALUE   DATE(S)  VALUE   FROM    VALUE  DATE(S)
                                          NORMAL
................................................................
TEMPERATURE (F)
RECORD
 HIGH              84   02/28/2006
                        02/14/1954
                        02/24/1918
 LOW              -31   02/13/1905
HIGHEST            74   02/27                         81  02/22
LOWEST              6   02/05                         15  02/02
AVG. MAXIMUM     47.2              46.5     0.7     58.8
AVG. MINIMUM     21.6              24.6    -3.0     30.3
MEAN             34.4              35.5    -1.1     44.6
DAYS MAX >= 90      0               0.0     0.0        0
DAYS MAX <= 32      4               4.1    -0.1        0
DAYS MIN <= 32     23              21.1     1.9       18
DAYS MIN <= 0       0               0.9    -0.9        0

PRECIPITATION (INCHES)
RECORD
 MAXIMUM         4.68   1911
 MINIMUM         0.00   2006
                        1963
                        1917
TOTALS           0.14              1.17   -1.03     0.08
DAILY AVG.       0.00              0.04   -0.04     0.00
DAYS >= .01         5               5.5    -0.5        5
DAYS >= .10         0               2.7    -2.7        0
DAYS >= .50         0               0.6    -0.6        0
DAYS >= 1.00        0               0.1    -0.1        0
GREATEST
 24 HR. TOTAL    0.05   02/04 TO 02/04

DEGREE_DAYS
HEATING TOTAL     848               825      23      562
 SINCE 7/1       3565              3841    -276     2668
COOLING TOTAL       0                 0       0        0
.................................................................

WIND (MPH)
AVERAGE WIND SPEED              12.3
HIGHEST WIND SPEED/DIRECTION    37/190    DATE  02/18
HIGHEST GUST SPEED/DIRECTION    49/170    DATE  02/18

SKY COVER
AVERAGE SKY COVER           0.40
NUMBER OF DAYS FAIR           17
NUMBER OF DAYS PC              5
NUMBER OF DAYS CLOUDY          6

AVERAGE RH (PERCENT)     63

WEATHER CONDITIONS. NUMBER OF DAYS WITH
THUNDERSTORM              2     MIXED PRECIP               0
HEAVY RAIN                0     RAIN                       0
LIGHT RAIN                1     FREEZING RAIN              0
LT FREEZING RAIN          6     HAIL                       0
HEAVY SNOW                0     SNOW                       1
LIGHT SNOW                6     SLEET                      0
FOG                      13     FOG W/VIS <= 1/4 MILE      0
HAZE                      5

-  INDICATES NEGATIVE NUMBERS.
R  INDICATES RECORD WAS SET OR TIED.
MM INDICATES DATA IS MISSING.
T  INDICATES TRACE AMOUNT.

$$
