000
CXUS53 KICT 010624
CLMSLN
CLIMATE REPORT
NATIONAL WEATHER SERVICE WICHITA KANSAS
124 AM CDT THU JUN 01 2023
...................................
...THE SALINA KS CLIMATE SUMMARY FOR THE MONTH OF MAY 2023...
CLIMATE NORMAL PERIOD 1991 TO 2020
CLIMATE RECORD PERIOD 1894 TO 2023
WEATHER OBSERVED NORMAL DEPART LAST YEAR`S
VALUE DATE(S) VALUE FROM VALUE DATE(S)
NORMAL
................................................................
TEMPERATURE (F)
RECORD
HIGH 106 05/23/1939
LOW 19 05/01/1909
HIGHEST 95 05/07 97 05/09
LOWEST 32 05/03 38 05/01
AVG. MAXIMUM 81.3 76.8 4.5 77.8
AVG. MINIMUM 55.1 53.4 1.7 56.5
MEAN 68.2 65.1 3.1 67.1
DAYS MAX >= 90 4 3.4 0.6 9
DAYS MAX <= 32 0 0.0 0.0 0
DAYS MIN <= 32 1 0.2 0.8 0
DAYS MIN <= 0 0 0.0 0.0 0
PRECIPITATION (INCHES)
RECORD
MAXIMUM 17.34 1903
MINIMUM 0.25 1966
TOTALS 2.19 5.04 -2.85 8.72
DAILY AVG. 0.07 0.16 -0.09 0.28
DAYS >= .01 6 11.3 -5.3 14
DAYS >= .10 4 7.4 -3.4 8
DAYS >= .50 2 3.1 -1.1 6
DAYS >= 1.00 0 1.5 -1.5 3
GREATEST
24 HR. TOTAL 1.36 05/14 TO 05/15
DEGREE DAYS
HEATING TOTAL 57 109 -52 120
SINCE 7/1 4769 4925 -156 MM
COOLING TOTAL 163 112 51 196
................................................................
WIND (MPH)
AVERAGE WIND SPEED 9.3
HIGHEST WIND SPEED/DIRECTION 37/170 DATE 05/09
HIGHEST GUST SPEED/DIRECTION 55/040 DATE 05/09
SKY COVER
POSSIBLE SUNSHINE (PERCENT) MM
AVERAGE SKY COVER 0.26
NUMBER OF DAYS FAIR 21
NUMBER OF DAYS PC 9
NUMBER OF DAYS CLOUDY 1
AVERAGE RH (PERCENT) 62
WEATHER CONDITIONS. NUMBER OF DAYS WITH
THUNDERSTORM 4 MIXED PRECIP 0
HEAVY RAIN 3 RAIN 4
LIGHT RAIN 4 FREEZING RAIN 0
LT FREEZING RAIN 0 HAIL 0
HEAVY SNOW 0 SNOW 0
LIGHT SNOW 0 SLEET 0
FOG 12 FOG W/VIS <= 1/4 MILE 0
HAZE 5
- INDICATES NEGATIVE NUMBERS.
R INDICATES RECORD WAS SET OR TIED.
MM INDICATES DATA IS MISSING.
T INDICATES TRACE AMOUNT.
$$