176
CXUS53 KICT 010951
CLMSLN


CLIMATE REPORT
NATIONAL WEATHER SERVICE WICHITA KS
349 AM CST THU FEB 1 2018

...................................

...THE SALINA KS CLIMATE SUMMARY FOR THE MONTH OF JANUARY 2018...

CLIMATE NORMAL PERIOD 1981 TO 2010
CLIMATE RECORD PERIOD 1894 TO 2018

WEATHER         OBSERVED          NORMAL  DEPART  LAST YEAR`S
                 VALUE   DATE(S)  VALUE   FROM    VALUE  DATE(S)
                                          NORMAL
................................................................
TEMPERATURE (F)
RECORD
 HIGH              78   01/10/1990
 LOW              -28   01/08/1913
HIGHEST            69   01/25                         MM  01/30
LOWEST             -5   01/01                         MM  01/05
AVG. MAXIMUM     44.2              41.6     2.6       MM
AVG. MINIMUM     18.9              20.5    -1.6       MM
MEAN             31.6              31.0     0.6       MM
DAYS MAX >= 90      0               0.0     0.0       MM
DAYS MAX <= 32      7               7.6    -0.6       MM
DAYS MIN <= 32     27              28.0    -1.0       MM
DAYS MIN <= 0       2               1.0     1.0       MM

PRECIPITATION (INCHES)
RECORD
 MAXIMUM         3.45   1949
 MINIMUM         0.00   1986
                        1953
                        1938
TOTALS           0.34              0.63   -0.29     2.02
DAILY AVG.       0.01              0.02   -0.01     0.07
DAYS >= .01         4               4.5    -0.5        5
DAYS >= .10         2               2.1    -0.1        3
DAYS >= .50         0               0.3    -0.3        1
DAYS >= 1.00        0               0.1    -0.1        1
GREATEST
 24 HR. TOTAL    0.19   01/11 TO 01/11

DEGREE_DAYS
HEATING TOTAL    1028              1052     -24       MM
 SINCE 7/1       2717              3016    -299    11568
COOLING TOTAL       0                 0       0       MM
.................................................................

WIND (MPH)
AVERAGE WIND SPEED              10.8
HIGHEST WIND SPEED/DIRECTION    40/320    DATE  01/22
HIGHEST GUST SPEED/DIRECTION    50/320    DATE  01/22

SKY COVER
POSSIBLE SUNSHINE (PERCENT)   MM
AVERAGE SKY COVER           0.20
NUMBER OF DAYS FAIR           22
NUMBER OF DAYS PC              7
NUMBER OF DAYS CLOUDY          2

AVERAGE RH (PERCENT)     63

WEATHER CONDITIONS. NUMBER OF DAYS WITH
THUNDERSTORM              0     MIXED PRECIP               0
HEAVY RAIN                0     RAIN                       0
LIGHT RAIN                4     FREEZING RAIN              0
LT FREEZING RAIN          0     HAIL                       0
HEAVY SNOW                0     SNOW                       1
LIGHT SNOW                3     SLEET                      0
FOG                       8     FOG W/VIS <= 1/4 MILE      2
HAZE                      5

-  INDICATES NEGATIVE NUMBERS.
R  INDICATES RECORD WAS SET OR TIED.
MM INDICATES DATA IS MISSING.
T  INDICATES TRACE AMOUNT.

$$
