000
CXUS56 KLOX 011155
CF6SMO
PRELIMINARY LOCAL CLIMATOLOGICAL DATA (WS FORM: F-6)
STATION: SANTA MONICA AIRPORT CA
MONTH: SEPTEMBER
YEAR: 2022
LATITUDE: 34 0 N
LONGITUDE: 118 27 W
TEMPERATURE IN F: :PCPN: SNOW: WIND :SUNSHINE: SKY :PK WND
================================================================================
1 2 3 4 5 6A 6B 7 8 9 10 11 12 13 14 15 16 17 18
12Z AVG MX 2MIN
DY MAX MIN AVG DEP HDD CDD WTR SNW DPTH SPD SPD DIR MIN PSBL S-S WX SPD DR
================================================================================
1 88 69 79 9 0 14 0.00 M M 4.0 12 200 M M 0 15 210
2 88 71 80 10 0 15 0.00 M M 4.1 12 220 M M 0 15 230
3 89 71 80 10 0 15 0.00 M M 4.0 13 230 M M 0 17 230
4 101 75 88 18 0 23 0.00 M M 4.4 13 210 M M 0 15 200
5 89 72 81 11 0 16 0.00 M M 4.3 14 220 M M 1 17 210
6 87 71 79 9 0 14 0.00 M M 4.3 12 240 M M 2 15 240
7 88 71 80 10 0 15 0.00 M M 4.2 12 170 M M 1 8 16 240
8 96 71 84 14 0 19 T M M 3.4 14 260 M M 1 22 250
9 100 71 86 16 0 21 0.24 M M 5.6 21 100 M M 2 1 31 100
10 80 70 75 5 0 10 0.09 M M 2.1 8 150 M M 7 1 11 160
11 83 73 78 8 0 13 0.00 M M 4.8 15 240 M M 5 22 230
12 82 70 76 6 0 11 0.00 M M 5.3 16 240 M M 1 8 22 240
13 79 68 74 4 0 9 0.00 M M 4.0 13 230 M M 0 17 230
14 78 66 72 2 0 7 0.00 M M 4.6 14 220 M M 2 18 260
15 77 65 71 2 0 6 0.00 M M 4.4 15 220 M M 3 21 210
16 77 63 70 1 0 5 0.00 M M 4.6 15 220 M M 0 19 220
17 76 65 71 2 0 6 0.00 M M 4.6 13 210 M M 5 17 220
18 73 64 69 0 0 4 0.00 M M 5.9 14 240 M M 5 19 220
19 75 61 68 -1 0 3 0.00 M M 5.4 15 240 M M 0 20 240
20 76 63 70 1 0 5 0.00 M M 6.2 16 240 M M 1 23 250
21 76 61 69 0 0 4 0.00 M M 5.6 18 260 M M 0 27 270
22 78 60 69 0 0 4 0.00 M M 4.1 13 260 M M 0 16 240
23 79 60 70 1 0 5 0.00 M M 3.9 12 230 M M 0 15 240
24 79 65 72 3 0 7 0.00 M M 4.4 14 240 M M 0 17 240
25 79 65 72 4 0 7 0.00 M M 4.2 13 220 M M 0 17 230
26 79 65 72 4 0 7 0.00 M M 3.8 13 240 M M 0 16 220
27 81 66 74 6 0 9 0.00 M M 3.7 10 220 M M 0 14 240
28 82 66 74 6 0 9 0.00 M M 3.1 12 240 M M 0 14 230
29 73 66 70 2 0 5 0.00 M M 4.0 13 230 M M 5 18 17 240
30 75 65 70 2 0 5 0.00 M M 3.6 12 240 M M 6 8 16 210
================================================================================
SM 2463 2009 0 293 0.33 M 130.6 M 47
================================================================================
AV 82.1 67.0 4.4 FASTST M M 2 MAX(MPH)
MISC ----> 21 100 31 100
================================================================================
NOTES:
# LAST OF SEVERAL OCCURRENCES
COLUMN 17 PEAK WIND IN M.P.H.
PRELIMINARY LOCAL CLIMATOLOGICAL DATA (WS FORM: F-6) , PAGE 2
STATION: SANTA MONICA AIRPORT CA
MONTH: SEPTEMBER
YEAR: 2022
LATITUDE: 34 0 N
LONGITUDE: 118 27 W
[TEMPERATURE DATA] [PRECIPITATION DATA] SYMBOLS USED IN COLUMN 16
AVERAGE MONTHLY: 74.5 TOTAL FOR MONTH: 0.33 1 = FOG OR MIST
DPTR FM NORMAL: 5.3 DPTR FM NORMAL: 0.19 2 = FOG REDUCING VISIBILITY
HIGHEST: 101 ON 4 GRTST 24HR 0.33 ON 9-10 TO 1/4 MILE OR LESS
LOWEST: 60 ON 23,22 3 = THUNDER
SNOW, ICE PELLETS, HAIL 4 = ICE PELLETS
TOTAL MONTH: M 5 = HAIL
GRTST 24HR M ON M 6 = FREEZING RAIN OR DRIZZLE
GRTST DEPTH: M ON M 7 = DUSTSTORM OR SANDSTORM:
VSBY 1/2 MILE OR LESS
8 = SMOKE OR HAZE
[NO. OF DAYS WITH] [WEATHER - DAYS WITH] 9 = BLOWING SNOW
X = TORNADO
MAX 32 OR BELOW: 0 0.01 INCH OR MORE: 2
MAX 90 OR ABOVE: 3 0.10 INCH OR MORE: 1
MIN 32 OR BELOW: 0 0.50 INCH OR MORE: 0
MIN 0 OR BELOW: 0 1.00 INCH OR MORE: 0
[HDD (BASE 65) ]
TOTAL THIS MO. 0 CLEAR (SCALE 0-3) 24
DPTR FM NORMAL -8 PTCLDY (SCALE 4-7) 6
TOTAL FM JUL 1 0 CLOUDY (SCALE 8-10) 0
DPTR FM NORMAL -7
[CDD (BASE 65) ]
TOTAL THIS MO. 293
DPTR FM NORMAL 159 [PRESSURE DATA]
TOTAL FM JAN 1 760 HIGHEST SLP 30.02 ON 24
DPTR FM NORMAL 252 LOWEST SLP 29.51 ON 9
[REMARKS]
#FINAL-09-22#