000
CXUS56 KLOX 011255
CF6SMX
PRELIMINARY LOCAL CLIMATOLOGICAL DATA (WS FORM: F-6)
STATION: SANTA MARIA AIRPORT CA
MONTH: FEBRUARY
YEAR: 2023
LATITUDE: 34 54 N
LONGITUDE: 120 27 W
TEMPERATURE IN F: :PCPN: SNOW: WIND :SUNSHINE: SKY :PK WND
================================================================================
1 2 3 4 5 6A 6B 7 8 9 10 11 12 13 14 15 16 17 18
12Z AVG MX 2MIN
DY MAX MIN AVG DEP HDD CDD WTR SNW DPTH SPD SPD DIR MIN PSBL S-S WX SPD DR
================================================================================
1 63 31 47 -6 18 0 0.00 M M 3.2 10 310 M M 0 13 290
2 67 33 50 -3 15 0 0.00 M M 5.6 22 160 M M 1 26 160
3 65 42 54 1 11 0 0.00 M M 3.1 15 290 M M 1 18 290
4 66 38 52 -1 13 0 0.12 M M 3.6 13 310 M M 4 1 16 300
5 58 42 50 -3 15 0 0.14 M M 8.4 22 280 M M 6 1 27 290
6 60 39 50 -3 15 0 0.00 M M 10.3 21 20 M M 1 27 40
7 64 33 49 -4 16 0 0.00 M M 3.6 13 290 M M 1 15 280
8 71 35 53 0 12 0 0.00 M M 3.6 13 300 M M 0 15 300
9 74 37 56 3 9 0 0.00 M M 2.3 10 280 M M 0 13 280
10 65 39 52 -1 13 0 0.00 M M 6.1 20 290 M M 3 23 280
11 54 38 46 -8 19 0 T M M 5.7 13 230 M M 6 17 350
12 60 35 48 -6 17 0 0.00 M M 6.7 18 290 M M 3 1 22 290
13 57 40 49 -5 16 0 0.00 M M 6.7 16 280 M M 9 18 21 280
14 55 40 48 -6 17 0 0.00 M M 14.3 28 300 M M 6 8 37 300
15 60 30 45 -9 20 0 0.00 M M 6.1 20 10 M M 0 25 10
16 63 29 46 -8 19 0 0.00 M M 3.2 14 320 M M 2 17 320
17 62 33 48 -6 17 0 0.00 M M 3.2 13 300 M M 0 16 280
18 67 33 50 -4 15 0 0.00 M M 3.6 14 290 M M 0 18 300
19 69 33 51 -3 14 0 0.00 M M 4.5 16 230 M M 0 19 220
20 67 36 52 -2 13 0 0.00 M M 5.1 14 310 M M 0 18 310
21 55 37 46 -8 19 0 0.00 M M 13.0 36 300 M M 5 18 48 290
22 51 37 44 -10 21 0 0.05 M M 15.5 29 290 M M 6 1 39 300
23 52 37 45 -9 20 0 0.20 M M 7.0 15 250 M M 8 1 17 310
24 53 40 47 -7 18 0 2.61 M M 11.8 23 180 M M 6 138 40 180
25 52 34 43 -11 22 0 0.04 M M 6.4 17 130 M M 7 1 21 140
26 55 34 45 -9 20 0 T M M 4.9 14 140 M M 7 18 130
27 56 44 50 -4 15 0 0.30 M M 8.0 18 200 M M 9 1 24 200
28 55 40 48 -6 17 0 0.32 M M 5.8 16 230 M M 7 1 23 230
================================================================================
SM 1696 1019 456 0 3.78 M 181.3 M 98
================================================================================
AV 60.6 36.4 6.5 FASTST M M 4 MAX(MPH)
MISC ----> 36 300 48 290
================================================================================
NOTES:
# LAST OF SEVERAL OCCURRENCES
COLUMN 17 PEAK WIND IN M.P.H.
PRELIMINARY LOCAL CLIMATOLOGICAL DATA (WS FORM: F-6) , PAGE 2
STATION: SANTA MARIA AIRPORT CA
MONTH: FEBRUARY
YEAR: 2023
LATITUDE: 34 54 N
LONGITUDE: 120 27 W
[TEMPERATURE DATA] [PRECIPITATION DATA] SYMBOLS USED IN COLUMN 16
AVERAGE MONTHLY: 48.5 TOTAL FOR MONTH: 3.78 1 = FOG OR MIST
DPTR FM NORMAL: -5.1 DPTR FM NORMAL: 0.93 2 = FOG REDUCING VISIBILITY
HIGHEST: 74 ON 9 GRTST 24HR 2.61 ON 24-24 TO 1/4 MILE OR LESS
LOWEST: 29 ON 16 3 = THUNDER
SNOW, ICE PELLETS, HAIL 4 = ICE PELLETS
TOTAL MONTH: M 5 = HAIL
GRTST 24HR M ON M 6 = FREEZING RAIN OR DRIZZLE
GRTST DEPTH: M ON M 7 = DUSTSTORM OR SANDSTORM:
VSBY 1/2 MILE OR LESS
8 = SMOKE OR HAZE
[NO. OF DAYS WITH] [WEATHER - DAYS WITH] 9 = BLOWING SNOW
X = TORNADO
MAX 32 OR BELOW: 0 0.01 INCH OR MORE: 8
MAX 90 OR ABOVE: 0 0.10 INCH OR MORE: 6
MIN 32 OR BELOW: 3 0.50 INCH OR MORE: 1
MIN 0 OR BELOW: 0 1.00 INCH OR MORE: 1
[HDD (BASE 65) ]
TOTAL THIS MO. 456 CLEAR (SCALE 0-3) 15
DPTR FM NORMAL 137 PTCLDY (SCALE 4-7) 11
TOTAL FM JUL 1 1934 CLOUDY (SCALE 8-10) 2
DPTR FM NORMAL 311
[CDD (BASE 65) ]
TOTAL THIS MO. 0
DPTR FM NORMAL -1 [PRESSURE DATA]
TOTAL FM JAN 1 0 HIGHEST SLP 30.38 ON 6
DPTR FM NORMAL 0 LOWEST SLP 29.76 ON 21
[REMARKS]
#FINAL-02-23#