238
CXUS54 KMAF 011210
CF6SNK
PRELIMINARY LOCAL CLIMATOLOGICAL DATA (WS FORM: F-6)
STATION: SNYDER WINSTON FIELD
MONTH: FEBRUARY
YEAR: 2021
LATITUDE: 32 41 N
LONGITUDE: 100 57 W
TEMPERATURE IN F: :PCPN: SNOW: WIND :SUNSHINE: SKY :PK WND
================================================================================
1 2 3 4 5 6A 6B 7 8 9 10 11 12 13 14 15 16 17 18
12Z AVG MX 2MIN
DY MAX MIN AVG DEP HDD CDD WTR SNW DPTH SPD SPD DIR MIN PSBL S-S WX SPD DR
================================================================================
1 60 34 47 M 18 0 M M M 5.2 12 150 M M 0 M M
2 73 40 57 M 8 0 M M M 10.1 18 190 M M 0 24 190
3 80 42 61 M 4 0 M M M 9.6 14 200 M M 0 18 220
4 59 40 50 M 15 0 M M M 10.6 21 10 M M 0 26 10
5 61 32 47 M 18 0 M M M 8.2 14 150 M M 0 17 200
6 62 34 48 M 17 0 M M M 12.1 26 330 M M 0 33 330
7 74 31 53 M 12 0 M M M 10.3 21 190 M M 0 26 210
8 56 30 43 M 22 0 M M M 7.7 15 60 M M 0 21 60
9 36 25 31 M 34 0 M M M 10.5 16 80 M M 10 12 20 40
10 28 22 25 M 40 0 M M M 2.3 10 70 M M 10 1 M M
11 26 20 23 M 42 0 M M M 0.0 M M M M 10 1 M M
12 25 18 22 M 43 0 M M M 0.0 M M M M 10 1 M M
13 19 13 16 M 49 0 M M M 0.0 M M M M 10 M M
14 17 5 11 M 54 0 M M M 0.0 M M M M 10 18 M M
15 12 -1 6 M 59 0 M M M 0.0 M M M M 5 M M
16 23 2 13 M 52 0 0.05 M M 0.0 M M M M 8 1 M M
17 20 9 15 M 50 0 M M M 2.6 9 20 M M 10 1 M M
18 22 6 14 M 51 0 M M M 5.0 10 10 M M 5 10 330
19 49 9 29 M 36 0 M M M 8.2 16 200 M M 0 23 200
20 63 25 44 M 21 0 M M M 12.0 20 180 M M 0 28 190
21 60 38 49 M 16 0 M M M 11.2 17 190 M M 0 23 190
22 70 31 51 M 14 0 M M M 10.3 23 230 M M 0 30 230
23 79 34 57 M 8 0 M M M 12.3 26 220 M M 0 31 220
24 62 44 53 M 12 0 M M M 11.6 20 10 M M 0 25 10
25 46 38 42 M 23 0 M M M 14.7 20 40 M M 8 26 50
26 69 40 55 M 10 0 M M M 6.8 15 230 M M 4 18 230
27 76 46 61 M 4 0 M M M 8.1 14 180 M M 0 23 170
28 59 47 53 M 12 0 M M M 12.8 21 40 M M 3 1 30 40
================================================================================
SM 1386 754 744 0 0.05 M 202.3 M 103
================================================================================
AV 49.5 26.9 7.2 FASTST M M 4 MAX(MPH)
MISC ----> # 26 330 33 330
================================================================================
NOTES:
# LAST OF SEVERAL OCCURRENCES
COLUMN 17 PEAK WIND IN M.P.H.
PRELIMINARY LOCAL CLIMATOLOGICAL DATA (WS FORM: F-6) , PAGE 2
STATION: SNYDER WINSTON FIELD
MONTH: FEBRUARY
YEAR: 2021
LATITUDE: 32 41 N
LONGITUDE: 100 57 W
[TEMPERATURE DATA] [PRECIPITATION DATA] SYMBOLS USED IN COLUMN 16
AVERAGE MONTHLY: 38.2 TOTAL FOR MONTH: 0.05 1 = FOG OR MIST
DPTR FM NORMAL: 0.0 DPTR FM NORMAL: 0.05 2 = FOG REDUCING VISIBILITY
HIGHEST: 80 ON 3 GRTST 24HR 0.05 ON 16-16 TO 1/4 MILE OR LESS
LOWEST: -1 ON 15 3 = THUNDER
SNOW, ICE PELLETS, HAIL 4 = ICE PELLETS
TOTAL MONTH: M 5 = HAIL
GRTST 24HR M ON M 6 = FREEZING RAIN OR DRIZZLE
GRTST DEPTH: M ON M 7 = DUSTSTORM OR SANDSTORM:
VSBY 1/2 MILE OR LESS
8 = SMOKE OR HAZE
[NO. OF DAYS WITH] [WEATHER - DAYS WITH] 9 = BLOWING SNOW
X = TORNADO
MAX 32 OR BELOW: 9 0.01 INCH OR MORE: 1
MAX 90 OR ABOVE: 0 0.10 INCH OR MORE: 0
MIN 32 OR BELOW: 16 0.50 INCH OR MORE: 0
MIN 0 OR BELOW: 1 1.00 INCH OR MORE: 0
[HDD (BASE 65) ]
TOTAL THIS MO. 744 CLEAR (SCALE 0-3) 16
DPTR FM NORMAL M PTCLDY (SCALE 4-7) 4
TOTAL FM JUL 1 2484 CLOUDY (SCALE 8-10) 8
DPTR FM NORMAL M
[CDD (BASE 65) ]
TOTAL THIS MO. 0
DPTR FM NORMAL M [PRESSURE DATA]
TOTAL FM JAN 1 0 HIGHEST SLP M ON M
DPTR FM NORMAL M LOWEST SLP M ON M
[REMARKS]
#FINAL-02-21#