000
CXUS54 KMAF 011110
CF6SNK
PRELIMINARY LOCAL CLIMATOLOGICAL DATA (WS FORM: F-6)
STATION: SNYDER WINSTON FIELD
MONTH: AUGUST
YEAR: 2020
LATITUDE: 32 41 N
LONGITUDE: 100 57 W
TEMPERATURE IN F: :PCPN: SNOW: WIND :SUNSHINE: SKY :PK WND
================================================================================
1 2 3 4 5 6A 6B 7 8 9 10 11 12 13 14 15 16 17 18
12Z AVG MX 2MIN
DY MAX MIN AVG DEP HDD CDD WTR SNW DPTH SPD SPD DIR MIN PSBL S-S WX SPD DR
================================================================================
1 93 67 80 M 0 15 0.02 M M 4.2 9 100 M M 1 16 80
2 97 69 83 M 0 18 0.37 M M 6.2 17 360 M M 1 3 37 70
3 87 67 77 M 0 12 0.19 M M 6.6 28 320 M M 4 3 33 320
4 99 69 84 M 0 19 M M M 8.3 14 140 M M 0 22 140
5 100 74 87 M 0 22 M M M 8.7 16 140 M M 0 22 180
6 100 74 87 M 0 22 M M M 11.4 17 210 M M 0 25 200
7 99 75 87 M 0 22 M M M 13.5 18 200 M M 0 28 170
8 97 74 86 M 0 21 M M M 10.5 16 170 M M 1 29 140
9 98 73 86 M 0 21 M M M 10.2 16 140 M M 0 25 180
10 100 74 87 M 0 22 M M M 11.7 18 190 M M 0 23 170
11 101 76 89 M 0 24 M M M 11.0 18 210 M M 0 24 170
12 103 76 90 M 0 25 M M M 10.4 16 210 M M 0 21 210
13 105 78 92 M 0 27 M M M 9.4 15 200 M M 0 23 200
14 107 73 90 M 0 25 0.01 M M 10.8 18 50 M M 0 26 20
15 104 79 92 M 0 27 M M M 4.9 16 60 M M 0 36 350
16 99 75 87 M 0 22 M M M 8.2 23 360 M M 1 3 35 360
17 90 68 79 M 0 14 M M M 6.3 14 200 M M 1 20 30
18 94 69 82 M 0 17 M M M 7.0 13 70 M M 1 18 30
19 97 70 84 M 0 19 M M M 6.7 13 90 M M 0 18 70
20 92 71 82 M 0 17 M M M 9.0 17 100 M M 1 23 120
21 96 67 82 M 0 17 M M M 7.3 14 140 M M 0 18 190
22 95 71 83 M 0 18 M M M 8.0 15 180 M M 1 23 140
23 95 72 84 M 0 19 M M M 8.1 14 90 M M 0 18 90
24 93 69 81 M 0 16 M M M 6.7 10 140 M M 2 20 100
25 94 69 82 M 0 17 M M M 5.2 10 80 M M 1 16 80
26 94 70 82 M 0 17 M M M 6.8 13 100 M M 1 18 100
27 96 71 84 M 0 19 M M M 5.9 10 150 M M 0 16 200
28 104 73 89 M 0 24 M M M 8.7 17 240 M M 0 24 180
29 101 76 89 M 0 24 M M M 7.0 13 150 M M 2 20 160
30 100 71 86 M 0 21 M M M 11.5 17 10 M M 0 25 10
31 96 70 83 M 0 18 0.80 M M 10.2 25 260 M M 1 3 56 260
================================================================================
SM 3026 2230 0 621 1.39 M 260.3 M 19
================================================================================
AV 97.6 71.9 8.4 FASTST M M 1 MAX(MPH)
MISC ----> 28 320 56 260
================================================================================
NOTES:
# LAST OF SEVERAL OCCURRENCES
COLUMN 17 PEAK WIND IN M.P.H.
PRELIMINARY LOCAL CLIMATOLOGICAL DATA (WS FORM: F-6) , PAGE 2
STATION: SNYDER WINSTON FIELD
MONTH: AUGUST
YEAR: 2020
LATITUDE: 32 41 N
LONGITUDE: 100 57 W
[TEMPERATURE DATA] [PRECIPITATION DATA] SYMBOLS USED IN COLUMN 16
AVERAGE MONTHLY: 84.8 TOTAL FOR MONTH: 1.39 1 = FOG OR MIST
DPTR FM NORMAL: 0.0 DPTR FM NORMAL: M 2 = FOG REDUCING VISIBILITY
HIGHEST: 107 ON 14 GRTST 24HR 0.80 ON 31-31 TO 1/4 MILE OR LESS
LOWEST: 67 ON 21, 3 3 = THUNDER
SNOW, ICE PELLETS, HAIL 4 = ICE PELLETS
TOTAL MONTH: M 5 = HAIL
GRTST 24HR M ON M 6 = FREEZING RAIN OR DRIZZLE
GRTST DEPTH: M ON M 7 = DUSTSTORM OR SANDSTORM:
VSBY 1/2 MILE OR LESS
8 = SMOKE OR HAZE
[NO. OF DAYS WITH] [WEATHER - DAYS WITH] 9 = BLOWING SNOW
X = TORNADO
MAX 32 OR BELOW: 0 0.01 INCH OR MORE: 5
MAX 90 OR ABOVE: 30 0.10 INCH OR MORE: 3
MIN 32 OR BELOW: 0 0.50 INCH OR MORE: 1
MIN 0 OR BELOW: 0 1.00 INCH OR MORE: 0
[HDD (BASE 65) ]
TOTAL THIS MO. 0 CLEAR (SCALE 0-3) 30
DPTR FM NORMAL M PTCLDY (SCALE 4-7) 1
TOTAL FM JUL 1 0 CLOUDY (SCALE 8-10) 0
DPTR FM NORMAL M
[CDD (BASE 65) ]
TOTAL THIS MO. 621
DPTR FM NORMAL M [PRESSURE DATA]
TOTAL FM JAN 1 2158 HIGHEST SLP M ON M
DPTR FM NORMAL M LOWEST SLP M ON M
[REMARKS]
#FINAL-08-20#