000
CXAK56 PAFC 011047
CF6SNP
PRELIMINARY LOCAL CLIMATOLOGICAL DATA (WS FORM: F-6)
STATION: SAINT PAUL ISLAND
MONTH: JUNE
YEAR: 2023
LATITUDE: 57 9 N
LONGITUDE: 170 13 W
TEMPERATURE IN F: :PCPN: SNOW: WIND :SUNSHINE: SKY :PK WND
================================================================================
1 2 3 4 5 6A 6B 7 8 9 10 11 12 13 14 15 16 17 18
12Z AVG MX 2MIN
DY MAX MIN AVG DEP HDD CDD WTR SNW DPTH SPD SPD DIR MIN PSBL S-S WX SPD DR
================================================================================
1 47 29 38 -2 27 0 0.00 M M 11.0 16 230 M M 1 1 20 230
2 43 38 41 1 24 0 0.03 M M 11.5 18 130 M M 7 12 23 140
3 45 38 42 2 23 0 0.05 M M 4.2 12 80 M M 9 1 14 80
4 46 34 40 0 25 0 0.00 M M 12.5 20 90 M M 10 25 100
5 47 39 43 2 22 0 0.00 M M 12.0 21 130 M M 9 26 120
6 40 39 40 -1 25 0 0.02 M M 9.7 18 110 M M 10 23 110
7 43 39 41 0 24 0 T M M 10.8 15 70 M M 9 19 130
8 48 35 42 1 23 0 T M M 11.2 17 60 M M 9 22 40
9 47 36 42 0 23 0 0.05 M M 5.2 10 180 M M 10 12 13 180
10 48 37 43 1 22 0 T M M 12.9 18 70 M M 10 1 23 60
11 45 37 41 -1 24 0 0.27 M M 18.4 29 330 M M 10 1 35 320
12 48 40 44 2 21 0 0.12 M M 16.4 22 260 M M 9 28 270
13 47 37 42 -1 23 0 0.00 M M 8.6 14 210 M M 6 8 18 220
14 M M M M M M M M M 12.4 17 190 M M 4 1 22 190
15 47 37 42 -1 23 0 T M M 12.8 18 350 M M 5 18 23 350
16 51 34 43 0 22 0 0.00 M M 12.9 22 330 M M 3 27 340
17 50 38 44 0 21 0 0.00 M M 8.1 13 180 M M 4 16 190
18 49 35 42 -2 23 0 0.45 M M 12.6 21 70 M M 4 128 27 70
19 46 42 44 0 21 0 0.32 M M 14.9 22 30 M M 10 12 29 30
20 50 42 46 2 19 0 0.02 M M 12.8 18 40 M M 10 1 24 20
21 49 41 45 1 20 0 0.02 M M 8.4 14 150 M M 10 12 17 150
22 46 42 44 -1 21 0 0.27 M M 10.9 16 110 M M 10 12 24 110
23 47 42 45 0 20 0 0.08 M M 11.6 17 120 M M 9 1 25 120
24 46 42 44 -1 21 0 0.01 M M 13.4 18 110 M M 10 1 24 100
25 46 42 44 -1 21 0 0.52 M M 8.2 15 40 M M 10 1 19 50
26 50 42 46 1 19 0 0.01 M M 13.2 22 340 M M 10 128 29 360
27 49 42 46 0 19 0 T M M 18.5 22 20 M M 10 1 30 20
28 52 41 47 1 18 0 0.00 M M 15.9 23 330 M M 10 128 29 320
29 50 42 46 0 19 0 0.00 M M 10.7 17 350 M M 10 1 23 360
30 51 42 47 1 18 0 0.00 M M 10.1 17 50 M M 10 128 24 50
================================================================================
SM 1373 1124 631 0 2.24 M 351.8 M 248
================================================================================
AV 47.3 38.8 11.7 FASTST M M 8 MAX(MPH)
MISC ----> 29 330 35 320
================================================================================
NOTES:
# LAST OF SEVERAL OCCURRENCES
COLUMN 17 PEAK WIND IN M.P.H.
PRELIMINARY LOCAL CLIMATOLOGICAL DATA (WS FORM: F-6) , PAGE 2
STATION: SAINT PAUL ISLAND
MONTH: JUNE
YEAR: 2023
LATITUDE: 57 9 N
LONGITUDE: 170 13 W
[TEMPERATURE DATA] [PRECIPITATION DATA] SYMBOLS USED IN COLUMN 16
AVERAGE MONTHLY: 43.1 TOTAL FOR MONTH: 2.24 1 = FOG OR MIST
DPTR FM NORMAL: 0.0 DPTR FM NORMAL: 0.93 2 = FOG REDUCING VISIBILITY
HIGHEST: 52 ON 28 GRTST 24HR 0.75 ON 18-19 TO 1/4 MILE OR LESS
LOWEST: 29 ON 1 3 = THUNDER
SNOW, ICE PELLETS, HAIL 4 = ICE PELLETS
TOTAL MONTH: M 5 = HAIL
GRTST 24HR M ON M 6 = FREEZING RAIN OR DRIZZLE
GRTST DEPTH: M ON M 7 = DUSTSTORM OR SANDSTORM:
VSBY 1/2 MILE OR LESS
8 = SMOKE OR HAZE
[NO. OF DAYS WITH] [WEATHER - DAYS WITH] 9 = BLOWING SNOW
X = TORNADO
MAX 32 OR BELOW: 0 0.01 INCH OR MORE: 15
MAX 90 OR ABOVE: 0 0.10 INCH OR MORE: 6
MIN 32 OR BELOW: 1 0.50 INCH OR MORE: 1
MIN 0 OR BELOW: 0 1.00 INCH OR MORE: 0
[HDD (BASE 65) ]
TOTAL THIS MO. 631 CLEAR (SCALE 0-3) 1
DPTR FM NORMAL -26 PTCLDY (SCALE 4-7) 7
TOTAL FM JUL 1 10129 CLOUDY (SCALE 8-10) 22
DPTR FM NORMAL -457
[CDD (BASE 65) ]
TOTAL THIS MO. 0
DPTR FM NORMAL 0 [PRESSURE DATA]
TOTAL FM JAN 1 0 HIGHEST SLP M ON M
DPTR FM NORMAL 0 LOWEST SLP 29.29 ON 25
[REMARKS]
#FINAL-06-23#