000
CXAK58 PASN 011008
CLMSNP
CLIMATE REPORT
NATIONAL WEATHER SERVICE ANCHORAGE, AK
208 AM AKDT MON APR 01 2024
...................................
...THE SAINT PAUL ISLAND CLIMATE SUMMARY FOR THE MONTH OF MARCH 2024...
CLIMATE NORMAL PERIOD: 1991 TO 2020
CLIMATE RECORD PERIOD: 1892 TO 2024
WEATHER OBSERVED NORMAL DEPART LAST YEAR`S
VALUE DATE(S) VALUE FROM VALUE
NORMAL
..............................................................
TEMPERATURE (F)
RECORD
HIGH 50 MM
LOW 4 03/10/2020
HIGHEST 37 MM MM 40
LOWEST 12 MM MM 10
AVG. MAXIMUM 28.0 29.5 -1.5 33.7
AVG. MINIMUM 21.0 20.8 0.2 24.9
MEAN 24.5 25.1 -0.6 29.3
DAYS MAX >= 90 0 0.0 0.0 0
DAYS MAX <= 32 18 16.8 1.2 12
DAYS MIN <= 32 30 28.6 1.4 26
DAYS MIN <= 0 0 1.6 -1.6 0
PRECIPITATION (INCHES)
RECORD
MAXIMUM 2.48 2021
MINIMUM 0.32 2022
TOTALS 1.76 1.29 0.47 1.85
DAILY AVG. 0.06 0.04 0.02 0.06
DAYS >= .01 14 14.0 0.0 17
DAYS >= .10 7 4.0 3.0 6
DAYS >= .50 0 0.2 -0.2 0
DAYS >= 1.00 0 0.0 0.0 0
GREATEST
24 HR. TOTAL 0.43 03/01 TO 03/02 0.50
STORM TOTAL 0.27 0.43
(MM/DD(HH))
DEGREE DAYS
HEATING TOTAL 1246 1235 11 1102
SINCE 7/1 7721 8000 -279 MM
COOLING TOTAL 0 0 0 0
SINCE 1/1 0 0 0 MM
FREEZE DATES
RECORD
EARLIEST MM
LATEST MM
EARLIEST 09/10
LATEST 06/01
..............................................................
WIND (MPH)
AVERAGE WIND SPEED 18.4
RESULTANT WIND SPEED/DIRECTION 7/030
HIGHEST WIND SPEED/DIRECTION 45/110 DATE 03/01
HIGHEST GUST SPEED/DIRECTION 63/110 DATE 03/01
SKY COVER
POSSIBLE SUNSHINE (PERCENT) MM
AVERAGE SKY COVER 0.81
NUMBER OF DAYS FAIR 2
NUMBER OF DAYS PC 5
NUMBER OF DAYS CLOUDY 24
AVERAGE RH (PERCENT) 80
WEATHER CONDITIONS. NUMBER OF DAYS WITH
THUNDERSTORM 0 MIXED PRECIP 0
HEAVY RAIN 0 RAIN 1
LIGHT RAIN 4 FREEZING RAIN 0
LT FREEZING RAIN 1 HAIL 0
HEAVY SNOW 6 SNOW 12
LIGHT SNOW 26 SLEET 0
FOG 16 FOG W/VIS <= 1/4 MILE 8
HAZE 19
- INDICATES NEGATIVE NUMBERS.
R INDICATES RECORD WAS SET OR TIED.
MM INDICATES DATA IS MISSING.
T INDICATES TRACE AMOUNT.
$$