000
CXAK58 PASN 011730
CLMSNP
CLIMATE REPORT
NATIONAL WEATHER SERVICE ANCHORAGE, AK
930 AM AKDT WED NOV 01 2023
...................................
...THE SAINT PAUL ISLAND CLIMATE SUMMARY FOR THE MONTH OF OCTOBER 2023...
CLIMATE NORMAL PERIOD: 1991 TO 2020
CLIMATE RECORD PERIOD: 1892 TO 2023
WEATHER OBSERVED NORMAL DEPART LAST YEAR`S
VALUE DATE(S) VALUE FROM VALUE
NORMAL
..............................................................
TEMPERATURE (F)
RECORD
HIGH 53 10/02/2019
LOW 12 10/30/1983
HIGHEST 49 MM MM 48
LOWEST 29 MM MM 23
AVG. MAXIMUM 44.9 43.6 1.3 43.6
AVG. MINIMUM 37.4 35.3 2.1 34.3
MEAN 41.2 39.5 1.7 39.0
DAYS MAX >= 90 0 0.0 0.0 0
DAYS MAX <= 32 0 0.1 -0.1 0
DAYS MIN <= 32 5 9.4 -4.4 10
DAYS MIN <= 0 0 0.0 0.0 0
PRECIPITATION (INCHES)
RECORD
MAXIMUM 6.21 1987
MINIMUM 0.96 1977
TOTALS 1.90 3.32 -1.42 4.64
DAILY AVG. 0.06 0.11 -0.05 0.15
DAYS >= .01 8 22.5 -14.5 11
DAYS >= .10 4 9.9 -5.9 6
DAYS >= .50 1 1.1 -0.1 1
DAYS >= 1.00 0 0.3 -0.3 0
GREATEST
24 HR. TOTAL 0.70 10/25 TO 10/26 0.93
STORM TOTAL 0.67 0.92
(MM/DD(HH))
DEGREE DAYS
HEATING TOTAL 732 792 -60 796
SINCE 7/1 2268 2371 -103 MM
COOLING TOTAL 0 0 0 0
SINCE 1/1 0 0 0 MM
FREEZE DATES
RECORD
EARLIEST MM
LATEST MM
EARLIEST 09/10
LATEST 06/01
..............................................................
WIND (MPH)
AVERAGE WIND SPEED 15.6
RESULTANT WIND SPEED/DIRECTION 5/080
HIGHEST WIND SPEED/DIRECTION 48/110 DATE 10/12
HIGHEST GUST SPEED/DIRECTION 65/100 DATE 10/12
SKY COVER
POSSIBLE SUNSHINE (PERCENT) MM
AVERAGE SKY COVER 0.86
NUMBER OF DAYS FAIR 0
NUMBER OF DAYS PC 7
NUMBER OF DAYS CLOUDY 24
AVERAGE RH (PERCENT) 82
WEATHER CONDITIONS. NUMBER OF DAYS WITH
THUNDERSTORM 0 MIXED PRECIP 0
HEAVY RAIN 0 RAIN 1
LIGHT RAIN 24 FREEZING RAIN 0
LT FREEZING RAIN 0 HAIL 0
HEAVY SNOW 0 SNOW 0
LIGHT SNOW 4 SLEET 0
FOG 21 FOG W/VIS <= 1/4 MILE 2
HAZE 5
- INDICATES NEGATIVE NUMBERS.
R INDICATES RECORD WAS SET OR TIED.
MM INDICATES DATA IS MISSING.
T INDICATES TRACE AMOUNT.
$$