000
CXUS56 KMTR 010830
CLMSNS
CLIMATE REPORT
NATIONAL WEATHER SERVICE SAN FRANCISCO BAY AREA
1230 AM PST FRI MAR 01 2024
...................................
...THE SALINAS AIRPORT CLIMATE SUMMARY FOR THE MONTH OF FEBRUARY 2024...
CLIMATE NORMAL PERIOD: 1991 TO 2020
CLIMATE RECORD PERIOD: 1930 TO 2024
WEATHER OBSERVED NORMAL DEPART LAST YEAR`S
VALUE DATE(S) VALUE FROM VALUE DATE(S)
NORMAL
................................................................
TEMPERATURE (F)
RECORD
HIGH 88 MM
LOW 28 02/04/2020
HIGHEST 74 02/24 73 02/09
LOWEST 37 02/10 33 02/17
AVG. MAXIMUM 62.6 63.3 -0.7 60.0
AVG. MINIMUM 44.9 42.9 2.0 39.2
MEAN 53.8 53.1 0.7 49.6
DAYS MAX >= 90 0 0
DAYS MAX <= 32 0 0
DAYS MIN <= 32 0 0
DAYS MIN <= 0 0 0
PRECIPITATION (INCHES)
TOTALS 4.44 2.42 2.02 1.62
DAILY AVG. 0.15 0.06
DAYS >= .01 13 9
DAYS >= .10 11 4
DAYS >= .50 4 1
DAYS >= 1.00 0 0
GREATEST
24 HR. TOTAL 0.99 01/31 TO 02/01 0.50 02/24 TO 02/25
DEGREE DAYS
HEATING TOTAL 317 334 -17 425
SINCE 7/1 1262 1793 -531 MM
COOLING TOTAL 0 0 0 0
SINCE 1/1 1 0 1 MM
................................................................
WIND (MPH)
AVERAGE WIND SPEED 8.5
RESULTANT WIND SPEED/DIRECTION 4/150
HIGHEST WIND SPEED/DIRECTION 44/130 DATE 02/04
HIGHEST GUST SPEED/DIRECTION 60/130 DATE 02/04
SKY COVER
POSSIBLE SUNSHINE (PERCENT) MM
AVERAGE SKY COVER 0.42
NUMBER OF DAYS FAIR 13
NUMBER OF DAYS PC 10
NUMBER OF DAYS CLOUDY 6
AVERAGE RH (PERCENT) 74
WEATHER CONDITIONS. NUMBER OF DAYS WITH
THUNDERSTORM 0 MIXED PRECIP 0
HEAVY RAIN 8 RAIN 10
LIGHT RAIN 13 FREEZING RAIN 0
LT FREEZING RAIN 0 HAIL 0
HEAVY SNOW 0 SNOW 0
LIGHT SNOW 0 SLEET 0
FOG 18 FOG W/VIS <= 1/4 MILE 2
HAZE 0
- INDICATES NEGATIVE NUMBERS.
R INDICATES RECORD WAS SET OR TIED.
MM INDICATES DATA IS MISSING.
T INDICATES TRACE AMOUNT.
$$