000
CXUS55 KPIH 011702
CF6SNT
PRELIMINARY LOCAL CLIMATOLOGICAL DATA (WS FORM: F-6)
STATION: STANLEY
MONTH: NOVEMBER
YEAR: 2022
LATITUDE: 44 10 N
LONGITUDE: 114 56 W
TEMPERATURE IN F: :PCPN: SNOW: WIND :SUNSHINE: SKY :PK WND
================================================================================
1 2 3 4 5 6A 6B 7 8 9 10 11 12 13 14 15 16 17 18
12Z AVG MX 2MIN
DY MAX MIN AVG DEP HDD CDD WTR SNW DPTH SPD SPD DIR MIN PSBL S-S WX SPD DR
================================================================================
1 55 34 45 12 20 0 0.14 M M 7.7 18 160 M M 0 34 160
2 34 8 21 -12 44 0 0.21 M M 1.2 9 30 M M 0 15 150
3 30 4 17 -15 48 0 0.00 M M 1.4 6 310 M M 0 8 350
4 36 19 28 -4 37 0 0.41 M M 3.9 14 130 M M 0 22 130
5 38 20 29 -2 36 0 0.47 M M 5.6 23 300 M M 0 45 300
6 36 7 22 -9 43 0 0.07 M M 6.9 17 150 M M 0 30 150
7 38 18 28 -2 37 0 0.25 M M 4.4 16 200 M M 0 30 200
8 38 16 27 -3 38 0 0.04 M M 1.6 8 100 M M 0 14 100
9 31 15 23 -6 42 0 0.18 M M 4.4 10 10 M M 0 18 270
10 27 -7 10 -19 55 0 0.00 M M 2.1 7 180 M M 0 12 320
11 21 -9 6 -22 59 0 0.00 M M 1.2 7 120 M M 0 10 140
12 24 0 12 -16 53 0 0.00 M M 0.6 6 180 M M 0 8 100
13 32 -1 16 -11 49 0 0.00 M M 1.6 7 340 M M 0 12 330
14 30 -1 15 -12 50 0 0.00 M M 1.2 6 160 M M 0 9 170
15 30 -7 12 -14 53 0 0.00 M M 1.2 7 350 M M 0 9 340
16 30 -4 13 -13 52 0 0.00 M M 0.6 6 170 M M 0 8 180
17 29 -1 14 -12 51 0 0.00 M M 2.1 8 320 M M 0 13 310
18 26 -3 12 -13 53 0 0.00 M M 2.2 8 300 M M 0 14 330
19 27 -9 9 -16 56 0 0.00 M M 0.2 8 170 M M 0 9 170
20 29 -7 11 -13 54 0 0.00 M M 0.6 6 80 M M 0 8 70
21 33 -2 16 -8 49 0 0.00 M M 1.4 8 340 M M 0 10 340
22 39 1 20 -3 45 0 0.03 M M 2.0 13 240 M M 0 28 220
23 36 7 22 -1 43 0 0.01 M M 3.7 12 330 M M 0 20 310
24 35 0 18 -4 47 0 0.00 M M 1.2 7 130 M M 0 11 160
25 39 4 22 0 43 0 0.00 M M 1.6 9 180 M M 0 13 120
26 38 6 22 0 43 0 0.02 M M 2.7 9 340 M M 0 15 350
27 33 4 19 -2 46 0 0.23 M M 4.6 15 220 M M 0 28 190
28 25 -3 11 -10 54 0 0.10 M M 1.9 13 290 M M 0 21 290
29 20 -4 8 -12 57 0 0.00 M M 2.9 10 170 M M 0 15 190
30 28 6 17 -3 48 0 0.33 M M 7.7 18 160 M M 0 32 160
================================================================================
SM 967 111 1405 0 2.49 M 80.4 M 0
================================================================================
AV 32.2 3.7 2.7 FASTST M M 0 MAX(MPH)
MISC ----> 23 300 45 300
================================================================================
NOTES:
# LAST OF SEVERAL OCCURRENCES
COLUMN 17 PEAK WIND IN M.P.H.
PRELIMINARY LOCAL CLIMATOLOGICAL DATA (WS FORM: F-6) , PAGE 2
STATION: STANLEY
MONTH: NOVEMBER
YEAR: 2022
LATITUDE: 44 10 N
LONGITUDE: 114 56 W
[TEMPERATURE DATA] [PRECIPITATION DATA] SYMBOLS USED IN COLUMN 16
AVERAGE MONTHLY: 18.0 TOTAL FOR MONTH: 2.49 1 = FOG OR MIST
DPTR FM NORMAL: -8.4 DPTR FM NORMAL: 0.30 2 = FOG REDUCING VISIBILITY
HIGHEST: 55 ON 1 GRTST 24HR 0.86 ON 4- 5 TO 1/4 MILE OR LESS
LOWEST: -9 ON 19,11 3 = THUNDER
SNOW, ICE PELLETS, HAIL 4 = ICE PELLETS
TOTAL MONTH: M 5 = HAIL
GRTST 24HR M ON M 6 = FREEZING RAIN OR DRIZZLE
GRTST DEPTH: M ON M 7 = DUSTSTORM OR SANDSTORM:
VSBY 1/2 MILE OR LESS
8 = SMOKE OR HAZE
[NO. OF DAYS WITH] [WEATHER - DAYS WITH] 9 = BLOWING SNOW
X = TORNADO
MAX 32 OR BELOW: 16 0.01 INCH OR MORE: 14
MAX 90 OR ABOVE: 0 0.10 INCH OR MORE: 9
MIN 32 OR BELOW: 29 0.50 INCH OR MORE: 0
MIN 0 OR BELOW: 15 1.00 INCH OR MORE: 0
[HDD (BASE 65) ]
TOTAL THIS MO. 1405 CLEAR (SCALE 0-3) 30
DPTR FM NORMAL 245 PTCLDY (SCALE 4-7) 0
TOTAL FM JUL 1 2683 CLOUDY (SCALE 8-10) 0
DPTR FM NORMAL -97
[CDD (BASE 65) ]
TOTAL THIS MO. 0
DPTR FM NORMAL 0 [PRESSURE DATA]
TOTAL FM JAN 1 13 HIGHEST SLP 30.83 ON 16
DPTR FM NORMAL 0 LOWEST SLP 29.33 ON 9
[REMARKS]
11TH: A RECORD LOW TEMPERATURE OF -9 WAS SET AT STANLEY YESTERDAY.
THIS BREAKS THE PREVIOUS RECORD OF -6 SET IN 1986.
#FINAL-11-22#