000
CXUS55 KPIH 011422
CF6SNT
PRELIMINARY LOCAL CLIMATOLOGICAL DATA (WS FORM: F-6)
STATION: STANLEY_ID
MONTH: AUGUST
YEAR: 2020
LATITUDE: 44 10 N
LONGITUDE: 114 56 W
TEMPERATURE IN F: :PCPN: SNOW: WIND :SUNSHINE: SKY :PK WND
================================================================================
1 2 3 4 5 6A 6B 7 8 9 10 11 12 13 14 15 16 17 18
12Z AVG MX 2MIN
DY MAX MIN AVG DEP HDD CDD WTR SNW DPTH SPD SPD DIR MIN PSBL S-S WX SPD DR
================================================================================
1 89 43 66 7 0 1 0.00 M M 3.6 12 340 M M 0 18 330
2 91 37 64 5 1 0 0.00 M M 3.0 13 330 M M 0 19 300
3 85 47 66 7 0 1 0.00 M M 4.0 15 320 M M 0 29 310
4 85 36 61 2 4 0 0.00 M M 4.4 12 330 M M 0 18 330
5 87 37 62 4 3 0 0.00 M M 4.9 20 340 M M 0 28 170
6 81 48 65 7 0 0 0.00 M M 4.5 14 200 M M 0 24 250
7 80 40 60 2 5 0 0.00 M M 5.3 15 360 M M 0 23 30
8 79 32 56 -2 9 0 0.00 M M 3.8 13 290 M M 0 24 300
9 80 35 58 0 7 0 0.00 M M 3.3 13 330 M M 0 23 330
10 83 37 60 2 5 0 0.00 M M 3.7 12 320 M M 0 20 300
11 82 35 59 1 6 0 0.00 M M 4.0 15 190 M M 0 24 200
12 76 49 63 6 2 0 0.00 M M 5.1 16 200 M M 0 31 240
13 74 38 56 -1 9 0 0.00 M M 4.0 18 200 M M 0 30 220
14 80 30 55 -2 10 0 0.00 M M 4.6 15 340 M M 0 23 30
15 86 32 59 2 6 0 0.00 M M 4.2 14 280 M M 0 22 290
16 90 37 64 8 1 0 0.00 M M 3.5 13 230 M M 0 22 230
17 90 45 68 12 0 3 0.00 M M 3.4 12 320 M M 0 20 290
18 89 52 71 15 0 6 0.00 M M 4.0 14 330 M M 0 22 320
19 87 53 70 14 0 5 0.00 M M 4.0 13 250 M M 0 20 180
20 82 44 63 8 2 0 0.00 M M 3.1 14 300 M M 0 22 290
21 85 36 61 6 4 0 0.00 M M 2.5 16 190 M M 0 26 180
22 85 35 60 5 5 0 0.00 M M 3.0 14 250 M M 0 23 260
23 87 36 62 8 3 0 0.00 M M 2.9 12 270 M M 0 20 300
24 80 39 60 6 5 0 0.00 M M 2.8 14 30 M M 0 21 20
25 81 48 65 11 0 0 0.03 M M 6.4 22 210 M M 0 35 230
26 82 41 62 8 3 0 0.14 M M 4.7 18 170 M M 0 30 170
27 76 44 60 7 5 0 0.02 M M 3.4 13 340 M M 0 22 340
28 80 35 58 5 7 0 0.00 M M 3.2 12 350 M M 0 16 330
29 80 33 57 4 8 0 0.00 M M 3.8 15 320 M M 0 28 340
30 71 34 53 1 12 0 0.00 M M 4.7 16 330 M M 0 24 350
31 56 32 44 -8 21 0 0.00 M M 4.4 14 350 M M 0 23 350
================================================================================
SM 2539 1220 143 16 0.19 M 122.2 M 0
================================================================================
AV 81.9 39.4 3.9 FASTST M M 0 MAX(MPH)
MISC ----> # 22 210 # 35 230
================================================================================
NOTES:
# LAST OF SEVERAL OCCURRENCES
PRECIP SUSPECT DURING FREEZING/FROZEN EVENTS
COLUMN 17 PEAK WIND IN M.P.H.
PRELIMINARY LOCAL CLIMATOLOGICAL DATA (WS FORM: F-6) , PAGE 2
STATION: STANLEY_ID
MONTH: AUGUST
YEAR: 2020
LATITUDE: 44 10 N
LONGITUDE: 114 56 W
[TEMPERATURE DATA] [PRECIPITATION DATA] SYMBOLS USED IN COLUMN 16
AVERAGE MONTHLY: 60.6 TOTAL FOR MONTH: 0.19 1 = FOG OR MIST
DPTR FM NORMAL: 4.6 DPTR FM NORMAL: -0.49 2 = FOG REDUCING VISIBILITY
HIGHEST: 91 ON 2 GRTST 24HR 0.14 ON 26-26 TO 1/4 MILE OR LESS
LOWEST: 30 ON 14 3 = THUNDER
SNOW, ICE PELLETS, HAIL 4 = ICE PELLETS
TOTAL MONTH: M 5 = HAIL
GRTST 24HR M ON M 6 = FREEZING RAIN OR DRIZZLE
GRTST DEPTH: M ON M 7 = DUSTSTORM OR SANDSTORM:
VSBY 1/2 MILE OR LESS
8 = SMOKE OR HAZE
[NO. OF DAYS WITH] [WEATHER - DAYS WITH] 9 = BLOWING SNOW
X = TORNADO
MAX 32 OR BELOW: 0 0.01 INCH OR MORE: 3
MAX 90 OR ABOVE: 3 0.10 INCH OR MORE: 1
MIN 32 OR BELOW: 4 0.50 INCH OR MORE: 0
MIN 0 OR BELOW: 0 1.00 INCH OR MORE: 0
[HDD (BASE 65) ]
TOTAL THIS MO. 143 CLEAR (SCALE 0-3) 31
DPTR FM NORMAL -136 PTCLDY (SCALE 4-7) 0
TOTAL FM JUL 1 348 CLOUDY (SCALE 8-10) 0
DPTR FM NORMAL -172
[CDD (BASE 65) ]
TOTAL THIS MO. 16
DPTR FM NORMAL 16 [PRESSURE DATA]
TOTAL FM JAN 1 21 HIGHEST SLP 30.24 ON 17
DPTR FM NORMAL 18 LOWEST SLP 29.62 ON 6
[REMARKS]
16TH: HIGH TEMPERATURE OF 90 DEGREES BREAKS THE OLD RECORD OF 89 SET
IN 1967.
#FINAL-08-20#