000
CXUS55 KCYS 012029
CF6SNY
PRELIMINARY LOCAL CLIMATOLOGICAL DATA (WS FORM: F-6)
STATION: SIDNEY NEBRASKA AIRPORT
MONTH: APRIL
YEAR: 2023
LATITUDE: 41 5 N
LONGITUDE: 102 59 W
TEMPERATURE IN F: :PCPN: SNOW: WIND :SUNSHINE: SKY :PK WND
================================================================================
1 2 3 4 5 6A 6B 7 8 9 10 11 12 13 14 15 16 17 18
12Z AVG MX 2MIN
DY MAX MIN AVG DEP HDD CDD WTR SNW DPTH SPD SPD DIR MIN PSBL S-S WX SPD DR
================================================================================
1 61 24 43 0 22 0 0.00 M M 10.8 26 230 M M 0 35 230
2 61 31 46 3 19 0 0.00 M M 12.6 26 330 M M 1 34 340
3 51 29 40 -3 25 0 0.00 M M 19.6 38 90 M M 6 48 80
4 29 19 24 -19 41 0 0.04 M M 19.4 30 350 M M 9 168 36 350
5 37 16 27 -17 38 0 T M M 16.3 29 330 M M 1 37 340
6 51 21 36 -8 29 0 0.00 M M 10.5 26 300 M M 0 40 310
7 66 18 42 -2 23 0 0.00 M M 6.0 16 190 M M 0 24 180
8 72 24 48 4 17 0 T M M 9.8 26 350 M M 2 33 360
9 68 31 50 6 15 0 0.00 M M 13.9 25 310 M M 1 34 310
10 75 29 52 8 13 0 0.00 M M 10.5 18 210 M M 0 27 260
11 87 40 64 20 1 0 0.00 M M 11.6 24 210 M M 0 30 210
12 87 37 62 18 3 0 0.00 M M 8.9 24 180 M M 0 34 180
13 82 43 63 18 2 0 T M M 13.4 36 360 M M 1 48 360
14 52 32 42 -3 23 0 0.71 M M 13.8 30 350 M M 9 12 38 360
15 49 27 38 -7 27 0 0.00 M M 16.5 30 340 M M 7 38 340
16 59 25 42 -3 23 0 0.00 M M 8.2 16 190 M M 0 18 190
17 75 28 52 7 13 0 0.00 M M 8.2 22 230 M M 0 32 230
18 74 33 54 8 11 0 0.00 M M 14.7 31 320 M M 0 52 180
19 58 31 45 -1 20 0 0.10 M M 18.0 41 310 M M 3 12 52 320
20 52 23 38 -8 27 0 T M M 15.4 33 310 M M 2 45 320
21 50 25 38 -8 27 0 0.00 M M 18.3 31 320 M M 3 44 320
22 47 18 33 -13 32 0 0.00 M M 12.6 26 340 M M 5 33 350
23 57 16 37 -10 28 0 0.00 M M 7.8 17 250 M M 2 23 220
24 66 25 46 -1 19 0 0.00 M M 10.1 21 150 M M 1 32 150
25 50 38 44 -3 21 0 0.01 M M 13.6 25 140 M M 8 18 32 150
26 59 39 49 2 16 0 0.00 M M 9.8 17 200 M M 6 1 23 200
27 71 38 55 7 10 0 0.03 M M 19.5 43 330 M M 4 38 55 330
28 56 31 44 -4 21 0 T M M 15.7 30 360 M M 4 40 360
29 72 31 52 4 13 0 0.00 M M 18.4 41 340 M M 2 53 10
30 63 28 46 -3 19 0 0.00 M M 7.3 15 70 M M 1 22 330
================================================================================
SM 1837 850 598 0 0.89 M 391.2 M 78
================================================================================
AV 61.2 28.3 13.0 FASTST M M 3 MAX(MPH)
MISC ----> 43 330 55 330
================================================================================
NOTES:
# LAST OF SEVERAL OCCURRENCES
COLUMN 17 PEAK WIND IN M.P.H.
PRELIMINARY LOCAL CLIMATOLOGICAL DATA (WS FORM: F-6) , PAGE 2
STATION: SIDNEY NEBRASKA AIRPORT
MONTH: APRIL
YEAR: 2023
LATITUDE: 41 5 N
LONGITUDE: 102 59 W
[TEMPERATURE DATA] [PRECIPITATION DATA] SYMBOLS USED IN COLUMN 16
AVERAGE MONTHLY: 44.8 TOTAL FOR MONTH: 0.89 1 = FOG OR MIST
DPTR FM NORMAL: -0.5 DPTR FM NORMAL: -0.78 2 = FOG REDUCING VISIBILITY
HIGHEST: 87 ON 12,11 GRTST 24HR 0.71 ON 14-14 TO 1/4 MILE OR LESS
LOWEST: 16 ON 23, 5 3 = THUNDER
SNOW, ICE PELLETS, HAIL 4 = ICE PELLETS
TOTAL MONTH: M 5 = HAIL
GRTST 24HR M ON M 6 = FREEZING RAIN OR DRIZZLE
GRTST DEPTH: M ON M 7 = DUSTSTORM OR SANDSTORM:
VSBY 1/2 MILE OR LESS
8 = SMOKE OR HAZE
[NO. OF DAYS WITH] [WEATHER - DAYS WITH] 9 = BLOWING SNOW
X = TORNADO
MAX 32 OR BELOW: 1 0.01 INCH OR MORE: 5
MAX 90 OR ABOVE: 0 0.10 INCH OR MORE: 2
MIN 32 OR BELOW: 23 0.50 INCH OR MORE: 1
MIN 0 OR BELOW: 0 1.00 INCH OR MORE: 0
[HDD (BASE 65) ]
TOTAL THIS MO. 598 CLEAR (SCALE 0-3) 20
DPTR FM NORMAL 7 PTCLDY (SCALE 4-7) 7
TOTAL FM JUL 1 6870 CLOUDY (SCALE 8-10) 3
DPTR FM NORMAL 579
[CDD (BASE 65) ]
TOTAL THIS MO. 0
DPTR FM NORMAL 0 [PRESSURE DATA]
TOTAL FM JAN 1 0 HIGHEST SLP 30.36 ON 6
DPTR FM NORMAL 0 LOWEST SLP 29.26 ON 13
[REMARKS]
#FINAL-04-23#
APRIL 11...RECORD HIGH TEMPERATURE 89F (PREVIOUS: 83F IN 1977)
APRIL 12...RECORD HIGH TEMPERATURE 87F (PREVIOUS: 81F IN 1982)
APRIL 14...RECORD DAILY MAXIMUM RAINFALL 0.71" (PREVIOUS: 0.68" IN 1977)
APRIL 23...RECORD LOW TEMPERATURE 16F (PREVIOUS: 17F IN 1958)