497
CXUS55 KCYS 021554
CF6SNY
PRELIMINARY LOCAL CLIMATOLOGICAL DATA (WS FORM: F-6) ...CORRECTED...
STATION: SIDNEY NEBRASKA AIRPORT
MONTH: DECEMBER
YEAR: 2020
LATITUDE: 41 5 N
LONGITUDE: 102 59 W
TEMPERATURE IN F: :PCPN: SNOW: WIND :SUNSHINE: SKY :PK WND
================================================================================
1 2 3 4 5 6A 6B 7 8 9 10 11 12 13 14 15 16 17 18
12Z AVG MX 2MIN
DY MAX MIN AVG DEP HDD CDD WTR SNW DPTH SPD SPD DIR MIN PSBL S-S WX SPD DR
================================================================================
1 45 23 34 3 31 0 0.00 M M 24.2 36 330 M M 3 47 350
2 30 7 19 -12 46 0 0.00 M M 16.9 31 330 M M 7 40 340
3 47 10 29 -1 36 0 0.00 M M 13.4 23 340 M M 0 29 320
4 60 26 43 13 22 0 0.00 M M 15.2 23 340 M M 0 28 330
5 56 19 38 8 27 0 0.00 M M 11.8 20 340 M M 0 25 310
6 59 18 39 9 26 0 0.00 M M 10.3 16 310 M M 0 20 300
7 61 24 43 14 22 0 0.00 M M 14.9 24 330 M M 0 31 330
8 67 28 48 19 17 0 0.00 M M 15.0 22 310 M M 0 29 310
9 64 22 43 14 22 0 0.00 M M 11.9 20 200 M M 0 23 200
10 38 20 29 0 36 0 0.00 M M 14.2 25 10 M M 5 30 10
11 33 16 25 -3 40 0 0.00 M M 9.2 15 10 M M 10 19 10
12 32 4 18 -10 47 0 T M M 5.4 13 110 M M 5 1 16 140
13 32 8 20 -8 45 0 T M M 10.8 18 300 M M 1 1 22 290
14 27 6 17 -11 48 0 T M M 6.8 15 110 M M 5 1 19 90
15 28 7 18 -10 47 0 T M M 11.3 18 340 M M 6 1 23 340
16 42 10 26 -2 39 0 0.00 M M 16.7 32 300 M M 5 40 310
17 48 12 30 2 35 0 0.00 M M 9.2 23 210 M M 1 30 200
18 42 15 29 1 36 0 T M M 15.0 28 330 M M 3 1 35 330
19 50 11 31 3 34 0 0.00 M M 17.3 38 300 M M 2 52 300
20 56 17 37 9 28 0 0.00 M M 16.9 33 300 M M 0 45 310
21 56 22 39 11 26 0 0.00 M M 10.5 21 200 M M 0 27 190
22 66 21 44 16 21 0 0.00 M M 16.9 45 290 M M 2 18 61 290
23 31 10 21 -7 44 0 T M M 27.9 49 340 M M 5 18 67 330
24 49 10 30 2 35 0 0.00 M M 23.0 40 330 M M 5 56 330
25 60 20 40 12 25 0 0.00 M M 11.4 21 290 M M 0 29 270
26 62 18 40 12 25 0 0.00 M M 11.0 24 320 M M 2 33 330
27 45 18 32 4 33 0 T M M 13.6 29 310 M M 4 38 310
28 36 12 24 -4 41 0 0.02 M M 14.2 36 150 M M 7 12 44 140
29 30 11 21 -7 44 0 0.01 M M 17.8 31 160 M M 7 12 39 320
30 27 5 16 -12 49 0 0.00 M M 11.3 18 290 M M 0 22 290
31 36 5 21 -8 44 0 0.00 M M 7.4 16 300 M M 1 17 300
================================================================================
SM 1415 455 1071 0 0.03 M 431.4 M 86
================================================================================
AV 45.6 14.7 13.9 FASTST M M 3 MAX(MPH)
MISC ----> 49 340 67 330
================================================================================
NOTES:
# LAST OF SEVERAL OCCURRENCES
COLUMN 17 PEAK WIND IN M.P.H.
PRELIMINARY LOCAL CLIMATOLOGICAL DATA (WS FORM: F-6) , PAGE 2
STATION: SIDNEY NEBRASKA AIRPORT
MONTH: DECEMBER
YEAR: 2020
LATITUDE: 41 5 N
LONGITUDE: 102 59 W
[TEMPERATURE DATA] [PRECIPITATION DATA] SYMBOLS USED IN COLUMN 16
AVERAGE MONTHLY: 30.2 TOTAL FOR MONTH: 0.03 1 = FOG OR MIST
DPTR FM NORMAL: 1.5 DPTR FM NORMAL: -0.51 2 = FOG REDUCING VISIBILITY
HIGHEST: 67 ON 8 GRTST 24HR 0.03 ON 28-29 TO 1/4 MILE OR LESS
LOWEST: 4 ON 12 3 = THUNDER
SNOW, ICE PELLETS, HAIL 4 = ICE PELLETS
TOTAL MONTH: M 5 = HAIL
GRTST 24HR M ON M 6 = FREEZING RAIN OR DRIZZLE
GRTST DEPTH: M ON M 7 = DUSTSTORM OR SANDSTORM:
VSBY 1/2 MILE OR LESS
8 = SMOKE OR HAZE
[NO. OF DAYS WITH] [WEATHER - DAYS WITH] 9 = BLOWING SNOW
X = TORNADO
MAX 32 OR BELOW: 8 0.01 INCH OR MORE: 2
MAX 90 OR ABOVE: 0 0.10 INCH OR MORE: 0
MIN 32 OR BELOW: 31 0.50 INCH OR MORE: 0
MIN 0 OR BELOW: 0 1.00 INCH OR MORE: 0
[HDD (BASE 65) ]
TOTAL THIS MO. 1071 CLEAR (SCALE 0-3) 18
DPTR FM NORMAL -54 PTCLDY (SCALE 4-7) 12
TOTAL FM JUL 1 2568 CLOUDY (SCALE 8-10) 1
DPTR FM NORMAL 20
[CDD (BASE 65) ]
TOTAL THIS MO. 0
DPTR FM NORMAL 0 [PRESSURE DATA]
TOTAL FM JAN 1 616 HIGHEST SLP 30.58 ON 2
DPTR FM NORMAL -214 LOWEST SLP 29.39 ON 22
[REMARKS]
DECEMBER 8TH...TIED RECORD HIGH 67 DEGREES PREVIOUSLY SET IN 2006.
DECEMBER 22ND...RECORD HIGH 66 DEGREES (PREVIOUS 64 DEGREES IN 1955).
MONTHLY PRECIPITATION 0.03 INCH (7TH DRIEST DECEMBER ON RECORD).
#FINAL-12-20#