000
CXUS55 KCYS 011826
CLMSNY
CLIMATE REPORT
NATIONAL WEATHER SERVICE CHEYENNE WY
1126 AM MST FRI DEC 01 2023
...................................
...THE SIDNEY NEBRASKA AIRPORT CLIMATE SUMMARY FOR THE MONTH OF NOVEMBER 2023...
CLIMATE NORMAL PERIOD 1991 TO 2020
CLIMATE RECORD PERIOD 1948 TO 2023
WEATHER OBSERVED NORMAL DEPART LAST YEAR`S
VALUE DATE(S) VALUE FROM VALUE DATE(S)
NORMAL
................................................................
TEMPERATURE (F)
RECORD
HIGH 81 11/03/2020
11/05/2009
11/08/1999
LOW -14 11/13/2014
HIGHEST 76 11/05 MM MM 72
LOWEST 10 11/25 MM MM -6
AVG. MAXIMUM 55.9 51.4 4.5 46.7
AVG. MINIMUM 22.9 21.1 1.8 14.9
MEAN 39.4 36.2 3.2 30.8
DAYS MAX >= 90 0 0.0 0.0 0
DAYS MAX <= 32 2 3.1 -1.1 6
DAYS MIN <= 32 27 27.1 -0.1 30
DAYS MIN <= 0 0 0.5 -0.5 3
PRECIPITATION (INCHES)
RECORD
MAXIMUM 2.20 1979
TOTALS 0.15 0.51 -0.36 0.10
DAYS >= .01 2 4.1 -2.1 2
DAYS >= .10 1 1.0 0.0 0
DAYS >= .50 0 0.0 0.0 0
DAYS >= 1.00 0 0.0 0.0 0
GREATEST
24 HR. TOTAL 0.15 11/23 TO 11/24 0.05 11/29 TO 11/29
11/03 TO 11/03
11/29 TO 11/29
DEGREE DAYS
HEATING TOTAL 759 862 -103 1020
SINCE 7/1 1397
COOLING TOTAL 0 0 0 0
SINCE 1/1 610
................................................................
WIND (MPH)
AVERAGE WIND SPEED 10.5
HIGHEST WIND SPEED/DIRECTION 33/350 DATE 11/20
HIGHEST GUST SPEED/DIRECTION 44/010 DATE 11/20
SKY COVER
POSSIBLE SUNSHINE (PERCENT) MM
AVERAGE SKY COVER 0.16
NUMBER OF DAYS FAIR 24
NUMBER OF DAYS PC 4
NUMBER OF DAYS CLOUDY 2
AVERAGE RH (PERCENT) 55
WEATHER CONDITIONS. NUMBER OF DAYS WITH
THUNDERSTORM 0 MIXED PRECIP 0
HEAVY RAIN 0 RAIN 0
LIGHT RAIN 3 FREEZING RAIN 0
LT FREEZING RAIN 1 HAIL 0
HEAVY SNOW 0 SNOW 0
LIGHT SNOW 2 SLEET 0
FOG 4 FOG W/VIS <= 1/4 MILE 0
HAZE 2
- INDICATES NEGATIVE NUMBERS.
R INDICATES RECORD WAS SET OR TIED.
MM INDICATES DATA IS MISSING.
T INDICATES TRACE AMOUNT.
$$